| Back to Multiple platform build/check report for BioC 3.22: simplified long |
|
This page was generated on 2025-10-24 12:03 -0400 (Fri, 24 Oct 2025).
| Hostname | OS | Arch (*) | R version | Installed pkgs |
|---|---|---|---|---|
| nebbiolo2 | Linux (Ubuntu 24.04.3 LTS) | x86_64 | 4.5.1 Patched (2025-08-23 r88802) -- "Great Square Root" | 4898 |
| lconway | macOS 12.7.6 Monterey | x86_64 | 4.5.1 Patched (2025-09-10 r88807) -- "Great Square Root" | 4688 |
| kjohnson3 | macOS 13.7.7 Ventura | arm64 | 4.5.1 Patched (2025-09-10 r88807) -- "Great Square Root" | 4634 |
| taishan | Linux (openEuler 24.03 LTS) | aarch64 | 4.5.0 (2025-04-11) -- "How About a Twenty-Six" | 4658 |
| Click on any hostname to see more info about the system (e.g. compilers) (*) as reported by 'uname -p', except on Windows and Mac OS X | ||||
| Package 367/2359 | Hostname | OS / Arch | INSTALL | BUILD | CHECK | BUILD BIN | ||||||||
Yuriy Gusev
| nebbiolo2 | Linux (Ubuntu 24.04.3 LTS) / x86_64 | OK | OK | ERROR | |||||||||
| lconway | macOS 12.7.6 Monterey / x86_64 | OK | OK | WARNINGS | OK | |||||||||
| kjohnson3 | macOS 13.7.7 Ventura / arm64 | OK | OK | WARNINGS | OK | |||||||||
| taishan | Linux (openEuler 24.03 LTS) / aarch64 | OK | OK | WARNINGS | ||||||||||
|
To the developers/maintainers of the CINdex package: - Allow up to 24 hours (and sometimes 48 hours) for your latest push to git@git.bioconductor.org:packages/CINdex.git to reflect on this report. See Troubleshooting Build Report for more information. - Use the following Renviron settings to reproduce errors and warnings. - If 'R CMD check' started to fail recently on the Linux builder(s) over a missing dependency, add the missing dependency to 'Suggests:' in your DESCRIPTION file. See Renviron.bioc for more information. |
| Package: CINdex |
| Version: 1.37.2 |
| Command: /home/biocbuild/bbs-3.22-bioc/R/bin/R CMD check --install=check:CINdex.install-out.txt --library=/home/biocbuild/bbs-3.22-bioc/R/site-library --timings CINdex_1.37.2.tar.gz |
| StartedAt: 2025-10-23 22:07:33 -0400 (Thu, 23 Oct 2025) |
| EndedAt: 2025-10-23 22:12:59 -0400 (Thu, 23 Oct 2025) |
| EllapsedTime: 325.3 seconds |
| RetCode: 1 |
| Status: ERROR |
| CheckDir: CINdex.Rcheck |
| Warnings: NA |
##############################################################################
##############################################################################
###
### Running command:
###
### /home/biocbuild/bbs-3.22-bioc/R/bin/R CMD check --install=check:CINdex.install-out.txt --library=/home/biocbuild/bbs-3.22-bioc/R/site-library --timings CINdex_1.37.2.tar.gz
###
##############################################################################
##############################################################################
* using log directory ‘/home/biocbuild/bbs-3.22-bioc/meat/CINdex.Rcheck’
* using R version 4.5.1 Patched (2025-08-23 r88802)
* using platform: x86_64-pc-linux-gnu
* R was compiled by
gcc (Ubuntu 13.3.0-6ubuntu2~24.04) 13.3.0
GNU Fortran (Ubuntu 13.3.0-6ubuntu2~24.04) 13.3.0
* running under: Ubuntu 24.04.3 LTS
* using session charset: UTF-8
* checking for file ‘CINdex/DESCRIPTION’ ... OK
* this is package ‘CINdex’ version ‘1.37.2’
* checking package namespace information ... OK
* checking package dependencies ... OK
* checking if this is a source package ... OK
* checking if there is a namespace ... OK
* checking for hidden files and directories ... OK
* checking for portable file names ... OK
* checking for sufficient/correct file permissions ... OK
* checking whether package ‘CINdex’ can be installed ... OK
* checking installed package size ... INFO
installed size is 16.7Mb
sub-directories of 1Mb or more:
data 16.6Mb
* checking package directory ... OK
* checking ‘build’ directory ... OK
* checking DESCRIPTION meta-information ... OK
* checking top-level files ... OK
* checking for left-over files ... OK
* checking index information ... OK
* checking package subdirectories ... OK
* checking code files for non-ASCII characters ... OK
* checking R files for syntax errors ... OK
* checking whether the package can be loaded ... OK
* checking whether the package can be loaded with stated dependencies ... OK
* checking whether the package can be unloaded cleanly ... OK
* checking whether the namespace can be loaded with stated dependencies ... OK
* checking whether the namespace can be unloaded cleanly ... OK
* checking loading without being on the library search path ... OK
* checking whether startup messages can be suppressed ... OK
* checking dependencies in R code ... OK
* checking S3 generic/method consistency ... OK
* checking replacement functions ... OK
* checking foreign function calls ... OK
* checking R code for possible problems ... NOTE
comp.heatmap: no visible binding for global variable ‘dataMatrix’
process.probe.anno: no visible binding for global variable ‘ID’
process.probe.anno: no visible binding for global variable ‘midpoint’
process.reference.genome: no visible binding for global variable
‘chrom’
process.reference.genome: no visible binding for global variable ‘name’
process.reference.genome: no visible binding for global variable
‘stain’
run.cin.chr: no visible global function definition for ‘is’
run.cin.cyto: no visible global function definition for ‘is’
Undefined global functions or variables:
ID chrom dataMatrix is midpoint name stain
Consider adding
importFrom("methods", "is")
to your NAMESPACE file (and ensure that your DESCRIPTION Imports field
contains 'methods').
* checking Rd files ... OK
* checking Rd metadata ... OK
* checking Rd cross-references ... OK
* checking for missing documentation entries ... OK
* checking for code/documentation mismatches ... OK
* checking Rd \usage sections ... OK
* checking Rd contents ... OK
* checking for unstated dependencies in examples ... OK
* checking contents of ‘data’ directory ... OK
* checking data for non-ASCII characters ... OK
* checking LazyData ... WARNING
LazyData DB of 16.5 MB without LazyDataCompression set
See §1.1.6 of 'Writing R Extensions'
* checking data for ASCII and uncompressed saves ... OK
* checking files in ‘vignettes’ ... OK
* checking examples ... OK
Examples with CPU (user + system) or elapsed time > 5s
user system elapsed
run.cin.cyto 11.034 0.375 11.41
* checking for unstated dependencies in ‘tests’ ... OK
* checking tests ...
Running ‘RunTests.R’
OK
* checking for unstated dependencies in vignettes ... OK
* checking package vignettes ... OK
* checking re-building of vignette outputs ... ERROR
Error(s) in re-building vignettes:
--- re-building ‘HowToDownloadCytobandInfo.Rmd’ using rmarkdown
--- finished re-building ‘HowToDownloadCytobandInfo.Rmd’
--- re-building ‘PrepareInputData.Rmd’ using rmarkdown
Quitting from PrepareInputData.Rmd:289-309 [GeneAnn]
~~~~~~~~~~~~~~~~~~~~~~~~~~~~~~~~~~~~~~~~~~~~~~~~~~~~~~~~~~~~~~~~~~~~~~~~~~~~~~~~
<error/rlang_error>
Error in `.updateTxDb()`:
! Could not load package txdbmaker. Is it installed?
Note that the TxDb() method for OrganismDb objects requires the txdbmaker
package. Please install it with:
BiocManager::install("txdbmaker")
---
Backtrace:
x
1. +-OrganismDbi::`TxDb<-`(`*tmp*`, value = `<TxDb>`)
2. \-OrganismDbi::`TxDb<-`(`*tmp*`, value = `<TxDb>`)
3. \-OrganismDbi:::.updateTxDb(x, value)
~~~~~~~~~~~~~~~~~~~~~~~~~~~~~~~~~~~~~~~~~~~~~~~~~~~~~~~~~~~~~~~~~~~~~~~~~~~~~~~~
Error: processing vignette 'PrepareInputData.Rmd' failed with diagnostics:
Could not load package txdbmaker. Is it installed?
Note that the TxDb() method for OrganismDb objects requires the txdbmaker
package. Please install it with:
BiocManager::install("txdbmaker")
--- failed re-building ‘PrepareInputData.Rmd’
--- re-building ‘CINdex.Rnw’ using knitr
--- finished re-building ‘CINdex.Rnw’
SUMMARY: processing the following file failed:
‘PrepareInputData.Rmd’
Error: Vignette re-building failed.
Execution halted
* checking PDF version of manual ... OK
* DONE
Status: 1 ERROR, 1 WARNING, 1 NOTE
See
‘/home/biocbuild/bbs-3.22-bioc/meat/CINdex.Rcheck/00check.log’
for details.
CINdex.Rcheck/00install.out
############################################################################## ############################################################################## ### ### Running command: ### ### /home/biocbuild/bbs-3.22-bioc/R/bin/R CMD INSTALL CINdex ### ############################################################################## ############################################################################## * installing to library ‘/home/biocbuild/bbs-3.22-bioc/R/site-library’ * installing *source* package ‘CINdex’ ... ** this is package ‘CINdex’ version ‘1.37.2’ ** using staged installation ** R ** data *** moving datasets to lazyload DB ** inst ** byte-compile and prepare package for lazy loading ** help *** installing help indices ** building package indices ** installing vignettes ** testing if installed package can be loaded from temporary location Warning in fun(libname, pkgname) : Package 'CINdex' is deprecated and will be removed from Bioconductor version 3.23 ** testing if installed package can be loaded from final location Warning in fun(libname, pkgname) : Package 'CINdex' is deprecated and will be removed from Bioconductor version 3.23 ** testing if installed package keeps a record of temporary installation path * DONE (CINdex)
CINdex.Rcheck/tests/RunTests.Rout
R version 4.5.1 Patched (2025-08-23 r88802) -- "Great Square Root"
Copyright (C) 2025 The R Foundation for Statistical Computing
Platform: x86_64-pc-linux-gnu
R is free software and comes with ABSOLUTELY NO WARRANTY.
You are welcome to redistribute it under certain conditions.
Type 'license()' or 'licence()' for distribution details.
R is a collaborative project with many contributors.
Type 'contributors()' for more information and
'citation()' on how to cite R or R packages in publications.
Type 'demo()' for some demos, 'help()' for on-line help, or
'help.start()' for an HTML browser interface to help.
Type 'q()' to quit R.
> BiocGenerics:::testPackage("CINdex")
Attaching package: 'generics'
The following objects are masked from 'package:base':
as.difftime, as.factor, as.ordered, intersect, is.element, setdiff,
setequal, union
Attaching package: 'BiocGenerics'
The following objects are masked from 'package:stats':
IQR, mad, sd, var, xtabs
The following objects are masked from 'package:base':
Filter, Find, Map, Position, Reduce, anyDuplicated, aperm, append,
as.data.frame, basename, cbind, colnames, dirname, do.call,
duplicated, eval, evalq, get, grep, grepl, is.unsorted, lapply,
mapply, match, mget, order, paste, pmax, pmax.int, pmin, pmin.int,
rank, rbind, rownames, sapply, saveRDS, table, tapply, unique,
unsplit, which.max, which.min
Attaching package: 'S4Vectors'
The following object is masked from 'package:utils':
findMatches
The following objects are masked from 'package:base':
I, expand.grid, unname
RUNIT TEST PROTOCOL -- Thu Oct 23 22:09:25 2025
***********************************************
Number of test functions: 0
Number of errors: 0
Number of failures: 0
1 Test Suite :
CINdex RUnit Tests - 0 test functions, 0 errors, 0 failures
Number of test functions: 0
Number of errors: 0
Number of failures: 0
Warning message:
In fun(libname, pkgname) :
Package 'CINdex' is deprecated and will be removed from Bioconductor
version 3.23
>
> proc.time()
user system elapsed
3.104 0.200 3.293
CINdex.Rcheck/CINdex-Ex.timings
| name | user | system | elapsed | |
| comp.heatmap | 0.286 | 0.041 | 0.319 | |
| extract.genes.in.cyto.regions | 1.495 | 0.054 | 1.548 | |
| run.cin.chr | 0.061 | 0.001 | 0.061 | |
| run.cin.cyto | 11.034 | 0.375 | 11.410 | |
| ttest.cyto.cin.heatmap | 0.463 | 0.014 | 0.477 | |