Back to Multiple platform build/check report for BioC 3.22:   simplified   long
A[B]CDEFGHIJKLMNOPQRSTUVWXYZ

This page was generated on 2025-10-24 12:07 -0400 (Fri, 24 Oct 2025).

HostnameOSArch (*)R versionInstalled pkgs
nebbiolo2Linux (Ubuntu 24.04.3 LTS)x86_644.5.1 Patched (2025-08-23 r88802) -- "Great Square Root" 4898
lconwaymacOS 12.7.6 Montereyx86_644.5.1 Patched (2025-09-10 r88807) -- "Great Square Root" 4688
kjohnson3macOS 13.7.7 Venturaarm644.5.1 Patched (2025-09-10 r88807) -- "Great Square Root" 4634
taishanLinux (openEuler 24.03 LTS)aarch644.5.0 (2025-04-11) -- "How About a Twenty-Six" 4658
Click on any hostname to see more info about the system (e.g. compilers)      (*) as reported by 'uname -p', except on Windows and Mac OS X

Package 202/2359HostnameOS / ArchINSTALLBUILDCHECKBUILD BIN
BiocSingular 1.25.0  (landing page)
Aaron Lun
Snapshot Date: 2025-10-23 14:17 -0400 (Thu, 23 Oct 2025)
git_url: https://git.bioconductor.org/packages/BiocSingular
git_branch: devel
git_last_commit: 8400644
git_last_commit_date: 2025-04-15 11:41:16 -0400 (Tue, 15 Apr 2025)
nebbiolo2Linux (Ubuntu 24.04.3 LTS) / x86_64  OK    OK    WARNINGS  UNNEEDED, same version is already published
lconwaymacOS 12.7.6 Monterey / x86_64  OK    OK    WARNINGS    OK  UNNEEDED, same version is already published
kjohnson3macOS 13.7.7 Ventura / arm64  OK    OK    WARNINGS    OK  UNNEEDED, same version is already published
taishanLinux (openEuler 24.03 LTS) / aarch64  OK    OK    ERROR  


CHECK results for BiocSingular on taishan

To the developers/maintainers of the BiocSingular package:
- Allow up to 24 hours (and sometimes 48 hours) for your latest push to git@git.bioconductor.org:packages/BiocSingular.git to reflect on this report. See Troubleshooting Build Report for more information.
- Use the following Renviron settings to reproduce errors and warnings.
- If 'R CMD check' started to fail recently on the Linux builder(s) over a missing dependency, add the missing dependency to 'Suggests:' in your DESCRIPTION file. See Renviron.bioc for more information.
- See Martin Grigorov's blog post for how to debug Linux ARM64 related issues on a x86_64 host.

raw results


Summary

Package: BiocSingular
Version: 1.25.0
Command: /home/biocbuild/R/R/bin/R CMD check --install=check:BiocSingular.install-out.txt --library=/home/biocbuild/R/R/site-library --no-vignettes --timings BiocSingular_1.25.0.tar.gz
StartedAt: 2025-10-21 04:57:59 -0000 (Tue, 21 Oct 2025)
EndedAt: 2025-10-21 04:59:34 -0000 (Tue, 21 Oct 2025)
EllapsedTime: 95.3 seconds
RetCode: 1
Status:   ERROR  
CheckDir: BiocSingular.Rcheck
Warnings: NA

Command output

##############################################################################
##############################################################################
###
### Running command:
###
###   /home/biocbuild/R/R/bin/R CMD check --install=check:BiocSingular.install-out.txt --library=/home/biocbuild/R/R/site-library --no-vignettes --timings BiocSingular_1.25.0.tar.gz
###
##############################################################################
##############################################################################


* using log directory ‘/home/biocbuild/bbs-3.22-bioc/meat/BiocSingular.Rcheck’
* using R version 4.5.0 (2025-04-11)
* using platform: aarch64-unknown-linux-gnu
* R was compiled by
    aarch64-unknown-linux-gnu-gcc (GCC) 14.2.0
    GNU Fortran (GCC) 14.2.0
* running under: openEuler 24.03 (LTS)
* using session charset: UTF-8
* using option ‘--no-vignettes’
* checking for file ‘BiocSingular/DESCRIPTION’ ... OK
* this is package ‘BiocSingular’ version ‘1.25.0’
* checking package namespace information ... OK
* checking package dependencies ... OK
* checking if this is a source package ... OK
* checking if there is a namespace ... OK
* checking for hidden files and directories ... OK
* checking for portable file names ... OK
* checking for sufficient/correct file permissions ... OK
* checking whether package ‘BiocSingular’ can be installed ... OK
* used C++ compiler: ‘aarch64-unknown-linux-gnu-g++ (GCC) 14.2.0’
* checking C++ specification ... OK
* checking installed package size ... OK
* checking package directory ... OK
* checking ‘build’ directory ... OK
* checking DESCRIPTION meta-information ... OK
* checking top-level files ... OK
* checking for left-over files ... OK
* checking index information ... OK
* checking package subdirectories ... OK
* checking code files for non-ASCII characters ... OK
* checking R files for syntax errors ... OK
* checking whether the package can be loaded ... OK
* checking whether the package can be loaded with stated dependencies ... OK
* checking whether the package can be unloaded cleanly ... OK
* checking whether the namespace can be loaded with stated dependencies ... OK
* checking whether the namespace can be unloaded cleanly ... OK
* checking loading without being on the library search path ... OK
* checking dependencies in R code ... OK
* checking S3 generic/method consistency ... OK
* checking replacement functions ... OK
* checking foreign function calls ... OK
* checking R code for possible problems ... NOTE
Fatal error: cannot create 'R_TempDir'

Found the following possibly unsafe calls:
Fatal error: cannot create 'R_TempDir'

Fatal error: cannot create 'R_TempDir'
* checking Rd files ... WARNING
Fatal error: cannot create 'R_TempDir'
* checking Rd metadata ... NOTE
Fatal error: cannot create 'R_TempDir'
* checking Rd cross-references ... INFO
Fatal error: cannot create 'R_TempDir'
* checking for missing documentation entries ... WARNING
Fatal error: cannot create 'R_TempDir'
All user-level objects in a package should have documentation entries.
See chapter ‘Writing R documentation files’ in the ‘Writing R
Extensions’ manual.
* checking for code/documentation mismatches ... WARNING
Fatal error: cannot create 'R_TempDir'
Fatal error: cannot create 'R_TempDir'
Fatal error: cannot create 'R_TempDir'
* checking Rd \usage sections ... WARNING
Fatal error: cannot create 'R_TempDir'
Functions with \usage entries need to have the appropriate \alias
entries, and all their arguments documented.
The \usage entries must correspond to syntactically valid R code.
See chapter ‘Writing R documentation files’ in the ‘Writing R
Extensions’ manual.
Fatal error: cannot create 'R_TempDir'
The \usage entries for S3 methods should use the \method markup and not
their full name.
See chapter ‘Writing R documentation files’ in the ‘Writing R
Extensions’ manual.
* checking Rd contents ... NOTE
Fatal error: cannot create 'R_TempDir'
* checking for unstated dependencies in examples ... WARNING
Fatal error: cannot create 'R_TempDi OK
* checking compiled code ... NOTE
Fatal error: cannot create 'R_TempDir'


See ‘Writing portable packages’ in the ‘Writing R Extensions’ manual.
* checking files in ‘vignettes’ ...Warning in close.connection(con) :
  Problem closing connection:  No space left on device
Error: inferior call failed
Execution halted

Installation output

BiocSingular.Rcheck/00install.out

##############################################################################
##############################################################################
###
### Running command:
###
###   /home/biocbuild/R/R/bin/R CMD INSTALL BiocSingular
###
##############################################################################
##############################################################################


* installing to library ‘/home/biocbuild/R/R-4.5.0/site-library’
* installing *source* package ‘BiocSingular’ ...
** this is package ‘BiocSingular’ version ‘1.25.0’
** using staged installation
** libs
using C++ compiler: ‘aarch64-unknown-linux-gnu-g++ (GCC) 14.2.0’
using C++17
/opt/ohpc/pub/compiler/gcc/14.2.0/bin/aarch64-unknown-linux-gnu-g++ -std=gnu++17 -I"/home/biocbuild/R/R-4.5.0/include" -DNDEBUG  -I'/home/biocbuild/R/R-4.5.0/site-library/Rcpp/include' -I'/home/biocbuild/R/R-4.5.0/site-library/beachmat/include' -I'/home/biocbuild/R/R-4.5.0/site-library/assorthead/include' -I/usr/local/include    -fPIC  -g -O2  -Wall -Werror=format-security  -c RcppExports.cpp -o RcppExports.o
/opt/ohpc/pub/compiler/gcc/14.2.0/bin/aarch64-unknown-linux-gnu-g++ -std=gnu++17 -I"/home/biocbuild/R/R-4.5.0/include" -DNDEBUG  -I'/home/biocbuild/R/R-4.5.0/site-library/Rcpp/include' -I'/home/biocbuild/R/R-4.5.0/site-library/beachmat/include' -I'/home/biocbuild/R/R-4.5.0/site-library/assorthead/include' -I/usr/local/include    -fPIC  -g -O2  -Wall -Werror=format-security  -c compute_scale.cpp -o compute_scale.o
In file included from /home/biocbuild/R/R-4.5.0/site-library/assorthead/include/tatami_stats/grouped_variances.hpp:5,
                 from /home/biocbuild/R/R-4.5.0/site-library/assorthead/include/tatami_stats/tatami_stats.hpp:7,
                 from compute_scale.cpp:2:
/home/biocbuild/R/R-4.5.0/site-library/assorthead/include/tatami_stats/variances.hpp: In instantiation of ‘std::pair<_FIter, _FIter> tatami_stats::variances::direct(const Value_*, Index_, Index_, bool) [with Output_ = double; Value_ = double; Index_ = int]’:
compute_scale.cpp:112:66:   required from here
  112 |                     auto paired = tatami_stats::variances::direct(range.value, range.number, NR, false);
      |                                   ~~~~~~~~~~~~~~~~~~~~~~~~~~~~~~~^~~~~~~~~~~~~~~~~~~~~~~~~~~~~~~~~~~~~~
/home/biocbuild/R/R-4.5.0/site-library/assorthead/include/tatami_stats/variances.hpp:98:29: note: parameter passing for argument of type ‘std::pair<double, double>’ when C++17 is enabled changed to match C++14 in GCC 10.1
   98 | std::pair<Output_, Output_> direct(const Value_* value, Index_ num_nonzero, Index_ num_all, bool skip_nan) {
      |                             ^~~~~~
/opt/ohpc/pub/compiler/gcc/14.2.0/bin/aarch64-unknown-linux-gnu-g++ -std=gnu++17 -shared -L/home/biocbuild/R/R-4.5.0/lib -L/usr/local/lib -o BiocSingular.so RcppExports.o compute_scale.o -L/home/biocbuild/R/R-4.5.0/lib -lR
installing to /home/biocbuild/R/R-4.5.0/site-library/00LOCK-BiocSingular/00new/BiocSingular/libs
** R
** inst
** byte-compile and prepare package for lazy loading
** help
*** installing help indices
** building package indices
** installing vignettes
** testing if installed package can be loaded from temporary location
** checking absolute paths in shared objects and dynamic libraries
** testing if installed package can be loaded from final location
** testing if installed package keeps a record of temporary installation path
* DONE (BiocSingular)

Tests output


Example timings