Back to Multiple platform build/check report for BioC 3.22:   simplified   long
A[B]CDEFGHIJKLMNOPQRSTUVWXYZ

This page was generated on 2025-11-15 11:58 -0500 (Sat, 15 Nov 2025).

HostnameOSArch (*)R versionInstalled pkgs
nebbiolo2Linux (Ubuntu 24.04.3 LTS)x86_644.5.1 Patched (2025-08-23 r88802) -- "Great Square Root" 4903
taishanLinux (openEuler 24.03 LTS)aarch644.5.0 (2025-04-11) -- "How About a Twenty-Six" 4668
Click on any hostname to see more info about the system (e.g. compilers)      (*) as reported by 'uname -p', except on Windows and Mac OS X

Package 190/2361HostnameOS / ArchINSTALLBUILDCHECKBUILD BIN
BiocGenerics 0.56.0  (landing page)
Hervé Pagès
Snapshot Date: 2025-11-14 13:45 -0500 (Fri, 14 Nov 2025)
git_url: https://git.bioconductor.org/packages/BiocGenerics
git_branch: RELEASE_3_22
git_last_commit: 16cf16d
git_last_commit_date: 2025-10-29 14:11:58 -0500 (Wed, 29 Oct 2025)
nebbiolo2Linux (Ubuntu 24.04.3 LTS) / x86_64  OK    OK    WARNINGS  UNNEEDED, same version is already published
taishanLinux (openEuler 24.03 LTS) / aarch64  OK    OK    WARNINGS  


CHECK results for BiocGenerics on taishan

To the developers/maintainers of the BiocGenerics package:
- Allow up to 24 hours (and sometimes 48 hours) for your latest push to git@git.bioconductor.org:packages/BiocGenerics.git to reflect on this report. See Troubleshooting Build Report for more information.
- Use the following Renviron settings to reproduce errors and warnings.
- If 'R CMD check' started to fail recently on the Linux builder(s) over a missing dependency, add the missing dependency to 'Suggests:' in your DESCRIPTION file. See Renviron.bioc for more information.
- See Martin Grigorov's blog post for how to debug Linux ARM64 related issues on a x86_64 host.

raw results


Summary

Package: BiocGenerics
Version: 0.56.0
Command: /home/biocbuild/R/R/bin/R CMD check --install=check:BiocGenerics.install-out.txt --library=/home/biocbuild/R/R/site-library --no-vignettes --timings BiocGenerics_0.56.0.tar.gz
StartedAt: 2025-11-14 07:09:58 -0000 (Fri, 14 Nov 2025)
EndedAt: 2025-11-14 07:11:01 -0000 (Fri, 14 Nov 2025)
EllapsedTime: 63.1 seconds
RetCode: 0
Status:   WARNINGS  
CheckDir: BiocGenerics.Rcheck
Warnings: 1

Command output

##############################################################################
##############################################################################
###
### Running command:
###
###   /home/biocbuild/R/R/bin/R CMD check --install=check:BiocGenerics.install-out.txt --library=/home/biocbuild/R/R/site-library --no-vignettes --timings BiocGenerics_0.56.0.tar.gz
###
##############################################################################
##############################################################################


* using log directory ‘/home/biocbuild/bbs-3.22-bioc/meat/BiocGenerics.Rcheck’
* using R version 4.5.0 (2025-04-11)
* using platform: aarch64-unknown-linux-gnu
* R was compiled by
    aarch64-unknown-linux-gnu-gcc (GCC) 14.2.0
    GNU Fortran (GCC) 14.2.0
* running under: openEuler 24.03 (LTS)
* using session charset: UTF-8
* using option ‘--no-vignettes’
* checking for file ‘BiocGenerics/DESCRIPTION’ ... OK
* this is package ‘BiocGenerics’ version ‘0.56.0’
* package encoding: UTF-8
* checking package namespace information ... OK
* checking package dependencies ... OK
* checking if this is a source package ... OK
* checking if there is a namespace ... OK
* checking for hidden files and directories ... OK
* checking for portable file names ... OK
* checking for sufficient/correct file permissions ... OK
* checking whether package ‘BiocGenerics’ can be installed ... OK
* checking installed package size ... OK
* checking package directory ... OK
* checking DESCRIPTION meta-information ... NOTE
Packages listed in more than one of Depends, Imports, Suggests, Enhances:
  ‘methods’ ‘utils’ ‘graphics’ ‘stats’
A package should be listed in only one of these fields.
* checking top-level files ... OK
* checking for left-over files ... OK
* checking index information ... OK
* checking package subdirectories ... OK
* checking code files for non-ASCII characters ... OK
* checking R files for syntax errors ... OK
* checking whether the package can be loaded ... OK
* checking whether the package can be loaded with stated dependencies ... OK
* checking whether the package can be unloaded cleanly ... OK
* checking whether the namespace can be loaded with stated dependencies ... OK
* checking whether the namespace can be unloaded cleanly ... OK
* checking loading without being on the library search path ... OK
* checking dependencies in R code ... NOTE
'library' or 'require' call to ‘RUnit’ in package code.
  Please use :: or requireNamespace() instead.
  See section 'Suggested packages' in the 'Writing R Extensions' manual.
* checking S3 generic/method consistency ... OK
* checking replacement functions ... OK
* checking foreign function calls ... OK
* checking R code for possible problems ... OK
* checking Rd files ... OK
* checking Rd metadata ... OK
* checking Rd cross-references ... WARNING
Missing link(s) in Rd file 'as.data.frame.Rd':
  ‘[IRanges]{as.data.frame,IntegerRanges-method}’

Missing link(s) in Rd file 'order.Rd':
  ‘[IRanges]{order,IntegerRanges-method}’

See section 'Cross-references' in the 'Writing R Extensions' manual.
* checking for missing documentation entries ... OK
* checking for code/documentation mismatches ... OK
* checking Rd \usage sections ... OK
* checking Rd contents ... OK
* checking for unstated dependencies in examples ... OK
* checking examples ... OK
Examples with CPU (user + system) or elapsed time > 5s
          user system elapsed
fileName 7.884  0.415   8.318
* checking for unstated dependencies in ‘tests’ ... OK
* checking tests ...
  Running ‘run_unitTests.R’
 OK
* checking PDF version of manual ... OK
* DONE

Status: 1 WARNING, 2 NOTEs
See
  ‘/home/biocbuild/bbs-3.22-bioc/meat/BiocGenerics.Rcheck/00check.log’
for details.


Installation output

BiocGenerics.Rcheck/00install.out

##############################################################################
##############################################################################
###
### Running command:
###
###   /home/biocbuild/R/R/bin/R CMD INSTALL BiocGenerics
###
##############################################################################
##############################################################################


* installing to library ‘/home/biocbuild/R/R-4.5.0/site-library’
* installing *source* package ‘BiocGenerics’ ...
** this is package ‘BiocGenerics’ version ‘0.56.0’
** using staged installation
** R
** inst
** byte-compile and prepare package for lazy loading
Creating a new generic function for ‘aperm’ in package ‘BiocGenerics’
Creating a new generic function for ‘append’ in package ‘BiocGenerics’
Creating a new generic function for ‘as.data.frame’ in package ‘BiocGenerics’
Creating a new generic function for ‘cbind’ in package ‘BiocGenerics’
Creating a new generic function for ‘rbind’ in package ‘BiocGenerics’
Creating a new generic function for ‘do.call’ in package ‘BiocGenerics’
Creating a new generic function for ‘duplicated’ in package ‘BiocGenerics’
Creating a new generic function for ‘anyDuplicated’ in package ‘BiocGenerics’
Creating a new generic function for ‘eval’ in package ‘BiocGenerics’
Creating a new generic function for ‘pmax’ in package ‘BiocGenerics’
Creating a new generic function for ‘pmin’ in package ‘BiocGenerics’
Creating a new generic function for ‘pmax.int’ in package ‘BiocGenerics’
Creating a new generic function for ‘pmin.int’ in package ‘BiocGenerics’
Creating a new generic function for ‘Reduce’ in package ‘BiocGenerics’
Creating a new generic function for ‘Filter’ in package ‘BiocGenerics’
Creating a new generic function for ‘Find’ in package ‘BiocGenerics’
Creating a new generic function for ‘Map’ in package ‘BiocGenerics’
Creating a new generic function for ‘Position’ in package ‘BiocGenerics’
Creating a new generic function for ‘get’ in package ‘BiocGenerics’
Creating a new generic function for ‘mget’ in package ‘BiocGenerics’
Creating a new generic function for ‘grep’ in package ‘BiocGenerics’
Creating a new generic function for ‘grepl’ in package ‘BiocGenerics’
Creating a new generic function for ‘is.unsorted’ in package ‘BiocGenerics’
Creating a new generic function for ‘lapply’ in package ‘BiocGenerics’
Creating a new generic function for ‘sapply’ in package ‘BiocGenerics’
Creating a new generic function for ‘mapply’ in package ‘BiocGenerics’
Creating a new generic function for ‘match’ in package ‘BiocGenerics’
Creating a new generic function for ‘order’ in package ‘BiocGenerics’
Creating a new generic function for ‘paste’ in package ‘BiocGenerics’
Creating a new generic function for ‘rank’ in package ‘BiocGenerics’
Creating a new generic function for ‘rownames’ in package ‘BiocGenerics’
Creating a new generic function for ‘colnames’ in package ‘BiocGenerics’
Creating a new generic function for ‘saveRDS’ in package ‘BiocGenerics’
Creating a new generic function for ‘table’ in package ‘BiocGenerics’
Creating a new generic function for ‘tapply’ in package ‘BiocGenerics’
Creating a new generic function for ‘unique’ in package ‘BiocGenerics’
Creating a new generic function for ‘unsplit’ in package ‘BiocGenerics’
Creating a new generic function for ‘which.min’ in package ‘BiocGenerics’
Creating a new generic function for ‘which.max’ in package ‘BiocGenerics’
Creating a new generic function for ‘IQR’ in package ‘BiocGenerics’
Creating a new generic function for ‘mad’ in package ‘BiocGenerics’
Creating a new generic function for ‘var’ in package ‘BiocGenerics’
Creating a new generic function for ‘sd’ in package ‘BiocGenerics’
Creating a new generic function for ‘xtabs’ in package ‘BiocGenerics’
Creating a new generic function for ‘basename’ in package ‘BiocGenerics’
Creating a new generic function for ‘dirname’ in package ‘BiocGenerics’
** help
*** installing help indices
** building package indices
** testing if installed package can be loaded from temporary location
** testing if installed package can be loaded from final location
** testing if installed package keeps a record of temporary installation path
* DONE (BiocGenerics)

Tests output

BiocGenerics.Rcheck/tests/run_unitTests.Rout


R version 4.5.0 (2025-04-11) -- "How About a Twenty-Six"
Copyright (C) 2025 The R Foundation for Statistical Computing
Platform: aarch64-unknown-linux-gnu

R is free software and comes with ABSOLUTELY NO WARRANTY.
You are welcome to redistribute it under certain conditions.
Type 'license()' or 'licence()' for distribution details.

R is a collaborative project with many contributors.
Type 'contributors()' for more information and
'citation()' on how to cite R or R packages in publications.

Type 'demo()' for some demos, 'help()' for on-line help, or
'help.start()' for an HTML browser interface to help.
Type 'q()' to quit R.

> require("BiocGenerics") || stop("unable to load BiocGenerics package")
Loading required package: BiocGenerics
Loading required package: generics

Attaching package: 'generics'

The following objects are masked from 'package:base':

    as.difftime, as.factor, as.ordered, intersect, is.element, setdiff,
    setequal, union


Attaching package: 'BiocGenerics'

The following objects are masked from 'package:stats':

    IQR, mad, sd, var, xtabs

The following objects are masked from 'package:base':

    Filter, Find, Map, Position, Reduce, anyDuplicated, aperm, append,
    as.data.frame, basename, cbind, colnames, dirname, do.call,
    duplicated, eval, evalq, get, grep, grepl, is.unsorted, lapply,
    mapply, match, mget, order, paste, pmax, pmax.int, pmin, pmin.int,
    rank, rbind, rownames, sapply, saveRDS, table, tapply, unique,
    unsplit, which.max, which.min

[1] TRUE
> BiocGenerics:::.test()
Loading required package: S4Vectors
Loading required package: stats4

Attaching package: 'S4Vectors'

The following object is masked from 'package:utils':

    findMatches

The following objects are masked from 'package:base':

    I, expand.grid, unname



RUNIT TEST PROTOCOL -- Fri Nov 14 07:10:54 2025 
*********************************************** 
Number of test functions: 25 
Number of errors: 0 
Number of failures: 0 

 
1 Test Suite : 
BiocGenerics RUnit Tests - 25 test functions, 0 errors, 0 failures
Number of test functions: 25 
Number of errors: 0 
Number of failures: 0 
> 
> proc.time()
   user  system elapsed 
  2.459   0.113   2.562 

Example timings

BiocGenerics.Rcheck/BiocGenerics-Ex.timings

nameusersystemelapsed
BiocGenerics-package0.0010.0000.000
Extremes0.0090.0000.009
IQR0.0020.0000.002
Ontology4.1210.2124.346
annotation0.0130.0040.018
aperm0.0030.0000.003
append0.0030.0000.003
as.data.frame0.0040.0000.003
as.list0.0380.0000.039
as.vector0.0040.0000.003
boxplot0.1580.0080.166
cbind0.030.000.03
combine0.0580.0000.059
containsOutOfMemoryData4.8600.1244.996
dbconn0.0780.0040.083
density0.0080.0000.008
dims0.0440.0000.045
do.call0.0020.0000.003
duplicated0.0050.0000.006
eval0.0030.0000.003
evalq000
fileName7.8840.4158.318
format0.0150.0000.015
funprog0.0090.0000.010
get0.0040.0000.005
grep0.0020.0000.003
image0.0490.0000.050
is.unsorted0.0010.0030.004
lapply0.0050.0000.005
longForm0.2000.0040.204
mad0.0020.0000.003
mapply0.0010.0010.003
match0.0170.0030.020
mean0.8910.0240.917
normalize0.040.000.04
nrow0.0530.0000.053
order0.0030.0000.004
organism_species0.2330.0100.244
paste0.0030.0000.003
paste20.0060.0000.006
path0.0310.0040.036
plotMA3.5330.1553.701
plotPCA2.9020.1043.014
rank0.0060.0000.005
relist0.0150.0000.015
rep0.0100.0040.014
residuals0.0120.0000.012
row_colnames0.0370.0000.037
saveRDS0.0020.0000.002
score0.0910.0080.099
setops0.0560.0000.056
sort0.0100.0040.014
start0.1040.0000.104
strand0.1290.0080.136
subset0.0510.0000.050
t0.0150.0000.015
table0.0030.0000.003
tapply0.0020.0000.002
testPackage0.4060.0040.415
toTable0.1040.0000.105
type0.4620.0120.475
unique0.0050.0000.005
unlist0.0030.0000.003
unsplit0.0020.0000.002
updateObject0.2100.0040.215
var0.0030.0000.003
weights0.0120.0000.012
which0.2140.0120.227
which.min0.0720.0000.072
xtabs0.0470.0000.047