| Back to Multiple platform build/check report for BioC 3.22: simplified long |
|
This page was generated on 2025-10-24 12:07 -0400 (Fri, 24 Oct 2025).
| Hostname | OS | Arch (*) | R version | Installed pkgs |
|---|---|---|---|---|
| nebbiolo2 | Linux (Ubuntu 24.04.3 LTS) | x86_64 | 4.5.1 Patched (2025-08-23 r88802) -- "Great Square Root" | 4898 |
| lconway | macOS 12.7.6 Monterey | x86_64 | 4.5.1 Patched (2025-09-10 r88807) -- "Great Square Root" | 4688 |
| kjohnson3 | macOS 13.7.7 Ventura | arm64 | 4.5.1 Patched (2025-09-10 r88807) -- "Great Square Root" | 4634 |
| taishan | Linux (openEuler 24.03 LTS) | aarch64 | 4.5.0 (2025-04-11) -- "How About a Twenty-Six" | 4658 |
| Click on any hostname to see more info about the system (e.g. compilers) (*) as reported by 'uname -p', except on Windows and Mac OS X | ||||
| Package 97/2359 | Hostname | OS / Arch | INSTALL | BUILD | CHECK | BUILD BIN | ||||||||
| ArrayExpress 1.69.0 (landing page) Jose Marugan
| nebbiolo2 | Linux (Ubuntu 24.04.3 LTS) / x86_64 | OK | OK | OK | |||||||||
| lconway | macOS 12.7.6 Monterey / x86_64 | OK | OK | OK | OK | |||||||||
| kjohnson3 | macOS 13.7.7 Ventura / arm64 | OK | OK | OK | OK | |||||||||
| taishan | Linux (openEuler 24.03 LTS) / aarch64 | OK | OK | TIMEOUT | ||||||||||
|
To the developers/maintainers of the ArrayExpress package: - Allow up to 24 hours (and sometimes 48 hours) for your latest push to git@git.bioconductor.org:packages/ArrayExpress.git to reflect on this report. See Troubleshooting Build Report for more information. - Use the following Renviron settings to reproduce errors and warnings. - If 'R CMD check' started to fail recently on the Linux builder(s) over a missing dependency, add the missing dependency to 'Suggests:' in your DESCRIPTION file. See Renviron.bioc for more information. - See Martin Grigorov's blog post for how to debug Linux ARM64 related issues on a x86_64 host. |
| Package: ArrayExpress |
| Version: 1.69.0 |
| Command: /home/biocbuild/R/R/bin/R CMD check --install=check:ArrayExpress.install-out.txt --library=/home/biocbuild/R/R/site-library --no-vignettes --timings ArrayExpress_1.69.0.tar.gz |
| StartedAt: 2025-10-21 04:31:10 -0000 (Tue, 21 Oct 2025) |
| EndedAt: 2025-10-21 05:19:00 -0000 (Tue, 21 Oct 2025) |
| EllapsedTime: 2869.7 seconds |
| RetCode: None |
| Status: TIMEOUT |
| CheckDir: ArrayExpress.Rcheck |
| Warnings: NA |
##############################################################################
##############################################################################
###
### Running command:
###
### /home/biocbuild/R/R/bin/R CMD check --install=check:ArrayExpress.install-out.txt --library=/home/biocbuild/R/R/site-library --no-vignettes --timings ArrayExpress_1.69.0.tar.gz
###
##############################################################################
##############################################################################
* using log directory ‘/home/biocbuild/bbs-3.22-bioc/meat/ArrayExpress.Rcheck’
* using R version 4.5.0 (2025-04-11)
* using platform: aarch64-unknown-linux-gnu
* R was compiled by
aarch64-unknown-linux-gnu-gcc (GCC) 14.2.0
GNU Fortran (GCC) 14.2.0
* running under: openEuler 24.03 (LTS)
* using session charset: UTF-8
* using option ‘--no-vignettes’
* checking for file ‘ArrayExpress/DESCRIPTION’ ... OK
* this is package ‘ArrayExpress’ version ‘1.69.0’
* checking package namespace information ... OK
* checking package dependencies ... OK
* checking if this is a source package ... OK
* checking if there is a namespace ... OK
* checking for hidden files and directories ... OK
* checking for portable file names ... OK
* checking for sufficient/correct file permissions ... OK
* checking whether package ‘ArrayExpress’ can be installed ... OK
* checking installed package size ... OK
* checking package directory ... OK
* checking ‘build’ directory ... OK
* checking DESCRIPTION meta-information ... OK
* checking top-level files ... OK
* checking for left-over files ... OK
* checking index information ... OK
* checking package subdirectories ... OK
* checking code files for non-ASCII characters ... OK
* checking R files for syntax errors ... OK
* checking whether the package can be loaded ... OK
* checking whether the package can be loaded with stated dependencies ... OK
* checking whether the package can be unloaded cleanly ... OK
* checking whether the namespace can be loaded with stated dependencies ... OK
* checking whether the namespace can be unloaded cleanly ... OK
* checking loading without being on the library search path ... OK
* checking dependencies in R code ... OK
* checking S3 generic/method consistency ... OK
* checking replacement functions ... OK
* checking foreign function calls ... OK
* checking R code for possible problems ... OK
* checking Rd files ... OK
* checking Rd metadata ... OK
* checking Rd cross-references ... NOTE
Non-topic package-anchored link(s) in Rd file 'ArrayExpress.Rd':
‘[Biobase:class.ExpressionSet]{ExpressionSet}’
Non-topic package-anchored link(s) in Rd file 'ae2bioc.Rd':
‘[Biobase:class.ExpressionSet]{ExpressionSet}’
Non-topic package-anchored link(s) in Rd file 'procset.Rd':
‘[Biobase:class.ExpressionSet]{ExpressionSet}’
See section 'Cross-references' in the 'Writing R Extensions' manual.
* checking for missing documentation entries ... OK
* checking for code/documentation mismatches ... OK
* checking Rd \usage sections ... OK
* checking Rd contents ... OK
* checking for unstated dependencies in examples ... OK
* checking files in ‘vignettes’ ... OK
* checking examples ... ERROR
Running examples in ‘ArrayExpress-Ex.R’ failed
The error most likely occurred in:
> base::assign(".ptime", proc.time(), pos = "CheckExEnv")
> ### Name: ArrayExpress
> ### Title: R objects from ArrayExpress collection
> ### Aliases: ArrayExpress
> ### Keywords: datasets
>
> ### ** Examples
>
> ETABM25.affybatch = ArrayExpress("E-TABM-25")
Downloading file: cp7.CEL
trying URL 'ftp://ftp.ebi.ac.uk/biostudies/fire/E-TABM-/025/E-TABM-25/Files/cp7.CEL'
Content type 'unknown' length 9583464 bytes (9.1 MB)
==================================================
Downloading file: cp4.CEL
trying URL 'ftp://ftp.ebi.ac.uk/biostudies/fire/E-TABM-/025/E-TABM-25/Files/cp4.CEL'
Content type 'unknown' length 9552987 bytes (9.1 MB)
==================================================
Downloading file: cx2.CEL
trying URL 'ftp://ftp.ebi.ac.uk/biostudies/fire/E-TABM-/025/E-TABM-25/Files/cx2.CEL'
Content type 'unknown' length 9593339 bytes (9.1 MB)
==================================================
Downloading file: cc2.CEL
trying URL 'ftp://ftp.ebi.ac.uk/biostudies/fire/E-TABM-/025/E-TABM-25/Files/cc2.CEL'
Warning in download.file(url, filedest) :
URL 'ftp://ftp.ebi.ac.uk/biostudies/fire/E-TABM-/025/E-TABM-25/Files/cc2.CEL': status was 'Failure when receiving data from the peer'
Error in download.file(url, filedest) :
cannot open URL 'ftp://ftp.ebi.ac.uk/biostudies/fire/E-TABM-/025/E-TABM-25/Files/cc2.CEL'
Warning in getAE(accession, path = path, type = "full") :
ftp://ftp.ebi.ac.uk/biostudies/fire/E-TABM-/025/E-TABM-25/Files/cc2.CEL does not exist or is empty.
Downloading file: cc4.CEL
trying URL 'ftp://ftp.ebi.ac.uk/biostudies/fire/E-TABM-/025/E-TABM-25/Files/cc4.CEL'
Content type 'unknown' length 9580008 bytes (9.1 MB)
==================================================
Downloading file: cx1.CEL
trying URL 'ftp://ftp.ebi.ac.uk/biostudies/fire/E-TABM-/025/E-TABM-25/Files/cx1.CEL'
Content type 'unknown' length 9613953 bytes (9.2 MB)
==================================================
Downloading file: cp3.CEL
trying URL 'ftp://ftp.ebi.ac.uk/biostudies/fire/E-TABM-/025/E-TABM-25/Files/cp3.CEL'
Content type 'unknown' length 9574729 bytes (9.1 MB)
==================================================
Downloading file: cp6.CEL
trying URL 'ftp://ftp.ebi.ac.uk/biostudies/fire/E-TABM-/025/E-TABM-25/Files/cp6.CEL'
Content type 'unknown' length 9599435 bytes (9.2 MB)
==================================================
Downloading file: cp5.CEL
trying URL 'ftp://ftp.ebi.ac.uk/biostudies/fire/E-TABM-/025/E-TABM-25/Files/cp5.CEL'
Content type 'unknown' length 9608514 bytes (9.2 MB)
==================================================
Downloading file: cc6.CEL
trying URL 'ftp://ftp.ebi.ac.uk/biostudies/fire/E-TABM-/025/E-TABM-25/Files/cc6.CEL'
Warning in download.file(url, filedest) :
URL 'ftp://ftp.ebi.ac.uk/biostudies/fire/E-TABM-/025/E-TABM-25/Files/cc6.CEL': Timeout of 12000 seconds was reached
Error in download.file(url, filedest) :
cannot open URL 'ftp://ftp.ebi.ac.uk/biostudies/fire/E-TABM-/025/E-TABM-25/Files/cc6.CEL'
Warning in getAE(accession, path = path, type = "full") :
ftp://ftp.ebi.ac.uk/biostudies/fire/E-TABM-/025/E-TABM-25/Files/cc6.CEL does not exist or is empty.
Downloading file: cx4.CEL
trying URL 'ftp://ftp.ebi.ac.uk/biostudies/fire/E-TABM-/025/E-TABM-25/Files/cx4.CEL'
Content type 'unknown' length 9566430 bytes (9.1 MB)
==================================================
Downloading file: cp2.CEL
trying URL 'ftp://ftp.ebi.ac.uk/biostudies/fire/E-TABM-/025/E-TABM-25/Files/cp2.CEL'
Content type 'unknown' length 9565364 bytes (9.1 MB)
==================================================
Downloading file: cc3.CEL
trying URL 'ftp://ftp.ebi.ac.uk/biostudies/fire/E-TABM-/025/E-TABM-25/Files/cc3.CEL'
Content type 'unknown' length 9753457 bytes (9.3 MB)
==================================================
Downloading file: cp1.CEL
trying URL 'ftp://ftp.ebi.ac.uk/biostudies/fire/E-TABM-/025/E-TABM-25/Files/cp1.CEL'
Content type 'unknown' length 9594151 bytes (9.1 MB)
========
* checking for unstated dependencies in vignettes ... OK
* checking package vignettes ... OK
* checking running R code from vignettes ... SKIPPED
* checking re-building of vignette outputs ... SKIPPED
* checking PDF version of manual ...
ArrayExpress.Rcheck/00install.out
############################################################################## ############################################################################## ### ### Running command: ### ### /home/biocbuild/R/R/bin/R CMD INSTALL ArrayExpress ### ############################################################################## ############################################################################## * installing to library ‘/home/biocbuild/R/R-4.5.0/site-library’ * installing *source* package ‘ArrayExpress’ ... ** this is package ‘ArrayExpress’ version ‘1.69.0’ ** using staged installation ** R ** inst ** byte-compile and prepare package for lazy loading ** help *** installing help indices ** building package indices ** installing vignettes ** testing if installed package can be loaded from temporary location ** testing if installed package can be loaded from final location ** testing if installed package keeps a record of temporary installation path * DONE (ArrayExpress)
ArrayExpress.Rcheck/ArrayExpress-Ex.timings
| name | user | system | elapsed |