| Back to Multiple platform build/check report for BioC 3.22: simplified long |
|
This page was generated on 2025-11-20 12:07 -0500 (Thu, 20 Nov 2025).
| Hostname | OS | Arch (*) | R version | Installed pkgs |
|---|---|---|---|---|
| nebbiolo2 | Linux (Ubuntu 24.04.3 LTS) | x86_64 | 4.5.2 (2025-10-31) -- "[Not] Part in a Rumble" | 4615 |
| merida1 | macOS 12.7.6 Monterey | x86_64 | 4.5.2 Patched (2025-11-05 r88990) -- "[Not] Part in a Rumble" | 4610 |
| kjohnson1 | macOS 13.7.5 Ventura | arm64 | 4.5.2 Patched (2025-11-04 r88984) -- "[Not] Part in a Rumble" | 4598 |
| taishan | Linux (openEuler 24.03 LTS) | aarch64 | 4.5.0 (2025-04-11) -- "How About a Twenty-Six" | 4668 |
| Click on any hostname to see more info about the system (e.g. compilers) (*) as reported by 'uname -p', except on Windows and Mac OS X | ||||
| Package 107/2361 | Hostname | OS / Arch | INSTALL | BUILD | CHECK | BUILD BIN | ||||||||
| ASpli 2.20.0 (landing page) Ariel Chernomoretz
| nebbiolo2 | Linux (Ubuntu 24.04.3 LTS) / x86_64 | OK | OK | WARNINGS | |||||||||
| merida1 | macOS 12.7.6 Monterey / x86_64 | OK | OK | WARNINGS | OK | |||||||||
| kjohnson1 | macOS 13.7.5 Ventura / arm64 | OK | OK | WARNINGS | OK | |||||||||
| taishan | Linux (openEuler 24.03 LTS) / aarch64 | OK | OK | WARNINGS | ||||||||||
|
To the developers/maintainers of the ASpli package: - Allow up to 24 hours (and sometimes 48 hours) for your latest push to git@git.bioconductor.org:packages/ASpli.git to reflect on this report. See Troubleshooting Build Report for more information. - Use the following Renviron settings to reproduce errors and warnings. - If 'R CMD check' started to fail recently on the Linux builder(s) over a missing dependency, add the missing dependency to 'Suggests:' in your DESCRIPTION file. See Renviron.bioc for more information. - See Martin Grigorov's blog post for how to debug Linux ARM64 related issues on a x86_64 host. |
| Package: ASpli |
| Version: 2.20.0 |
| Command: /home/biocbuild/R/R/bin/R CMD check --install=check:ASpli.install-out.txt --library=/home/biocbuild/R/R/site-library --no-vignettes --timings ASpli_2.20.0.tar.gz |
| StartedAt: 2025-11-18 06:39:35 -0000 (Tue, 18 Nov 2025) |
| EndedAt: 2025-11-18 06:59:12 -0000 (Tue, 18 Nov 2025) |
| EllapsedTime: 1176.3 seconds |
| RetCode: 0 |
| Status: WARNINGS |
| CheckDir: ASpli.Rcheck |
| Warnings: 1 |
##############################################################################
##############################################################################
###
### Running command:
###
### /home/biocbuild/R/R/bin/R CMD check --install=check:ASpli.install-out.txt --library=/home/biocbuild/R/R/site-library --no-vignettes --timings ASpli_2.20.0.tar.gz
###
##############################################################################
##############################################################################
* using log directory ‘/home/biocbuild/bbs-3.22-bioc/meat/ASpli.Rcheck’
* using R version 4.5.0 (2025-04-11)
* using platform: aarch64-unknown-linux-gnu
* R was compiled by
aarch64-unknown-linux-gnu-gcc (GCC) 14.2.0
GNU Fortran (GCC) 14.2.0
* running under: openEuler 24.03 (LTS)
* using session charset: UTF-8
* using option ‘--no-vignettes’
* checking for file ‘ASpli/DESCRIPTION’ ... OK
* checking extension type ... Package
* this is package ‘ASpli’ version ‘2.20.0’
* checking package namespace information ... OK
* checking package dependencies ... OK
* checking if this is a source package ... OK
* checking if there is a namespace ... OK
* checking for hidden files and directories ... OK
* checking for portable file names ... OK
* checking for sufficient/correct file permissions ... OK
* checking whether package ‘ASpli’ can be installed ... WARNING
Found the following significant warnings:
Warning: replacing previous import ‘utils::findMatches’ by ‘S4Vectors::findMatches’ when loading ‘ASpli’
See ‘/home/biocbuild/bbs-3.22-bioc/meat/ASpli.Rcheck/00install.out’ for details.
* checking installed package size ... OK
* checking package directory ... OK
* checking ‘build’ directory ... OK
* checking DESCRIPTION meta-information ... OK
* checking top-level files ... OK
* checking for left-over files ... OK
* checking index information ... OK
* checking package subdirectories ... OK
* checking code files for non-ASCII characters ... OK
* checking R files for syntax errors ... OK
* checking whether the package can be loaded ... OK
* checking whether the package can be loaded with stated dependencies ... OK
* checking whether the package can be unloaded cleanly ... OK
* checking whether the namespace can be loaded with stated dependencies ... OK
* checking whether the namespace can be unloaded cleanly ... OK
* checking loading without being on the library search path ... OK
* checking dependencies in R code ... NOTE
Namespace in Imports field not imported from: 'txdbmaker'
All declared Imports should be used.
* checking S3 generic/method consistency ... OK
* checking replacement functions ... OK
* checking foreign function calls ... OK
* checking R code for possible problems ... OK
* checking Rd files ... OK
* checking Rd metadata ... OK
* checking Rd cross-references ... NOTE
Found the following Rd file(s) with Rd \link{} targets missing package
anchors:
DUreport.Rd: edgeR
DUreport.norm.Rd: edgeR
DUreport.offset.Rd: edgeR
DUreportBinSplice-method.Rd: edgeR
gbDUreport-method.Rd: edgeR
jDUreport.Rd: edgeR
junctionDUreport.Rd: edgeR
Please provide package anchors for all Rd \link{} targets not in the
package itself and the base packages.
* checking for missing documentation entries ... OK
* checking for code/documentation mismatches ... OK
* checking Rd \usage sections ... OK
* checking Rd contents ... OK
* checking for unstated dependencies in examples ... OK
* checking installed files from ‘inst/doc’ ... OK
* checking files in ‘vignettes’ ... OK
* checking examples ... OK
Examples with CPU (user + system) or elapsed time > 5s
user system elapsed
ASpli-package 136.070 0.702 137.594
jDUreport 74.015 0.012 74.389
splicingReport 72.268 0.016 73.467
exportSplicingReports 71.538 0.185 72.338
jCounts-methods 69.874 0.016 71.167
integrateSignals 69.749 0.107 73.142
exportIntegratedSignals 69.630 0.078 70.592
gbCounts 61.923 0.032 63.287
gbDUreport-method 60.647 0.047 69.719
binGenome 5.775 0.000 5.790
* checking for unstated dependencies in vignettes ... OK
* checking package vignettes ... OK
* checking running R code from vignettes ... SKIPPED
* checking re-building of vignette outputs ... SKIPPED
* checking PDF version of manual ... OK
* DONE
Status: 1 WARNING, 2 NOTEs
See
‘/home/biocbuild/bbs-3.22-bioc/meat/ASpli.Rcheck/00check.log’
for details.
ASpli.Rcheck/00install.out
############################################################################## ############################################################################## ### ### Running command: ### ### /home/biocbuild/R/R/bin/R CMD INSTALL ASpli ### ############################################################################## ############################################################################## * installing to library ‘/home/biocbuild/R/R-4.5.0/site-library’ * installing *source* package ‘ASpli’ ... ** this is package ‘ASpli’ version ‘2.20.0’ ** using staged installation ** R ** inst ** byte-compile and prepare package for lazy loading Warning: replacing previous import ‘utils::findMatches’ by ‘S4Vectors::findMatches’ when loading ‘ASpli’ ** help *** installing help indices ** building package indices ** installing vignettes ** testing if installed package can be loaded from temporary location Warning: replacing previous import ‘utils::findMatches’ by ‘S4Vectors::findMatches’ when loading ‘ASpli’ ** testing if installed package can be loaded from final location Warning: replacing previous import ‘utils::findMatches’ by ‘S4Vectors::findMatches’ when loading ‘ASpli’ ** testing if installed package keeps a record of temporary installation path * DONE (ASpli)
ASpli.Rcheck/ASpli-Ex.timings
| name | user | system | elapsed | |
| ASpli-package | 136.070 | 0.702 | 137.594 | |
| DUreport | 0 | 0 | 0 | |
| DUreport.norm | 0 | 0 | 0 | |
| DUreport.offset | 0 | 0 | 0 | |
| DUreportBinSplice-method | 0 | 0 | 0 | |
| acc_AS | 0 | 0 | 0 | |
| acc_DU | 0 | 0 | 0 | |
| acc_counts | 0.000 | 0.000 | 0.001 | |
| acc_features | 0.230 | 0.001 | 0.231 | |
| binGenome | 5.775 | 0.000 | 5.790 | |
| containsJunctions-function | 0 | 0 | 0 | |
| example_data | 0 | 0 | 0 | |
| exportIntegratedSignals | 69.630 | 0.078 | 70.592 | |
| exportSplicingReports | 71.538 | 0.185 | 72.338 | |
| filterDU-method | 0 | 0 | 0 | |
| filterSignals | 0 | 0 | 0 | |
| gbCounts | 61.923 | 0.032 | 63.287 | |
| gbDUreport-method | 60.647 | 0.047 | 69.719 | |
| getConditions-function | 0.001 | 0.000 | 0.000 | |
| integrateSignals | 69.749 | 0.107 | 73.142 | |
| jCounts-methods | 69.874 | 0.016 | 71.167 | |
| jDUreport | 74.015 | 0.012 | 74.389 | |
| junctionDUreport | 0 | 0 | 0 | |
| loadBAM | 0 | 0 | 0 | |
| mergeBinDUAS-method | 0.001 | 0.000 | 0.001 | |
| plotBins | 0 | 0 | 0 | |
| plotGenomicRegions | 0 | 0 | 0 | |
| rds | 0 | 0 | 0 | |
| splicingReport | 72.268 | 0.016 | 73.467 | |
| subset-methods | 0 | 0 | 0 | |