| Back to Multiple platform build/check report for BioC 3.22: simplified long |
|
This page was generated on 2025-10-24 12:07 -0400 (Fri, 24 Oct 2025).
| Hostname | OS | Arch (*) | R version | Installed pkgs |
|---|---|---|---|---|
| nebbiolo2 | Linux (Ubuntu 24.04.3 LTS) | x86_64 | 4.5.1 Patched (2025-08-23 r88802) -- "Great Square Root" | 4898 |
| lconway | macOS 12.7.6 Monterey | x86_64 | 4.5.1 Patched (2025-09-10 r88807) -- "Great Square Root" | 4688 |
| kjohnson3 | macOS 13.7.7 Ventura | arm64 | 4.5.1 Patched (2025-09-10 r88807) -- "Great Square Root" | 4634 |
| taishan | Linux (openEuler 24.03 LTS) | aarch64 | 4.5.0 (2025-04-11) -- "How About a Twenty-Six" | 4658 |
| Click on any hostname to see more info about the system (e.g. compilers) (*) as reported by 'uname -p', except on Windows and Mac OS X | ||||
| Package 91/2359 | Hostname | OS / Arch | INSTALL | BUILD | CHECK | BUILD BIN | ||||||||
| APAlyzer 1.23.0 (landing page) Ruijia Wang
| nebbiolo2 | Linux (Ubuntu 24.04.3 LTS) / x86_64 | OK | OK | ERROR | |||||||||
| lconway | macOS 12.7.6 Monterey / x86_64 | OK | OK | ERROR | OK | |||||||||
| kjohnson3 | macOS 13.7.7 Ventura / arm64 | OK | OK | ERROR | OK | |||||||||
| taishan | Linux (openEuler 24.03 LTS) / aarch64 | OK | OK | ERROR | ||||||||||
|
To the developers/maintainers of the APAlyzer package: - Allow up to 24 hours (and sometimes 48 hours) for your latest push to git@git.bioconductor.org:packages/APAlyzer.git to reflect on this report. See Troubleshooting Build Report for more information. - Use the following Renviron settings to reproduce errors and warnings. - If 'R CMD check' started to fail recently on the Linux builder(s) over a missing dependency, add the missing dependency to 'Suggests:' in your DESCRIPTION file. See Renviron.bioc for more information. - See Martin Grigorov's blog post for how to debug Linux ARM64 related issues on a x86_64 host. |
| Package: APAlyzer |
| Version: 1.23.0 |
| Command: /home/biocbuild/R/R/bin/R CMD check --install=check:APAlyzer.install-out.txt --library=/home/biocbuild/R/R/site-library --no-vignettes --timings APAlyzer_1.23.0.tar.gz |
| StartedAt: 2025-10-21 04:30:27 -0000 (Tue, 21 Oct 2025) |
| EndedAt: 2025-10-21 04:59:34 -0000 (Tue, 21 Oct 2025) |
| EllapsedTime: 1747.0 seconds |
| RetCode: 1 |
| Status: ERROR |
| CheckDir: APAlyzer.Rcheck |
| Warnings: NA |
##############################################################################
##############################################################################
###
### Running command:
###
### /home/biocbuild/R/R/bin/R CMD check --install=check:APAlyzer.install-out.txt --library=/home/biocbuild/R/R/site-library --no-vignettes --timings APAlyzer_1.23.0.tar.gz
###
##############################################################################
##############################################################################
* using log directory ‘/home/biocbuild/bbs-3.22-bioc/meat/APAlyzer.Rcheck’
* using R version 4.5.0 (2025-04-11)
* using platform: aarch64-unknown-linux-gnu
* R was compiled by
aarch64-unknown-linux-gnu-gcc (GCC) 14.2.0
GNU Fortran (GCC) 14.2.0
* running under: openEuler 24.03 (LTS)
* using session charset: UTF-8
* using option ‘--no-vignettes’
* checking for file ‘APAlyzer/DESCRIPTION’ ... OK
* checking extension type ... Package
* this is package ‘APAlyzer’ version ‘1.23.0’
* package encoding: UTF-8
* checking package namespace information ... OK
* checking package dependencies ... OK
* checking if this is a source package ... OK
* checking if there is a namespace ... OK
* checking for hidden files and directories ... NOTE
Found the following hidden files and directories:
.BBSoptions
.travis.yml
These were most likely included in error. See section ‘Package
structure’ in the ‘Writing R Extensions’ manual.
* checking for portable file names ... OK
* checking for sufficient/correct file permissions ... OK
* checking whether package ‘APAlyzer’ can be installed ... OK
* checking installed package size ... OK
* checking package directory ... OK
* checking ‘build’ directory ... OK
* checking DESCRIPTION meta-information ... OK
* checking top-level files ... NOTE
File
LICENSE
is not mentioned in the DESCRIPTION file.
* checking for left-over files ... OK
* checking index information ... OK
* checking package subdirectories ... OK
* checking code files for non-ASCII characters ... OK
* checking R files for syntax errors ... OK
* checking whether the package can be loaded ... OK
* checking whether the package can be loaded with stated dependencies ... OK
* checking whether the package can be unloaded cleanly ... OK
* checking whether the namespace can be loaded with stated dependencies ... OK
* checking whether the namespace can be unloaded cleanly ... OK
* checking loading without being on the library search path ... OK
* checking dependencies in R code ... WARNING
'library' or 'require' call not declared from: ‘HybridMTest’
'library' or 'require' call to ‘HybridMTest’ in package code.
Please use :: or requireNamespace() instead.
See section 'Suggested packages' in the 'Writing R Extensions' manual.
* checking S3 generic/method consistency ... OK
* checking replacement functions ... OK
* checking foreign function calls ... OK
* checking R code for possible problems ... NOTE
.GTF2LE: no visible binding for global variable ‘group_name’
.GTF2refUTRraw: no visible binding for global variable ‘GENEID’
.annotatePASRegion: no visible global function definition for
‘queryHits’
APABox: no visible binding for global variable ‘APAreg’
APABox: no visible binding for global variable ‘RED’
APAVolcano: no visible binding for global variable ‘APAreg’
APAVolcano: no visible binding for global variable ‘color’
PASEXP_IPA: no visible global function definition for ‘Print’
ThreeMostPairBam: no visible global function definition for ‘Print’
download_testbam: no visible global function definition for
‘download.file’
Undefined global functions or variables:
APAreg GENEID Print RED color download.file group_name queryHits
Consider adding
importFrom("utils", "download.file")
to your NAMESPACE file.
* checking Rd files ... NOTE
prepare_Rd: download_testbam.Rd:7-8: Dropping empty section \arguments
* checking Rd metadata ... OK
* checking Rd cross-references ... OK
* checking for missing documentation entries ... OK
* checking for code/documentation mismatches ... OK
* checking Rd \usage sections ... OK
* checking Rd contents ... OK
* checking for unstated dependencies in examples ... OK
* checking files in ‘vignettes’ ... OK
* checking examples ... ERROR
Running examples in ‘APAlyzer-Ex.R’ failed
The error most likely occurred in:
> base::assign(".ptime", proc.time(), pos = "CheckExEnv")
> ### Name: download_testbam
> ### Title: download_testbam, download bam files of mouse testis and heart
> ### Aliases: download_testbam
>
> ### ** Examples
>
> download_testbam()
[1] "Download Heart_rep1"
trying URL 'https://media.githubusercontent.com/media/RJWANGbioinfo/PAS_reference_RData_and_testing_data/master/bam/Heart_rep1.bam'
Content type 'application/octet-stream' length 358373738 bytes (341.8 MB)
==================================================
downloaded 341.8 MB
[1] "Download Heart_rep2"
trying URL 'https://media.githubusercontent.com/media/RJWANGbioinfo/PAS_reference_RData_and_testing_data/master/bam/Heart_rep2.bam'
Content type 'application/octet-stream' length 341667659 bytes (325.8 MB)
==================================================
downloaded 325.8 MB
[1] "Download Heart_rep3"
trying URL 'https://media.githubusercontent.com/media/RJWANGbioinfo/PAS_reference_RData_and_testing_data/master/bam/Heart_rep3.bam'
Content type 'application/octet-stream' length 384305345 bytes (366.5 MB)
==================================================
downloaded 366.5 MB
[1] "Download Heart_rep4"
trying URL 'https://media.githubusercontent.com/media/RJWANGbioinfo/PAS_reference_RData_and_testing_data/master/bam/Heart_rep4.bam'
Content type 'application/octet-stream' length 364028034 bytes (347.2 MB)
=======================================
downloaded 277.7 MB
Warning in download.file(url = paste0(URL, SAMPLE, ".bam"), destfile = paste0(SAMPLE, :
downloaded length 291221696 != reported length 364028034
Warning in download.file(url = paste0(URL, SAMPLE, ".bam"), destfile = paste0(SAMPLE, :
URL 'https://media.githubusercontent.com/media/RJWANGbioinfo/PAS_reference_RData_and_testing_data/master/bam/Heart_rep4.bam': status was 'Failed writing received data to disk/application'
Error in download.file(url = paste0(URL, SAMPLE, ".bam"), destfile = paste0(SAMPLE, :
download from 'https://media.githubusercontent.com/media/RJWANGbioinfo/PAS_reference_RData_and_testing_data/master/bam/Heart_rep4.bam' failed
Calls: download_testbam -> download.file
Execution halted
Examples with CPU (user + system) or elapsed time > 5s
user system elapsed
PASEXP_3UTR 16.536 4.085 21.857
PASEXP_IPA 14.997 1.194 16.989
GENEXP_CDS 13.337 1.898 15.010
PAS2GEF 0.047 0.181 61.256
* checking for unstated dependencies in ‘tests’ ... WARNING
Fatal error: cannot create 'R_TempDir'
* checking tests ...Warning in dir.create(testdir, mode = "0755") :
cannot create dir '/home/biocbuild/bbs-3.22-bioc/meat/APAlyzer.Rcheck/tests', reason 'No space left on device'
ERROR
unable to create ‘/home/biocbuild/bbs-3.22-bioc/meat/APAlyzer.Rcheck/tests’
* DONE
Status: 2 ERRORs, 2 WARNINGs, 4 NOTEs
See
‘/home/biocbuild/bbs-3.22-bioc/meat/APAlyzer.Rcheck/00check.log’
for details.
APAlyzer.Rcheck/00install.out
############################################################################## ############################################################################## ### ### Running command: ### ### /home/biocbuild/R/R/bin/R CMD INSTALL APAlyzer ### ############################################################################## ############################################################################## * installing to library ‘/home/biocbuild/R/R-4.5.0/site-library’ * installing *source* package ‘APAlyzer’ ... ** this is package ‘APAlyzer’ version ‘1.23.0’ ** using staged installation ** R ** inst ** byte-compile and prepare package for lazy loading ** help *** installing help indices ** building package indices ** installing vignettes ** testing if installed package can be loaded from temporary location ** testing if installed package can be loaded from final location ** testing if installed package keeps a record of temporary installation path * DONE (APAlyzer)
APAlyzer.Rcheck/APAlyzer-Ex.timings
| name | user | system | elapsed | |
| APABox | 0.883 | 0.015 | 0.909 | |
| APAVolcano | 1.458 | 0.024 | 1.486 | |
| APAdiff | 1.021 | 0.080 | 1.105 | |
| GENEXP_CDS | 13.337 | 1.898 | 15.010 | |
| PAS2GEF | 0.047 | 0.181 | 61.256 | |
| PASEXP_3UTR | 16.536 | 4.085 | 21.857 | |
| PASEXP_IPA | 14.997 | 1.194 | 16.989 | |
| REF3UTR | 0.161 | 0.008 | 0.796 | |
| REF4PAS | 0.170 | 0.031 | 0.794 | |
| REFCDS | 0.749 | 0.112 | 0.864 | |
| ThreeMostPairBam | 1.451 | 0.128 | 1.583 | |