| Back to Build/check report for BioC 3.21 experimental data |
|
This page was generated on 2025-10-16 15:01 -0400 (Thu, 16 Oct 2025).
| Hostname | OS | Arch (*) | R version | Installed pkgs |
|---|---|---|---|---|
| nebbiolo1 | Linux (Ubuntu 24.04.3 LTS) | x86_64 | 4.5.1 (2025-06-13) -- "Great Square Root" | 4833 |
| Click on any hostname to see more info about the system (e.g. compilers) (*) as reported by 'uname -p', except on Windows and Mac OS X | ||||
| Package 427/432 | Hostname | OS / Arch | INSTALL | BUILD | CHECK | ||||||||
| yeastCC 1.48.0 (landing page) Sandrine Dudoit
| nebbiolo1 | Linux (Ubuntu 24.04.3 LTS) / x86_64 | OK | OK | WARNINGS | ||||||||
|
To the developers/maintainers of the yeastCC package: - Use the following Renviron settings to reproduce errors and warnings. - If 'R CMD check' started to fail recently on the Linux builder(s) over a missing dependency, add the missing dependency to 'Suggests:' in your DESCRIPTION file. See Renviron.bioc for more information. |
| Package: yeastCC |
| Version: 1.48.0 |
| Command: /home/biocbuild/bbs-3.21-bioc/R/bin/R CMD check --install=check:yeastCC.install-out.txt --library=/home/biocbuild/bbs-3.21-bioc/R/site-library --timings yeastCC_1.48.0.tar.gz |
| StartedAt: 2025-10-16 13:12:02 -0400 (Thu, 16 Oct 2025) |
| EndedAt: 2025-10-16 13:12:30 -0400 (Thu, 16 Oct 2025) |
| EllapsedTime: 28.0 seconds |
| RetCode: 0 |
| Status: WARNINGS |
| CheckDir: yeastCC.Rcheck |
| Warnings: 2 |
##############################################################################
##############################################################################
###
### Running command:
###
### /home/biocbuild/bbs-3.21-bioc/R/bin/R CMD check --install=check:yeastCC.install-out.txt --library=/home/biocbuild/bbs-3.21-bioc/R/site-library --timings yeastCC_1.48.0.tar.gz
###
##############################################################################
##############################################################################
* using log directory ‘/home/biocbuild/bbs-3.21-data-experiment/meat/yeastCC.Rcheck’
* using R version 4.5.1 (2025-06-13)
* using platform: x86_64-pc-linux-gnu
* R was compiled by
gcc (Ubuntu 13.3.0-6ubuntu2~24.04) 13.3.0
GNU Fortran (Ubuntu 13.3.0-6ubuntu2~24.04) 13.3.0
* running under: Ubuntu 24.04.3 LTS
* using session charset: UTF-8
* checking for file ‘yeastCC/DESCRIPTION’ ... OK
* this is package ‘yeastCC’ version ‘1.48.0’
* checking package namespace information ... OK
* checking package dependencies ... OK
* checking if this is a source package ... OK
* checking if there is a namespace ... OK
* checking for hidden files and directories ... OK
* checking for portable file names ... OK
* checking for sufficient/correct file permissions ... OK
* checking whether package ‘yeastCC’ can be installed ... OK
* checking installed package size ... OK
* checking package directory ... OK
* checking DESCRIPTION meta-information ... NOTE
Malformed Description field: should contain one or more complete sentences.
* checking top-level files ... OK
* checking for left-over files ... OK
* checking index information ... OK
* checking package subdirectories ... OK
* checking whether the package can be loaded ... OK
* checking whether the package can be loaded with stated dependencies ... OK
* checking whether the package can be unloaded cleanly ... OK
* checking whether the namespace can be loaded with stated dependencies ... OK
* checking whether the namespace can be unloaded cleanly ... OK
* checking loading without being on the library search path ... OK
* checking Rd files ... OK
* checking Rd metadata ... OK
* checking Rd cross-references ... NOTE
Non-topic package-anchored link(s) in Rd file 'orf800.Rd':
‘[Biobase:class.ExpressionSet]{ExpressionSet}’
Non-topic package-anchored link(s) in Rd file 'yeastCC.Rd':
‘[Biobase:class.ExpressionSet]{ExpressionSet}’
See section 'Cross-references' in the 'Writing R Extensions' manual.
* checking for missing documentation entries ... OK
* checking for code/documentation mismatches ... OK
* checking Rd \usage sections ... OK
* checking Rd contents ... OK
* checking for unstated dependencies in examples ... OK
* checking contents of ‘data’ directory ... OK
* checking data for non-ASCII characters ... OK
* checking LazyData ... OK
* checking data for ASCII and uncompressed saves ... WARNING
Warning: large data file saved inefficiently:
size ASCII compress
spYCCmeta.rda 430Kb FALSE none
Note: significantly better compression could be obtained
by using R CMD build --resave-data
old_size new_size compress
breeden.rda 1.9Mb 1.5Mb xz
spYCCES.rda 757Kb 483Kb xz
spYCCmeta.rda 430Kb 55Kb xz
yeastCC.rda 1.5Mb 485Kb xz
* checking files in ‘vignettes’ ... WARNING
Files in the 'vignettes' directory but no files in 'inst/doc':
‘CellCycle98.txt’ ‘CellCycle98.xls’ ‘KnownGenes.doc’ ‘KnownGenes.txt’
‘Spellmanetal.pdf’ ‘consistentFHCRC.csv’ ‘createYeastCC.R’
‘orf800.txt’
Package has no Sweave vignette sources and no VignetteBuilder field.
* checking examples ... OK
* checking package vignettes ... NOTE
Package has ‘vignettes’ subdirectory but apparently no vignettes.
Perhaps the ‘VignetteBuilder’ information is missing from the
DESCRIPTION file?
* checking PDF version of manual ... OK
* DONE
Status: 2 WARNINGs, 3 NOTEs
See
‘/home/biocbuild/bbs-3.21-data-experiment/meat/yeastCC.Rcheck/00check.log’
for details.
yeastCC.Rcheck/00install.out
############################################################################## ############################################################################## ### ### Running command: ### ### /home/biocbuild/bbs-3.21-bioc/R/bin/R CMD INSTALL yeastCC ### ############################################################################## ############################################################################## * installing to library ‘/home/biocbuild/bbs-3.21-bioc/R/site-library’ * installing *source* package ‘yeastCC’ ... ** this is package ‘yeastCC’ version ‘1.48.0’ ** using staged installation ** data *** moving datasets to lazyload DB ** inst ** help *** installing help indices ** building package indices ** installing vignettes ** testing if installed package can be loaded from temporary location ** testing if installed package can be loaded from final location ** testing if installed package keeps a record of temporary installation path * DONE (yeastCC)
yeastCC.Rcheck/yeastCC-Ex.timings
| name | user | system | elapsed | |
| breeden | 0.072 | 0.011 | 0.084 | |
| orf800 | 0.001 | 0.000 | 0.000 | |
| spYCCmeta | 0.005 | 0.002 | 0.007 | |
| yeastCC | 0.034 | 0.010 | 0.045 | |