| Back to Build/check report for BioC 3.21 experimental data |
|
This page was generated on 2025-10-16 15:01 -0400 (Thu, 16 Oct 2025).
| Hostname | OS | Arch (*) | R version | Installed pkgs |
|---|---|---|---|---|
| nebbiolo1 | Linux (Ubuntu 24.04.3 LTS) | x86_64 | 4.5.1 (2025-06-13) -- "Great Square Root" | 4833 |
| Click on any hostname to see more info about the system (e.g. compilers) (*) as reported by 'uname -p', except on Windows and Mac OS X | ||||
| Package 358/432 | Hostname | OS / Arch | INSTALL | BUILD | CHECK | ||||||||
| seq2pathway.data 1.40.0 (landing page) Arjun Kinstlick
| nebbiolo1 | Linux (Ubuntu 24.04.3 LTS) / x86_64 | OK | OK | WARNINGS | ||||||||
|
To the developers/maintainers of the seq2pathway.data package: - Use the following Renviron settings to reproduce errors and warnings. - If 'R CMD check' started to fail recently on the Linux builder(s) over a missing dependency, add the missing dependency to 'Suggests:' in your DESCRIPTION file. See Renviron.bioc for more information. |
| Package: seq2pathway.data |
| Version: 1.40.0 |
| Command: /home/biocbuild/bbs-3.21-bioc/R/bin/R CMD check --install=check:seq2pathway.data.install-out.txt --library=/home/biocbuild/bbs-3.21-bioc/R/site-library --timings seq2pathway.data_1.40.0.tar.gz |
| StartedAt: 2025-10-16 12:55:43 -0400 (Thu, 16 Oct 2025) |
| EndedAt: 2025-10-16 12:56:23 -0400 (Thu, 16 Oct 2025) |
| EllapsedTime: 40.2 seconds |
| RetCode: 0 |
| Status: WARNINGS |
| CheckDir: seq2pathway.data.Rcheck |
| Warnings: 1 |
##############################################################################
##############################################################################
###
### Running command:
###
### /home/biocbuild/bbs-3.21-bioc/R/bin/R CMD check --install=check:seq2pathway.data.install-out.txt --library=/home/biocbuild/bbs-3.21-bioc/R/site-library --timings seq2pathway.data_1.40.0.tar.gz
###
##############################################################################
##############################################################################
* using log directory ‘/home/biocbuild/bbs-3.21-data-experiment/meat/seq2pathway.data.Rcheck’
* using R version 4.5.1 (2025-06-13)
* using platform: x86_64-pc-linux-gnu
* R was compiled by
gcc (Ubuntu 13.3.0-6ubuntu2~24.04) 13.3.0
GNU Fortran (Ubuntu 13.3.0-6ubuntu2~24.04) 13.3.0
* running under: Ubuntu 24.04.3 LTS
* using session charset: UTF-8
* checking for file ‘seq2pathway.data/DESCRIPTION’ ... OK
* checking extension type ... Package
* this is package ‘seq2pathway.data’ version ‘1.40.0’
* checking package namespace information ... OK
* checking package dependencies ... OK
* checking if this is a source package ... OK
* checking if there is a namespace ... OK
* checking for hidden files and directories ... OK
* checking for portable file names ... OK
* checking for sufficient/correct file permissions ... OK
* checking whether package ‘seq2pathway.data’ can be installed ... OK
* checking installed package size ... INFO
installed size is 86.2Mb
sub-directories of 1Mb or more:
data 5.7Mb
extdata 80.2Mb
* checking package directory ... OK
* checking ‘build’ directory ... OK
* checking DESCRIPTION meta-information ... OK
* checking top-level files ... OK
* checking for left-over files ... OK
* checking index information ... OK
* checking package subdirectories ... NOTE
Found the following CITATION file in a non-standard place:
CITATION
Most likely ‘inst/CITATION’ should be used instead.
* checking whether the package can be loaded ... OK
* checking whether the package can be loaded with stated dependencies ... OK
* checking whether the package can be unloaded cleanly ... OK
* checking whether the namespace can be loaded with stated dependencies ... OK
* checking whether the namespace can be unloaded cleanly ... OK
* checking loading without being on the library search path ... OK
* checking Rd files ... OK
* checking Rd metadata ... OK
* checking Rd cross-references ... OK
* checking for missing documentation entries ... WARNING
Undocumented data sets:
‘GO_GENECODE_df_hg_v36’ ‘GO_GENECODE_df_mm_vM25’
‘Msig_GENECODE_df_hg_v36’ ‘Msig_GENECODE_df_mm_vM25’
All user-level objects in a package should have documentation entries.
See chapter ‘Writing R documentation files’ in the ‘Writing R
Extensions’ manual.
* checking for code/documentation mismatches ... OK
* checking Rd \usage sections ... OK
* checking Rd contents ... OK
* checking for unstated dependencies in examples ... OK
* checking contents of ‘data’ directory ... OK
* checking data for non-ASCII characters ... OK
* checking data for ASCII and uncompressed saves ... OK
* checking files in ‘vignettes’ ... OK
* checking examples ... OK
* checking for unstated dependencies in vignettes ... OK
* checking package vignettes ... OK
* checking re-building of vignette outputs ... OK
* checking PDF version of manual ... OK
* DONE
Status: 1 WARNING, 1 NOTE
See
‘/home/biocbuild/bbs-3.21-data-experiment/meat/seq2pathway.data.Rcheck/00check.log’
for details.
seq2pathway.data.Rcheck/00install.out
############################################################################## ############################################################################## ### ### Running command: ### ### /home/biocbuild/bbs-3.21-bioc/R/bin/R CMD INSTALL seq2pathway.data ### ############################################################################## ############################################################################## * installing to library ‘/home/biocbuild/bbs-3.21-bioc/R/site-library’ * installing *source* package ‘seq2pathway.data’ ... ** this is package ‘seq2pathway.data’ version ‘1.40.0’ ** using staged installation ** data ** inst ** help *** installing help indices ** building package indices ** installing vignettes ** testing if installed package can be loaded from temporary location ** testing if installed package can be loaded from final location ** testing if installed package keeps a record of temporary installation path * DONE (seq2pathway.data)
seq2pathway.data.Rcheck/seq2pathway.data-Ex.timings
| name | user | system | elapsed | |
| Des_BP_list | 0.042 | 0.007 | 0.049 | |
| Des_CC_list | 0.007 | 0.000 | 0.007 | |
| Des_MF_list | 0.013 | 0.000 | 0.013 | |
| GO_BP_list | 0.108 | 0.000 | 0.109 | |
| GO_CC_list | 0.053 | 0.003 | 0.056 | |
| GO_GENCODE_df_hg_v19 | 0.020 | 0.000 | 0.021 | |
| GO_GENCODE_df_mm_vM1 | 0.013 | 0.002 | 0.015 | |
| GO_GENECODE_df_hg_v36 | 0.010 | 0.000 | 0.011 | |
| GO_GENECODE_df_mm_vM25 | 0.011 | 0.000 | 0.012 | |
| GO_MF_list | 0.050 | 0.002 | 0.051 | |
| Msig_GENCODE_df_hg_v19 | 0.025 | 0.000 | 0.025 | |
| Msig_GENCODE_df_mm_vM1 | 0.015 | 0.001 | 0.017 | |
| Msig_GENECODE_df_hg_v36 | 0.025 | 0.000 | 0.026 | |
| Msig_GENECODE_df_mm_vM25 | 0.011 | 0.001 | 0.012 | |
| gencode_coding | 0.110 | 0.003 | 0.114 | |