| Back to Build/check report for BioC 3.21 experimental data |
|
This page was generated on 2025-10-16 15:01 -0400 (Thu, 16 Oct 2025).
| Hostname | OS | Arch (*) | R version | Installed pkgs |
|---|---|---|---|---|
| nebbiolo1 | Linux (Ubuntu 24.04.3 LTS) | x86_64 | 4.5.1 (2025-06-13) -- "Great Square Root" | 4833 |
| Click on any hostname to see more info about the system (e.g. compilers) (*) as reported by 'uname -p', except on Windows and Mac OS X | ||||
| Package 107/432 | Hostname | OS / Arch | INSTALL | BUILD | CHECK | ||||||||
| dyebiasexamples 1.48.0 (landing page) Philip Lijnzaad
| nebbiolo1 | Linux (Ubuntu 24.04.3 LTS) / x86_64 | OK | OK | WARNINGS | ||||||||
|
To the developers/maintainers of the dyebiasexamples package: - Use the following Renviron settings to reproduce errors and warnings. - If 'R CMD check' started to fail recently on the Linux builder(s) over a missing dependency, add the missing dependency to 'Suggests:' in your DESCRIPTION file. See Renviron.bioc for more information. |
| Package: dyebiasexamples |
| Version: 1.48.0 |
| Command: /home/biocbuild/bbs-3.21-bioc/R/bin/R CMD check --install=check:dyebiasexamples.install-out.txt --library=/home/biocbuild/bbs-3.21-bioc/R/site-library --timings dyebiasexamples_1.48.0.tar.gz |
| StartedAt: 2025-10-16 12:13:23 -0400 (Thu, 16 Oct 2025) |
| EndedAt: 2025-10-16 12:15:08 -0400 (Thu, 16 Oct 2025) |
| EllapsedTime: 104.2 seconds |
| RetCode: 0 |
| Status: WARNINGS |
| CheckDir: dyebiasexamples.Rcheck |
| Warnings: 5 |
##############################################################################
##############################################################################
###
### Running command:
###
### /home/biocbuild/bbs-3.21-bioc/R/bin/R CMD check --install=check:dyebiasexamples.install-out.txt --library=/home/biocbuild/bbs-3.21-bioc/R/site-library --timings dyebiasexamples_1.48.0.tar.gz
###
##############################################################################
##############################################################################
* using log directory ‘/home/biocbuild/bbs-3.21-data-experiment/meat/dyebiasexamples.Rcheck’
* using R version 4.5.1 (2025-06-13)
* using platform: x86_64-pc-linux-gnu
* R was compiled by
gcc (Ubuntu 13.3.0-6ubuntu2~24.04) 13.3.0
GNU Fortran (Ubuntu 13.3.0-6ubuntu2~24.04) 13.3.0
* running under: Ubuntu 24.04.3 LTS
* using session charset: UTF-8
* checking for file ‘dyebiasexamples/DESCRIPTION’ ... OK
* this is package ‘dyebiasexamples’ version ‘1.48.0’
* checking package namespace information ... OK
* checking package dependencies ... OK
* checking if this is a source package ... OK
* checking if there is a namespace ... OK
* checking for hidden files and directories ... OK
* checking for portable file names ... OK
* checking for sufficient/correct file permissions ... OK
* checking whether package ‘dyebiasexamples’ can be installed ... WARNING
Found the following significant warnings:
Warning: dyebias.geo2marray.Rd:10-17: Section \synopsis is unrecognized and will be dropped
Warning: dyebias.umcu.proper.estimators.Rd:11-13: Section \synopsis is unrecognized and will be dropped
See ‘/home/biocbuild/bbs-3.21-data-experiment/meat/dyebiasexamples.Rcheck/00install.out’ for details.
* checking installed package size ... INFO
installed size is 23.6Mb
sub-directories of 1Mb or more:
data 5.2Mb
extradata 18.3Mb
* checking package directory ... OK
* checking DESCRIPTION meta-information ... NOTE
Malformed Title field: should not end in a period.
Malformed Description field: should contain one or more complete sentences.
Warning: dyebias.geo2marray.Rd:10-17: Section \synopsis is unrecognized and will be dropped
Warning: dyebias.umcu.proper.estimators.Rd:11-13: Section \synopsis is unrecognized and will be dropped
* checking top-level files ... NOTE
File
LICENSE
is not mentioned in the DESCRIPTION file.
* checking for left-over files ... OK
* checking index information ... OK
* checking package subdirectories ... OK
* checking code files for non-ASCII characters ... OK
* checking R files for syntax errors ... OK
* checking whether the package can be loaded ... OK
* checking whether the package can be loaded with stated dependencies ... OK
* checking whether the package can be unloaded cleanly ... OK
* checking whether the namespace can be loaded with stated dependencies ... OK
* checking whether the namespace can be unloaded cleanly ... OK
* checking loading without being on the library search path ... OK
* checking dependencies in R code ... NOTE
Packages in Depends field not imported from:
‘GEOquery’ ‘marray’
These packages need to be imported from (in the NAMESPACE file)
for when this namespace is loaded but not attached.
* checking S3 generic/method consistency ... OK
* checking replacement functions ... OK
* checking foreign function calls ... OK
* checking R code for possible problems ... NOTE
.extract.measurements: no visible global function definition for
‘GSMList’
.extract.measurements : <anonymous>: no visible global function
definition for ‘Table’
.extract.meta: no visible global function definition for ‘GSMList’
.extract.meta : <anonymous>: no visible global function definition for
‘Meta’
.gsmlist2targetinfo: no visible global function definition for
‘GSMList’
.gsmlist2targetinfo: no visible global function definition for ‘Meta’
.have.umcu.version: no visible global function definition for
‘package.version’
dyebias.geo2marray: no visible global function definition for ‘GSMList’
dyebias.geo2marray : <anonymous>: no visible global function definition
for ‘Meta’
dyebias.geo2marray: no visible global function definition for ‘Meta’
dyebias.geo2marray: no visible global function definition for ‘GPLList’
dyebias.geo2marray: no visible global function definition for ‘Table’
dyebias.geo2marray: no visible global function definition for
‘read.marrayLayout’
dyebias.geo2marray: no visible global function definition for
‘Accession’
dyebias.geo2marray: no visible global function definition for
‘maControls<-’
dyebias.geo2marray: no visible global function definition for ‘new’
dyebias.geo2marray: no visible global function definition for
‘maLabels<-’
dyebias.geo2marray: no visible global function definition for
‘maInfo<-’
dyebias.geo2marray: no visible global function definition for ‘maRf’
dyebias.geo2marray: no visible global function definition for ‘maRb<-’
dyebias.geo2marray: no visible global function definition for ‘maGb<-’
dyebias.geo2marray: no visible global function definition for
‘maTargets<-’
dyebias.geo2marray: no visible global function definition for
‘maLayout<-’
dyebias.geo2marray: no visible global function definition for
‘maGnames<-’
Undefined global functions or variables:
Accession GPLList GSMList Meta Table maControls<- maGb<- maGnames<-
maInfo<- maLabels<- maLayout<- maRb<- maRf maTargets<- new
package.version read.marrayLayout
Consider adding
importFrom("methods", "new")
to your NAMESPACE file (and ensure that your DESCRIPTION Imports field
contains 'methods').
* checking Rd files ... WARNING
prepare_Rd: dyebias.geo2marray.Rd:10-17: Section \synopsis is unrecognized and will be dropped
prepare_Rd: dyebias.umcu.proper.estimators.Rd:11-13: Section \synopsis is unrecognized and will be dropped
* checking Rd metadata ... OK
* checking Rd cross-references ...Warning: dyebias.geo2marray.Rd:10-17: Section \synopsis is unrecognized and will be dropped
Warning: dyebias.umcu.proper.estimators.Rd:11-13: Section \synopsis is unrecognized and will be dropped
OK
* checking for missing documentation entries ... OK
* checking for code/documentation mismatches ... OK
* checking Rd \usage sections ... OK
* checking Rd contents ... OK
* checking for unstated dependencies in examples ... OK
* checking contents of ‘data’ directory ... WARNING
Files not of a type allowed in a ‘data’ directory:
‘README’
Please use e.g. ‘inst/extdata’ for non-R data files
* checking data for non-ASCII characters ... OK
* checking data for ASCII and uncompressed saves ... WARNING
Note: significantly better compression could be obtained
by using R CMD build --resave-data
old_size new_size compress
data.norm.rda 2.1Mb 1.5Mb xz
data.raw.rda 3.2Mb 2.2Mb xz
* checking files in ‘vignettes’ ... WARNING
Files in the 'vignettes' directory but no files in 'inst/doc':
‘ChangeLog’
Package has no Sweave vignette sources and no VignetteBuilder field.
* checking examples ... OK
* checking package vignettes ... NOTE
Package has ‘vignettes’ subdirectory but apparently no vignettes.
Perhaps the ‘VignetteBuilder’ information is missing from the
DESCRIPTION file?
* checking PDF version of manual ... OK
* DONE
Status: 5 WARNINGs, 5 NOTEs
See
‘/home/biocbuild/bbs-3.21-data-experiment/meat/dyebiasexamples.Rcheck/00check.log’
for details.
dyebiasexamples.Rcheck/00install.out
############################################################################## ############################################################################## ### ### Running command: ### ### /home/biocbuild/bbs-3.21-bioc/R/bin/R CMD INSTALL dyebiasexamples ### ############################################################################## ############################################################################## * installing to library ‘/home/biocbuild/bbs-3.21-bioc/R/site-library’ * installing *source* package ‘dyebiasexamples’ ... ** this is package ‘dyebiasexamples’ version ‘1.48.0’ ** using staged installation ** R ** data ** inst ** byte-compile and prepare package for lazy loading ** help Warning: dyebias.geo2marray.Rd:10-17: Section \synopsis is unrecognized and will be dropped Warning: dyebias.umcu.proper.estimators.Rd:11-13: Section \synopsis is unrecognized and will be dropped *** installing help indices ** building package indices ** installing vignettes ** testing if installed package can be loaded from temporary location ** testing if installed package can be loaded from final location ** testing if installed package keeps a record of temporary installation path * DONE (dyebiasexamples)
dyebiasexamples.Rcheck/dyebiasexamples-Ex.timings
| name | user | system | elapsed | |
| data.raw | 0.456 | 0.012 | 0.469 | |
| dyebias.geo2marray | 0.000 | 0.000 | 0.001 | |
| dyebias.umcu.proper.estimators | 1.352 | 0.050 | 1.403 | |