| Back to Build/check report for BioC 3.21 experimental data |
|
This page was generated on 2025-10-16 15:01 -0400 (Thu, 16 Oct 2025).
| Hostname | OS | Arch (*) | R version | Installed pkgs |
|---|---|---|---|---|
| nebbiolo1 | Linux (Ubuntu 24.04.3 LTS) | x86_64 | 4.5.1 (2025-06-13) -- "Great Square Root" | 4833 |
| Click on any hostname to see more info about the system (e.g. compilers) (*) as reported by 'uname -p', except on Windows and Mac OS X | ||||
| Package 407/432 | Hostname | OS / Arch | INSTALL | BUILD | CHECK | ||||||||
| TimerQuant 1.38.0 (landing page) Joseph Barry
| nebbiolo1 | Linux (Ubuntu 24.04.3 LTS) / x86_64 | OK | ERROR | skipped | ||||||||
|
To the developers/maintainers of the TimerQuant package: - Use the following Renviron settings to reproduce errors and warnings. - If 'R CMD check' started to fail recently on the Linux builder(s) over a missing dependency, add the missing dependency to 'Suggests:' in your DESCRIPTION file. See Renviron.bioc for more information. |
| Package: TimerQuant |
| Version: 1.38.0 |
| Command: /home/biocbuild/bbs-3.21-bioc/R/bin/R CMD build --keep-empty-dirs --no-resave-data TimerQuant |
| StartedAt: 2025-10-16 11:43:10 -0400 (Thu, 16 Oct 2025) |
| EndedAt: 2025-10-16 11:43:21 -0400 (Thu, 16 Oct 2025) |
| EllapsedTime: 11.0 seconds |
| RetCode: 1 |
| Status: ERROR |
| PackageFile: None |
| PackageFileSize: NA |
##############################################################################
##############################################################################
###
### Running command:
###
### /home/biocbuild/bbs-3.21-bioc/R/bin/R CMD build --keep-empty-dirs --no-resave-data TimerQuant
###
##############################################################################
##############################################################################
* checking for file ‘TimerQuant/DESCRIPTION’ ... OK
* preparing ‘TimerQuant’:
* checking DESCRIPTION meta-information ... OK
* installing the package to build vignettes
* creating vignettes ... ERROR
--- re-building ‘genPaperFigures.Rnw’ using knitr
Quitting from genPaperFigures.Rnw:49-76 [fig1b]
~~~~~~~~~~~~~~~~~~~~~~~~~~~~~~~~~~~~~~~~~~~~~~~~~~~~~~~~~~~~~~~~~~~~~~~~~~~~~
<error/rlang_error>
Error:
! <ggplot2::labels> object is invalid:
- every label must be named.
---
Backtrace:
x
1. \-ggplot2::labs(list(linetype = "half-life", color = "fluorophore"))
2. \-ggplot2::class_labels(args)
3. \-S7::new_object(labels)
4. \-S7::validate(object, recursive = !parent_validated)
~~~~~~~~~~~~~~~~~~~~~~~~~~~~~~~~~~~~~~~~~~~~~~~~~~~~~~~~~~~~~~~~~~~~~~~~~~~~~
Error: processing vignette 'genPaperFigures.Rnw' failed with diagnostics:
<ggplot2::labels> object is invalid:
- every label must be named.
--- failed re-building ‘genPaperFigures.Rnw’
--- re-building ‘mathematicalDerivations.Rnw’ using knitr
--- finished re-building ‘mathematicalDerivations.Rnw’
SUMMARY: processing the following file failed:
‘genPaperFigures.Rnw’
Error: Vignette re-building failed.
Execution halted