| Back to Multiple platform build/check report for BioC 3.21: simplified long |
|
This page was generated on 2025-04-22 13:18 -0400 (Tue, 22 Apr 2025).
| Hostname | OS | Arch (*) | R version | Installed pkgs |
|---|---|---|---|---|
| nebbiolo1 | Linux (Ubuntu 24.04.1 LTS) | x86_64 | 4.5.0 RC (2025-04-04 r88126) -- "How About a Twenty-Six" | 4831 |
| palomino7 | Windows Server 2022 Datacenter | x64 | 4.5.0 RC (2025-04-04 r88126 ucrt) -- "How About a Twenty-Six" | 4573 |
| lconway | macOS 12.7.1 Monterey | x86_64 | 4.5.0 RC (2025-04-04 r88126) -- "How About a Twenty-Six" | 4599 |
| kjohnson3 | macOS 13.7.1 Ventura | arm64 | 4.5.0 RC (2025-04-04 r88126) -- "How About a Twenty-Six" | 4553 |
| kunpeng2 | Linux (openEuler 24.03 LTS) | aarch64 | R Under development (unstable) (2025-02-19 r87757) -- "Unsuffered Consequences" | 4570 |
| Click on any hostname to see more info about the system (e.g. compilers) (*) as reported by 'uname -p', except on Windows and Mac OS X | ||||
| Package 2099/2341 | Hostname | OS / Arch | INSTALL | BUILD | CHECK | BUILD BIN | ||||||||
| srnadiff 1.28.0 (landing page) Zytnicki Matthias
| nebbiolo1 | Linux (Ubuntu 24.04.1 LTS) / x86_64 | OK | OK | WARNINGS | |||||||||
| palomino7 | Windows Server 2022 Datacenter / x64 | OK | OK | WARNINGS | OK | |||||||||
| lconway | macOS 12.7.1 Monterey / x86_64 | OK | OK | WARNINGS | OK | |||||||||
| kjohnson3 | macOS 13.7.1 Ventura / arm64 | OK | OK | WARNINGS | OK | |||||||||
| kunpeng2 | Linux (openEuler 24.03 LTS) / aarch64 | OK | OK | WARNINGS | ||||||||||
|
To the developers/maintainers of the srnadiff package: - Allow up to 24 hours (and sometimes 48 hours) for your latest push to git@git.bioconductor.org:packages/srnadiff.git to reflect on this report. See Troubleshooting Build Report for more information. - Use the following Renviron settings to reproduce errors and warnings. - If 'R CMD check' started to fail recently on the Linux builder(s) over a missing dependency, add the missing dependency to 'Suggests:' in your DESCRIPTION file. See Renviron.bioc for more information. |
| Package: srnadiff |
| Version: 1.28.0 |
| Command: /Library/Frameworks/R.framework/Resources/bin/R CMD check --install=check:srnadiff.install-out.txt --library=/Library/Frameworks/R.framework/Resources/library --no-vignettes --timings srnadiff_1.28.0.tar.gz |
| StartedAt: 2025-04-21 21:56:24 -0400 (Mon, 21 Apr 2025) |
| EndedAt: 2025-04-21 21:59:35 -0400 (Mon, 21 Apr 2025) |
| EllapsedTime: 191.3 seconds |
| RetCode: 0 |
| Status: WARNINGS |
| CheckDir: srnadiff.Rcheck |
| Warnings: 1 |
##############################################################################
##############################################################################
###
### Running command:
###
### /Library/Frameworks/R.framework/Resources/bin/R CMD check --install=check:srnadiff.install-out.txt --library=/Library/Frameworks/R.framework/Resources/library --no-vignettes --timings srnadiff_1.28.0.tar.gz
###
##############################################################################
##############################################################################
* using log directory ‘/Users/biocbuild/bbs-3.21-bioc/meat/srnadiff.Rcheck’
* using R version 4.5.0 RC (2025-04-04 r88126)
* using platform: aarch64-apple-darwin20
* R was compiled by
Apple clang version 14.0.0 (clang-1400.0.29.202)
GNU Fortran (GCC) 14.2.0
* running under: macOS Ventura 13.7.1
* using session charset: UTF-8
* using option ‘--no-vignettes’
* checking for file ‘srnadiff/DESCRIPTION’ ... OK
* checking extension type ... Package
* this is package ‘srnadiff’ version ‘1.28.0’
* package encoding: UTF-8
* checking package namespace information ... OK
* checking package dependencies ... OK
* checking if this is a source package ... OK
* checking if there is a namespace ... OK
* checking for hidden files and directories ... OK
* checking for portable file names ... OK
* checking for sufficient/correct file permissions ... OK
* checking whether package ‘srnadiff’ can be installed ... WARNING
Found the following significant warnings:
Warning: replacing previous import 'IRanges::window<-' by 'stats::window<-' when loading 'srnadiff'
Warning: replacing previous import 'S4Vectors::cor' by 'stats::cor' when loading 'srnadiff'
Warning: replacing previous import 'S4Vectors::cov' by 'stats::cov' when loading 'srnadiff'
Warning: replacing previous import 'rtracklayer::start' by 'stats::start' when loading 'srnadiff'
Warning: replacing previous import 'S4Vectors::window' by 'stats::window' when loading 'srnadiff'
Warning: replacing previous import 'IRanges::quantile' by 'stats::quantile' when loading 'srnadiff'
Warning: replacing previous import 'S4Vectors::complete.cases' by 'stats::complete.cases' when loading 'srnadiff'
Warning: replacing previous import 'rtracklayer::offset' by 'stats::offset' when loading 'srnadiff'
Warning: replacing previous import 'rtracklayer::end' by 'stats::end' when loading 'srnadiff'
Warning: replacing previous import 'IRanges::IQR' by 'stats::IQR' when loading 'srnadiff'
Warning: replacing previous import 'S4Vectors::var' by 'stats::var' when loading 'srnadiff'
Warning: replacing previous import 'S4Vectors::xtabs' by 'stats::xtabs' when loading 'srnadiff'
Warning: replacing previous import 'IRanges::median' by 'stats::median' when loading 'srnadiff'
Warning: replacing previous import 'S4Vectors::aggregate' by 'stats::aggregate' when loading 'srnadiff'
Warning: replacing previous import 'S4Vectors::na.omit' by 'stats::na.omit' when loading 'srnadiff'
Warning: replacing previous import 'S4Vectors::sd' by 'stats::sd' when loading 'srnadiff'
Warning: replacing previous import 'IRanges::smoothEnds' by 'stats::smoothEnds' when loading 'srnadiff'
Warning: replacing previous import 'S4Vectors::na.exclude' by 'stats::na.exclude' when loading 'srnadiff'
Warning: replacing previous import 'IRanges::runmed' by 'stats::runmed' when loading 'srnadiff'
Warning: replacing previous import 'IRanges::mad' by 'stats::mad' when loading 'srnadiff'
Warning: replacing previous import 'GenomicRanges::update' by 'stats::update' when loading 'srnadiff'
See ‘/Users/biocbuild/bbs-3.21-bioc/meat/srnadiff.Rcheck/00install.out’ for details.
* used C compiler: ‘Apple clang version 15.0.0 (clang-1500.1.0.2.5)’
* used C++ compiler: ‘Apple clang version 15.0.0 (clang-1500.1.0.2.5)’
* used SDK: ‘MacOSX11.3.sdk’
* checking C++ specification ... NOTE
Specified C++11: please drop specification unless essential
* checking installed package size ... OK
* checking package directory ... OK
* checking ‘build’ directory ... OK
* checking DESCRIPTION meta-information ... NOTE
Packages listed in more than one of Depends, Imports, Suggests, Enhances:
‘BiocManager’ ‘BiocStyle’
A package should be listed in only one of these fields.
* checking top-level files ... OK
* checking for left-over files ... OK
* checking index information ... OK
* checking package subdirectories ... OK
* checking code files for non-ASCII characters ... OK
* checking R files for syntax errors ... OK
* checking whether the package can be loaded ... OK
* checking whether the package can be loaded with stated dependencies ... OK
* checking whether the package can be unloaded cleanly ... OK
* checking whether the namespace can be loaded with stated dependencies ... OK
* checking whether the namespace can be unloaded cleanly ... OK
* checking dependencies in R code ... OK
* checking S3 generic/method consistency ... OK
* checking replacement functions ... OK
* checking foreign function calls ... OK
* checking R code for possible problems ... OK
* checking Rd files ... OK
* checking Rd metadata ... OK
* checking Rd cross-references ... NOTE
Found the following Rd file(s) with Rd \link{} targets missing package
anchors:
plotRegions.Rd: GenomeAxisTrack, GeneRegionTrack, AnnotationTrack,
DataTrack
Please provide package anchors for all Rd \link{} targets not in the
package itself and the base packages.
* checking for missing documentation entries ... OK
* checking for code/documentation mismatches ... OK
* checking Rd \usage sections ... OK
* checking Rd contents ... OK
* checking for unstated dependencies in examples ... OK
* checking line endings in C/C++/Fortran sources/headers ... OK
* checking compiled code ... NOTE
Note: information on .o files is not available
* checking files in ‘vignettes’ ... OK
* checking examples ... OK
* checking for unstated dependencies in ‘tests’ ... OK
* checking tests ...
Running ‘testthat.R’
OK
* checking for unstated dependencies in vignettes ... OK
* checking package vignettes ... OK
* checking running R code from vignettes ... SKIPPED
* checking re-building of vignette outputs ... SKIPPED
* checking PDF version of manual ... OK
* DONE
Status: 1 WARNING, 4 NOTEs
See
‘/Users/biocbuild/bbs-3.21-bioc/meat/srnadiff.Rcheck/00check.log’
for details.
srnadiff.Rcheck/00install.out
##############################################################################
##############################################################################
###
### Running command:
###
### /Library/Frameworks/R.framework/Resources/bin/R CMD INSTALL srnadiff
###
##############################################################################
##############################################################################
* installing to library ‘/Library/Frameworks/R.framework/Versions/4.5-arm64/Resources/library’
* installing *source* package ‘srnadiff’ ...
** this is package ‘srnadiff’ version ‘1.28.0’
** using staged installation
** libs
using C compiler: ‘Apple clang version 15.0.0 (clang-1500.1.0.2.5)’
using C++ compiler: ‘Apple clang version 15.0.0 (clang-1500.1.0.2.5)’
using C++11
using SDK: ‘MacOSX11.3.sdk’
clang++ -arch arm64 -std=gnu++11 -I"/Library/Frameworks/R.framework/Resources/include" -DNDEBUG -I'/Library/Frameworks/R.framework/Versions/4.5-arm64/Resources/library/Rcpp/include' -I/opt/R/arm64/include -fPIC -falign-functions=64 -Wall -g -O2 -c RcppExports.cpp -o RcppExports.o
clang++ -arch arm64 -std=gnu++11 -I"/Library/Frameworks/R.framework/Resources/include" -DNDEBUG -I'/Library/Frameworks/R.framework/Versions/4.5-arm64/Resources/library/Rcpp/include' -I/opt/R/arm64/include -fPIC -falign-functions=64 -Wall -g -O2 -c rcpp_hmm.cpp -o rcpp_hmm.o
rcpp_hmm.cpp:109:17: warning: variable 'cpt' set but not used [-Wunused-but-set-variable]
int cpt = 0;
^
1 warning generated.
clang++ -arch arm64 -std=gnu++11 -I"/Library/Frameworks/R.framework/Resources/include" -DNDEBUG -I'/Library/Frameworks/R.framework/Versions/4.5-arm64/Resources/library/Rcpp/include' -I/opt/R/arm64/include -fPIC -falign-functions=64 -Wall -g -O2 -c rcpp_ir.cpp -o rcpp_ir.o
clang++ -arch arm64 -std=gnu++11 -I"/Library/Frameworks/R.framework/Resources/include" -DNDEBUG -I'/Library/Frameworks/R.framework/Versions/4.5-arm64/Resources/library/Rcpp/include' -I/opt/R/arm64/include -fPIC -falign-functions=64 -Wall -g -O2 -c rcpp_main.cpp -o rcpp_main.o
clang++ -arch arm64 -std=gnu++11 -I"/Library/Frameworks/R.framework/Resources/include" -DNDEBUG -I'/Library/Frameworks/R.framework/Versions/4.5-arm64/Resources/library/Rcpp/include' -I/opt/R/arm64/include -fPIC -falign-functions=64 -Wall -g -O2 -c rcpp_utils.cpp -o rcpp_utils.o
clang -arch arm64 -I"/Library/Frameworks/R.framework/Resources/include" -DNDEBUG -I'/Library/Frameworks/R.framework/Versions/4.5-arm64/Resources/library/Rcpp/include' -I/opt/R/arm64/include -fPIC -falign-functions=64 -Wall -g -O2 -c srnadiff_init.c -o srnadiff_init.o
clang++ -arch arm64 -std=gnu++11 -dynamiclib -Wl,-headerpad_max_install_names -undefined dynamic_lookup -L/Library/Frameworks/R.framework/Resources/lib -L/opt/R/arm64/lib -o srnadiff.so RcppExports.o rcpp_hmm.o rcpp_ir.o rcpp_main.o rcpp_utils.o srnadiff_init.o -F/Library/Frameworks/R.framework/.. -framework R
installing to /Library/Frameworks/R.framework/Versions/4.5-arm64/Resources/library/00LOCK-srnadiff/00new/srnadiff/libs
** R
** inst
** byte-compile and prepare package for lazy loading
Warning: replacing previous import 'IRanges::window<-' by 'stats::window<-' when loading 'srnadiff'
Warning: replacing previous import 'S4Vectors::cor' by 'stats::cor' when loading 'srnadiff'
Warning: replacing previous import 'S4Vectors::cov' by 'stats::cov' when loading 'srnadiff'
Warning: replacing previous import 'rtracklayer::start' by 'stats::start' when loading 'srnadiff'
Warning: replacing previous import 'S4Vectors::window' by 'stats::window' when loading 'srnadiff'
Warning: replacing previous import 'IRanges::quantile' by 'stats::quantile' when loading 'srnadiff'
Warning: replacing previous import 'S4Vectors::complete.cases' by 'stats::complete.cases' when loading 'srnadiff'
Warning: replacing previous import 'rtracklayer::offset' by 'stats::offset' when loading 'srnadiff'
Warning: replacing previous import 'rtracklayer::end' by 'stats::end' when loading 'srnadiff'
Warning: replacing previous import 'IRanges::IQR' by 'stats::IQR' when loading 'srnadiff'
Warning: replacing previous import 'S4Vectors::var' by 'stats::var' when loading 'srnadiff'
Warning: replacing previous import 'S4Vectors::xtabs' by 'stats::xtabs' when loading 'srnadiff'
Warning: replacing previous import 'IRanges::median' by 'stats::median' when loading 'srnadiff'
Warning: replacing previous import 'S4Vectors::aggregate' by 'stats::aggregate' when loading 'srnadiff'
Warning: replacing previous import 'S4Vectors::na.omit' by 'stats::na.omit' when loading 'srnadiff'
Warning: replacing previous import 'S4Vectors::sd' by 'stats::sd' when loading 'srnadiff'
Warning: replacing previous import 'IRanges::smoothEnds' by 'stats::smoothEnds' when loading 'srnadiff'
Warning: replacing previous import 'S4Vectors::na.exclude' by 'stats::na.exclude' when loading 'srnadiff'
Warning: replacing previous import 'IRanges::runmed' by 'stats::runmed' when loading 'srnadiff'
Warning: replacing previous import 'IRanges::mad' by 'stats::mad' when loading 'srnadiff'
Warning: replacing previous import 'GenomicRanges::update' by 'stats::update' when loading 'srnadiff'
** help
*** installing help indices
** building package indices
** installing vignettes
** testing if installed package can be loaded from temporary location
Warning: replacing previous import 'IRanges::window<-' by 'stats::window<-' when loading 'srnadiff'
Warning: replacing previous import 'S4Vectors::cor' by 'stats::cor' when loading 'srnadiff'
Warning: replacing previous import 'S4Vectors::cov' by 'stats::cov' when loading 'srnadiff'
Warning: replacing previous import 'rtracklayer::start' by 'stats::start' when loading 'srnadiff'
Warning: replacing previous import 'S4Vectors::window' by 'stats::window' when loading 'srnadiff'
Warning: replacing previous import 'IRanges::quantile' by 'stats::quantile' when loading 'srnadiff'
Warning: replacing previous import 'S4Vectors::complete.cases' by 'stats::complete.cases' when loading 'srnadiff'
Warning: replacing previous import 'rtracklayer::offset' by 'stats::offset' when loading 'srnadiff'
Warning: replacing previous import 'rtracklayer::end' by 'stats::end' when loading 'srnadiff'
Warning: replacing previous import 'IRanges::IQR' by 'stats::IQR' when loading 'srnadiff'
Warning: replacing previous import 'S4Vectors::var' by 'stats::var' when loading 'srnadiff'
Warning: replacing previous import 'S4Vectors::xtabs' by 'stats::xtabs' when loading 'srnadiff'
Warning: replacing previous import 'IRanges::median' by 'stats::median' when loading 'srnadiff'
Warning: replacing previous import 'S4Vectors::aggregate' by 'stats::aggregate' when loading 'srnadiff'
Warning: replacing previous import 'S4Vectors::na.omit' by 'stats::na.omit' when loading 'srnadiff'
Warning: replacing previous import 'S4Vectors::sd' by 'stats::sd' when loading 'srnadiff'
Warning: replacing previous import 'IRanges::smoothEnds' by 'stats::smoothEnds' when loading 'srnadiff'
Warning: replacing previous import 'S4Vectors::na.exclude' by 'stats::na.exclude' when loading 'srnadiff'
Warning: replacing previous import 'IRanges::runmed' by 'stats::runmed' when loading 'srnadiff'
Warning: replacing previous import 'IRanges::mad' by 'stats::mad' when loading 'srnadiff'
Warning: replacing previous import 'GenomicRanges::update' by 'stats::update' when loading 'srnadiff'
** checking absolute paths in shared objects and dynamic libraries
** testing if installed package can be loaded from final location
Warning: replacing previous import 'IRanges::window<-' by 'stats::window<-' when loading 'srnadiff'
Warning: replacing previous import 'S4Vectors::cor' by 'stats::cor' when loading 'srnadiff'
Warning: replacing previous import 'S4Vectors::cov' by 'stats::cov' when loading 'srnadiff'
Warning: replacing previous import 'rtracklayer::start' by 'stats::start' when loading 'srnadiff'
Warning: replacing previous import 'S4Vectors::window' by 'stats::window' when loading 'srnadiff'
Warning: replacing previous import 'IRanges::quantile' by 'stats::quantile' when loading 'srnadiff'
Warning: replacing previous import 'S4Vectors::complete.cases' by 'stats::complete.cases' when loading 'srnadiff'
Warning: replacing previous import 'rtracklayer::offset' by 'stats::offset' when loading 'srnadiff'
Warning: replacing previous import 'rtracklayer::end' by 'stats::end' when loading 'srnadiff'
Warning: replacing previous import 'IRanges::IQR' by 'stats::IQR' when loading 'srnadiff'
Warning: replacing previous import 'S4Vectors::var' by 'stats::var' when loading 'srnadiff'
Warning: replacing previous import 'S4Vectors::xtabs' by 'stats::xtabs' when loading 'srnadiff'
Warning: replacing previous import 'IRanges::median' by 'stats::median' when loading 'srnadiff'
Warning: replacing previous import 'S4Vectors::aggregate' by 'stats::aggregate' when loading 'srnadiff'
Warning: replacing previous import 'S4Vectors::na.omit' by 'stats::na.omit' when loading 'srnadiff'
Warning: replacing previous import 'S4Vectors::sd' by 'stats::sd' when loading 'srnadiff'
Warning: replacing previous import 'IRanges::smoothEnds' by 'stats::smoothEnds' when loading 'srnadiff'
Warning: replacing previous import 'S4Vectors::na.exclude' by 'stats::na.exclude' when loading 'srnadiff'
Warning: replacing previous import 'IRanges::runmed' by 'stats::runmed' when loading 'srnadiff'
Warning: replacing previous import 'IRanges::mad' by 'stats::mad' when loading 'srnadiff'
Warning: replacing previous import 'GenomicRanges::update' by 'stats::update' when loading 'srnadiff'
** testing if installed package keeps a record of temporary installation path
* DONE (srnadiff)
srnadiff.Rcheck/tests/testthat.Rout
R version 4.5.0 RC (2025-04-04 r88126) -- "How About a Twenty-Six"
Copyright (C) 2025 The R Foundation for Statistical Computing
Platform: aarch64-apple-darwin20
R is free software and comes with ABSOLUTELY NO WARRANTY.
You are welcome to redistribute it under certain conditions.
Type 'license()' or 'licence()' for distribution details.
R is a collaborative project with many contributors.
Type 'contributors()' for more information and
'citation()' on how to cite R or R packages in publications.
Type 'demo()' for some demos, 'help()' for on-line help, or
'help.start()' for an HTML browser interface to help.
Type 'q()' to quit R.
> library(Rcpp)
> library(testthat)
> library(srnadiff)
There were 21 warnings (use warnings() to see them)
>
> test_check("srnadiff")
[ FAIL 0 | WARN 0 | SKIP 0 | PASS 33 ]
>
> proc.time()
user system elapsed
34.364 6.295 36.616
srnadiff.Rcheck/srnadiff-Ex.timings
| name | user | system | elapsed | |
| annotReg | 0.048 | 0.005 | 0.054 | |
| bamFiles | 0.068 | 0.006 | 0.074 | |
| chromosomeSizes | 0.016 | 0.001 | 0.020 | |
| countMatrix | 4.125 | 0.342 | 4.171 | |
| coverages | 0.027 | 0.002 | 0.028 | |
| normFactors | 0.016 | 0.001 | 0.017 | |
| parameters | 2.940 | 0.711 | 3.021 | |
| plotRegions | 4.308 | 0.549 | 4.545 | |
| readAnnotation | 0.520 | 0.010 | 0.532 | |
| regions | 1.500 | 0.415 | 1.597 | |
| sampleInfo | 0.016 | 0.001 | 0.017 | |
| srnadiff | 1.483 | 0.342 | 1.554 | |
| srnadiffDefaultParameters | 2.049 | 0.498 | 2.259 | |
| srnadiffExample | 0.016 | 0.002 | 0.019 | |
| srnadiffExp | 0.581 | 0.031 | 0.614 | |