| Back to Multiple platform build/check report for BioC 3.21: simplified long |
|
This page was generated on 2025-10-16 11:41 -0400 (Thu, 16 Oct 2025).
| Hostname | OS | Arch (*) | R version | Installed pkgs |
|---|---|---|---|---|
| nebbiolo1 | Linux (Ubuntu 24.04.3 LTS) | x86_64 | 4.5.1 (2025-06-13) -- "Great Square Root" | 4833 |
| merida1 | macOS 12.7.6 Monterey | x86_64 | 4.5.1 RC (2025-06-05 r88288) -- "Great Square Root" | 4614 |
| kjohnson1 | macOS 13.7.5 Ventura | arm64 | 4.5.1 Patched (2025-06-14 r88325) -- "Great Square Root" | 4555 |
| kunpeng2 | Linux (openEuler 24.03 LTS) | aarch64 | R Under development (unstable) (2025-02-19 r87757) -- "Unsuffered Consequences" | 4586 |
| Click on any hostname to see more info about the system (e.g. compilers) (*) as reported by 'uname -p', except on Windows and Mac OS X | ||||
| Package 2060/2341 | Hostname | OS / Arch | INSTALL | BUILD | CHECK | BUILD BIN | ||||||||
| spatialFDA 1.0.0 (landing page) Martin Emons
| nebbiolo1 | Linux (Ubuntu 24.04.3 LTS) / x86_64 | OK | OK | OK | |||||||||
| merida1 | macOS 12.7.6 Monterey / x86_64 | OK | OK | OK | OK | |||||||||
| kjohnson1 | macOS 13.7.5 Ventura / arm64 | OK | OK | OK | OK | |||||||||
| kunpeng2 | Linux (openEuler 24.03 LTS) / aarch64 | OK | OK | ERROR | ||||||||||
|
To the developers/maintainers of the spatialFDA package: - Allow up to 24 hours (and sometimes 48 hours) for your latest push to git@git.bioconductor.org:packages/spatialFDA.git to reflect on this report. See Troubleshooting Build Report for more information. - Use the following Renviron settings to reproduce errors and warnings. - If 'R CMD check' started to fail recently on the Linux builder(s) over a missing dependency, add the missing dependency to 'Suggests:' in your DESCRIPTION file. See Renviron.bioc for more information. - See Martin Grigorov's blog post for how to debug Linux ARM64 related issues on a x86_64 host. |
| Package: spatialFDA |
| Version: 1.0.0 |
| Command: /home/biocbuild/R/R/bin/R CMD check --install=check:spatialFDA.install-out.txt --library=/home/biocbuild/R/R/site-library --no-vignettes --timings spatialFDA_1.0.0.tar.gz |
| StartedAt: 2025-10-14 14:37:38 -0000 (Tue, 14 Oct 2025) |
| EndedAt: 2025-10-14 14:49:05 -0000 (Tue, 14 Oct 2025) |
| EllapsedTime: 686.8 seconds |
| RetCode: 1 |
| Status: ERROR |
| CheckDir: spatialFDA.Rcheck |
| Warnings: NA |
##############################################################################
##############################################################################
###
### Running command:
###
### /home/biocbuild/R/R/bin/R CMD check --install=check:spatialFDA.install-out.txt --library=/home/biocbuild/R/R/site-library --no-vignettes --timings spatialFDA_1.0.0.tar.gz
###
##############################################################################
##############################################################################
* using log directory ‘/home/biocbuild/bbs-3.21-bioc/meat/spatialFDA.Rcheck’
* using R Under development (unstable) (2025-02-19 r87757)
* using platform: aarch64-unknown-linux-gnu
* R was compiled by
aarch64-unknown-linux-gnu-gcc (GCC) 14.2.0
GNU Fortran (GCC) 14.2.0
* running under: openEuler 24.03 (LTS-SP1)
* using session charset: UTF-8
* using option ‘--no-vignettes’
* checking for file ‘spatialFDA/DESCRIPTION’ ... OK
* this is package ‘spatialFDA’ version ‘1.0.0’
* package encoding: UTF-8
* checking package namespace information ... OK
* checking package dependencies ... OK
* checking if this is a source package ... OK
* checking if there is a namespace ... OK
* checking for hidden files and directories ... OK
* checking for portable file names ... OK
* checking for sufficient/correct file permissions ... OK
* checking whether package ‘spatialFDA’ can be installed ... OK
* checking installed package size ... OK
* checking package directory ... OK
* checking ‘build’ directory ... OK
* checking DESCRIPTION meta-information ... OK
* checking top-level files ... OK
* checking for left-over files ... OK
* checking index information ... OK
* checking package subdirectories ... OK
* checking code files for non-ASCII characters ... OK
* checking R files for syntax errors ... OK
* checking whether the package can be loaded ... OK
* checking whether the package can be loaded with stated dependencies ... OK
* checking whether the package can be unloaded cleanly ... OK
* checking whether the namespace can be loaded with stated dependencies ... OK
* checking whether the namespace can be unloaded cleanly ... OK
* checking loading without being on the library search path ... OK
* checking dependencies in R code ... OK
* checking S3 generic/method consistency ... OK
* checking replacement functions ... OK
* checking foreign function calls ... OK
* checking R code for possible problems ... OK
* checking Rd files ... OK
* checking Rd metadata ... OK
* checking Rd cross-references ... OK
* checking for missing documentation entries ... OK
* checking for code/documentation mismatches ... OK
* checking Rd \usage sections ... OK
* checking Rd contents ... OK
* checking for unstated dependencies in examples ... OK
* checking files in ‘vignettes’ ... OK
* checking examples ... ERROR
Running examples in ‘spatialFDA-Ex.R’ failed
The error most likely occurred in:
> base::assign(".ptime", proc.time(), pos = "CheckExEnv")
> ### Name: plotCrossMetricPerFov
> ### Title: Plot a cross type spatial metric per field of view
> ### Aliases: plotCrossMetricPerFov
>
> ### ** Examples
>
> # retrieve example data from Damond et al. (2019)
> spe <- .loadExample()
imcdatasets not installed.
Full functionality, documentation, and loading of data might not be possible without installing
loading from cache
require(“SingleCellExperiment”)
> metricRes <- calcCrossMetricPerFov(spe, c("alpha", "beta"),
+ subsetby = "image_number", fun = "Gcross", marks = "cell_type",
+ rSeq = seq(0, 50, length.out = 50), by = c(
+ "patient_stage", "patient_id",
+ "image_number"
+ ),
+ ncores = 1
+ )
[1] "Calculating Gcross from alpha to alpha"
[1] "Calculating Gcross from beta to alpha"
[1] "Calculating Gcross from alpha to beta"
[1] "Calculating Gcross from beta to beta"
>
> metricRes$ID <- paste0(
+ metricRes$patient_stage, "|", metricRes$patient_id
+ )
>
> metricRes <- subset(metricRes, image_number %in% c(138, 139, 140))
> p <- plotCrossMetricPerFov(metricRes,
+ theo = TRUE, correction = "rs",
+ x = "r", imageId = "image_number", ID = "ID"
+ )
Error: Can't find method for generic `&(e1, e2)`:
- e1: <patchwork>
- e2: <theme>
Execution halted
Examples with CPU (user + system) or elapsed time > 5s
user system elapsed
calcCrossMetricPerFov 21.976 1.612 32.688
functionalGam 17.037 0.593 22.370
functionalPCA 9.518 0.598 15.337
calcMetricPerFov 8.927 0.759 16.142
dot-dfToppp 7.889 0.583 12.854
dot-extractMetric 7.882 0.536 12.790
dot-speToDf 7.305 0.413 12.814
dot-loadExample 5.524 0.462 10.546
* checking for unstated dependencies in ‘tests’ ... OK
* checking tests ...
Running ‘testthat.R’
OK
* checking for unstated dependencies in vignettes ... OK
* checking package vignettes ... OK
* checking running R code from vignettes ... SKIPPED
* checking re-building of vignette outputs ... SKIPPED
* checking PDF version of manual ... OK
* DONE
Status: 1 ERROR
See
‘/home/biocbuild/bbs-3.21-bioc/meat/spatialFDA.Rcheck/00check.log’
for details.
spatialFDA.Rcheck/00install.out
############################################################################## ############################################################################## ### ### Running command: ### ### /home/biocbuild/R/R/bin/R CMD INSTALL spatialFDA ### ############################################################################## ############################################################################## * installing to library ‘/home/biocbuild/R/R-devel_2025-02-19/site-library’ * installing *source* package ‘spatialFDA’ ... ** this is package ‘spatialFDA’ version ‘1.0.0’ ** using staged installation ** R ** byte-compile and prepare package for lazy loading ** help *** installing help indices ** building package indices ** installing vignettes ** testing if installed package can be loaded from temporary location ** testing if installed package can be loaded from final location ** testing if installed package keeps a record of temporary installation path * DONE (spatialFDA)
spatialFDA.Rcheck/tests/testthat.Rout
R Under development (unstable) (2025-02-19 r87757) -- "Unsuffered Consequences"
Copyright (C) 2025 The R Foundation for Statistical Computing
Platform: aarch64-unknown-linux-gnu
R is free software and comes with ABSOLUTELY NO WARRANTY.
You are welcome to redistribute it under certain conditions.
Type 'license()' or 'licence()' for distribution details.
R is a collaborative project with many contributors.
Type 'contributors()' for more information and
'citation()' on how to cite R or R packages in publications.
Type 'demo()' for some demos, 'help()' for on-line help, or
'help.start()' for an HTML browser interface to help.
Type 'q()' to quit R.
> # This file is part of the standard setup for testthat.
> # It is recommended that you do not modify it.
> #
> # Where should you do additional test configuration?
> # Learn more about the roles of various files in:
> # * https://r-pkgs.org/testing-design.html#sec-tests-files-overview
> # * https://testthat.r-lib.org/articles/special-files.html
>
> library(testthat)
> library(spatialFDA)
>
> test_check("spatialFDA")
imcdatasets not installed.
Full functionality, documentation, and loading of data might not be possible without installing
loading from cache
require("SingleCellExperiment")
[1] "Calculating Gest of alpha"
[1] "Calculating markcorr of alpha"
[1] "Calculating Gcross from alpha to beta"
[1] "Calculating Gest of alpha"
[1] "Calculating Gcross from alpha to alpha"
[1] "Calculating Gcross from beta to alpha"
[1] "Calculating Gcross from delta to alpha"
[1] "Calculating Gcross from alpha to beta"
[1] "Calculating Gcross from beta to beta"
[1] "Calculating Gcross from delta to beta"
[1] "Calculating Gcross from alpha to delta"
[1] "Calculating Gcross from beta to delta"
[1] "Calculating Gcross from delta to delta"
[1] "alpha"
[1] "Calculating Kdot of alpha"
[1] "beta"
[1] "Calculating Kdot of beta"
[1] "delta"
[1] "Calculating Kdot of delta"
[1] "Calculating Lcross from alpha to Tc"
[1] "Calculating Gcross from alpha to Tc"
Attaching package: 'tidyr'
The following object is masked from 'package:S4Vectors':
expand
The following object is masked from 'package:testthat':
matches
Attaching package: 'dplyr'
The following object is masked from 'package:Biobase':
combine
The following objects are masked from 'package:GenomicRanges':
intersect, setdiff, union
The following object is masked from 'package:GenomeInfoDb':
intersect
The following objects are masked from 'package:IRanges':
collapse, desc, intersect, setdiff, slice, union
The following objects are masked from 'package:S4Vectors':
first, intersect, rename, setdiff, setequal, union
The following objects are masked from 'package:BiocGenerics':
combine, intersect, setdiff, setequal, union
The following object is masked from 'package:generics':
explain
The following object is masked from 'package:matrixStats':
count
The following object is masked from 'package:testthat':
matches
The following objects are masked from 'package:stats':
filter, lag
The following objects are masked from 'package:base':
intersect, setdiff, setequal, union
imcdatasets not installed.
Full functionality, documentation, and loading of data might not be possible without installing
loading from cache
[1] "Calculating Gcross from alpha to beta"
imcdatasets not installed.
Full functionality, documentation, and loading of data might not be possible without installing
loading from cache
[1] "Calculating Gcross from alpha to beta"
[ FAIL 0 | WARN 2 | SKIP 0 | PASS 42 ]
[ FAIL 0 | WARN 2 | SKIP 0 | PASS 42 ]
>
> proc.time()
user system elapsed
142.491 4.314 182.053
spatialFDA.Rcheck/spatialFDA-Ex.timings
| name | user | system | elapsed | |
| calcCrossMetricPerFov | 21.976 | 1.612 | 32.688 | |
| calcMetricPerFov | 8.927 | 0.759 | 16.142 | |
| dot-dfToppp | 7.889 | 0.583 | 12.854 | |
| dot-extractMetric | 7.882 | 0.536 | 12.790 | |
| dot-loadExample | 5.524 | 0.462 | 10.546 | |
| dot-speToDf | 7.305 | 0.413 | 12.814 | |
| functionalGam | 17.037 | 0.593 | 22.370 | |
| functionalPCA | 9.518 | 0.598 | 15.337 | |