| Back to Multiple platform build/check report for BioC 3.21: simplified long | 
 | 
This page was generated on 2025-08-18 11:42 -0400 (Mon, 18 Aug 2025).
| Hostname | OS | Arch (*) | R version | Installed pkgs | 
|---|---|---|---|---|
| nebbiolo1 | Linux (Ubuntu 24.04.3 LTS) | x86_64 | 4.5.1 (2025-06-13) -- "Great Square Root" | 4824 | 
| palomino7 | Windows Server 2022 Datacenter | x64 | 4.5.1 (2025-06-13 ucrt) -- "Great Square Root" | 4566 | 
| merida1 | macOS 12.7.5 Monterey | x86_64 | 4.5.1 RC (2025-06-05 r88288) -- "Great Square Root" | 4604 | 
| kjohnson1 | macOS 13.6.6 Ventura | arm64 | 4.5.1 Patched (2025-06-14 r88325) -- "Great Square Root" | 4545 | 
| kunpeng2 | Linux (openEuler 24.03 LTS) | aarch64 | R Under development (unstable) (2025-02-19 r87757) -- "Unsuffered Consequences" | 4579 | 
| Click on any hostname to see more info about the system (e.g. compilers) (*) as reported by 'uname -p', except on Windows and Mac OS X | ||||
| Package 1466/2341 | Hostname | OS / Arch | INSTALL | BUILD | CHECK | BUILD BIN | ||||||||
| octad 1.10.0  (landing page) E. Chekalin 
 | nebbiolo1 | Linux (Ubuntu 24.04.3 LTS) / x86_64 | OK | OK | ERROR | |||||||||
| palomino7 | Windows Server 2022 Datacenter / x64 | OK | OK | ERROR | OK | |||||||||
| merida1 | macOS 12.7.5 Monterey / x86_64 | OK | OK | ERROR | OK | |||||||||
| kjohnson1 | macOS 13.6.6 Ventura / arm64 | OK | OK | ERROR | OK | |||||||||
| kunpeng2 | Linux (openEuler 24.03 LTS) / aarch64 | OK | OK | ERROR | ||||||||||
| To the developers/maintainers of the octad package: - Allow up to 24 hours (and sometimes 48 hours) for your latest push to git@git.bioconductor.org:packages/octad.git to reflect on this report. See Troubleshooting Build Report for more information. - Use the following Renviron settings to reproduce errors and warnings. - If 'R CMD check' started to fail recently on the Linux builder(s) over a missing dependency, add the missing dependency to 'Suggests:' in your DESCRIPTION file. See Renviron.bioc for more information. | 
| Package: octad | 
| Version: 1.10.0 | 
| Command: E:\biocbuild\bbs-3.21-bioc\R\bin\R.exe CMD check --no-multiarch --install=check:octad.install-out.txt --library=E:\biocbuild\bbs-3.21-bioc\R\library --no-vignettes --timings octad_1.10.0.tar.gz | 
| StartedAt: 2025-08-15 04:57:56 -0400 (Fri, 15 Aug 2025) | 
| EndedAt: 2025-08-15 05:07:06 -0400 (Fri, 15 Aug 2025) | 
| EllapsedTime: 550.8 seconds | 
| RetCode: 1 | 
| Status: ERROR | 
| CheckDir: octad.Rcheck | 
| Warnings: NA | 
##############################################################################
##############################################################################
###
### Running command:
###
###   E:\biocbuild\bbs-3.21-bioc\R\bin\R.exe CMD check --no-multiarch --install=check:octad.install-out.txt --library=E:\biocbuild\bbs-3.21-bioc\R\library --no-vignettes --timings octad_1.10.0.tar.gz
###
##############################################################################
##############################################################################
* using log directory 'E:/biocbuild/bbs-3.21-bioc/meat/octad.Rcheck'
* using R version 4.5.1 (2025-06-13 ucrt)
* using platform: x86_64-w64-mingw32
* R was compiled by
    gcc.exe (GCC) 14.2.0
    GNU Fortran (GCC) 14.2.0
* running under: Windows Server 2022 x64 (build 20348)
* using session charset: UTF-8
* using option '--no-vignettes'
* checking for file 'octad/DESCRIPTION' ... OK
* this is package 'octad' version '1.10.0'
* package encoding: UTF-8
* checking package namespace information ... OK
* checking package dependencies ... INFO
Depends: includes the non-default packages:
  'magrittr', 'dplyr', 'ggplot2', 'edgeR', 'RUVSeq', 'DESeq2', 'limma',
  'rhdf5', 'foreach', 'Rfast', 'octad.db', 'httr', 'qpdf',
  'ExperimentHub', 'AnnotationHub', 'Biobase', 'S4Vectors'
Adding so many packages to the search path is excessive and importing
selectively is preferable.
* checking if this is a source package ... OK
* checking if there is a namespace ... OK
* checking for hidden files and directories ... NOTE
Found the following hidden files and directories:
  .BBSoptions
These were most likely included in error. See section 'Package
structure' in the 'Writing R Extensions' manual.
* checking for portable file names ... OK
* checking whether package 'octad' can be installed ... OK
* checking installed package size ... OK
* checking package directory ... OK
* checking 'build' directory ... OK
* checking DESCRIPTION meta-information ... OK
* checking top-level files ... OK
* checking for left-over files ... OK
* checking index information ... OK
* checking package subdirectories ... OK
* checking code files for non-ASCII characters ... OK
* checking R files for syntax errors ... OK
* checking whether the package can be loaded ... OK
* checking whether the package can be loaded with stated dependencies ... OK
* checking whether the package can be unloaded cleanly ... OK
* checking whether the namespace can be loaded with stated dependencies ... OK
* checking whether the namespace can be unloaded cleanly ... OK
* checking dependencies in R code ... NOTE
Packages in Depends field not imported from:
  'httr' 'qpdf'
  These packages need to be imported from (in the NAMESPACE file)
  for when this namespace is loaded but not attached.
* checking S3 generic/method consistency ... OK
* checking replacement functions ... OK
* checking foreign function calls ... OK
* checking R code for possible problems ... NOTE
diffExp: no visible binding for global variable 'case'
diffExp: no visible binding for global variable 'control'
runsRGES: no visible binding for global variable 'RGES'
topLineEval: no visible binding for global variable 'sRGES'
topLineEval: no visible binding for global variable 'medauc'
Undefined global functions or variables:
  RGES case control medauc sRGES
* checking Rd files ... OK
* checking Rd metadata ... OK
* checking Rd cross-references ... OK
* checking for missing documentation entries ... OK
* checking for code/documentation mismatches ... OK
* checking Rd \usage sections ... OK
* checking Rd contents ... OK
* checking for unstated dependencies in examples ... OK
* checking contents of 'data' directory ... OK
* checking data for non-ASCII characters ... OK
* checking data for ASCII and uncompressed saves ... OK
* checking files in 'vignettes' ... OK
* checking examples ... ERROR
Running examples in 'octad-Ex.R' failed
The error most likely occurred in:
> base::assign(".ptime", proc.time(), pos = "CheckExEnv")
> ### Name: computeRefTissue
> ### Title: Compute correlating reference control samples.
> ### Aliases: computeRefTissue
> ### Keywords: computeRefTissue
> 
> ### ** Examples
> 
> #select data
> #load data.frame with samples included in the OCTAD database
> phenoDF=get_ExperimentHub_data('EH7274') 
see ?octad.db and browseVignettes('octad.db') for documentation
loading from cache
> HCC_primary=subset(phenoDF,cancer=='Liver Hepatocellular Carcinoma'&
+ sample.type == 'primary'&data.source == 'TCGA')
> #select cases
> case_id=HCC_primary$sample.id
> #computing reference tissue, by default using small autoEncoder,
> #but can use custom expression set,
> #by default output=TRUE and outputFolder option is empty,
> #which creates control corMatrix.csv to working directory
> control_id=computeRefTissue(case_id,outputFolder='',output=TRUE,
+ expSet = "octad",control_size = 50)
see ?octad.db and browseVignettes('octad.db') for documentation
loading from cache
Error in dir.create(outputFolder) : zero-length 'path' argument
Calls: computeRefTissue -> dir.create
Execution halted
Examples with CPU (user + system) or elapsed time > 5s
                user system elapsed
computeCellLine 66.7   4.62   80.65
* checking for unstated dependencies in vignettes ... OK
* checking package vignettes ... OK
* checking running R code from vignettes ... SKIPPED
* checking re-building of vignette outputs ... SKIPPED
* checking PDF version of manual ... OK
* DONE
Status: 1 ERROR, 3 NOTEs
See
  'E:/biocbuild/bbs-3.21-bioc/meat/octad.Rcheck/00check.log'
for details.
octad.Rcheck/00install.out
############################################################################## ############################################################################## ### ### Running command: ### ### E:\biocbuild\bbs-3.21-bioc\R\bin\R.exe CMD INSTALL octad ### ############################################################################## ############################################################################## * installing to library 'E:/biocbuild/bbs-3.21-bioc/R/library' * installing *source* package 'octad' ... ** this is package 'octad' version '1.10.0' ** using staged installation ** R ** data ** inst ** byte-compile and prepare package for lazy loading ** help *** installing help indices ** building package indices ** installing vignettes ** testing if installed package can be loaded from temporary location ** testing if installed package can be loaded from final location ** testing if installed package keeps a record of temporary installation path * DONE (octad)
octad.Rcheck/octad-Ex.timings
| name | user | system | elapsed | |
| computeCellLine | 66.70 | 4.62 | 80.65 | |