| Back to Multiple platform build/check report for BioC 3.21: simplified long | 
 | 
This page was generated on 2025-10-16 11:39 -0400 (Thu, 16 Oct 2025).
| Hostname | OS | Arch (*) | R version | Installed pkgs | 
|---|---|---|---|---|
| nebbiolo1 | Linux (Ubuntu 24.04.3 LTS) | x86_64 | 4.5.1 (2025-06-13) -- "Great Square Root" | 4833 | 
| merida1 | macOS 12.7.6 Monterey | x86_64 | 4.5.1 RC (2025-06-05 r88288) -- "Great Square Root" | 4614 | 
| kjohnson1 | macOS 13.7.5 Ventura | arm64 | 4.5.1 Patched (2025-06-14 r88325) -- "Great Square Root" | 4555 | 
| kunpeng2 | Linux (openEuler 24.03 LTS) | aarch64 | R Under development (unstable) (2025-02-19 r87757) -- "Unsuffered Consequences" | 4586 | 
| Click on any hostname to see more info about the system (e.g. compilers) (*) as reported by 'uname -p', except on Windows and Mac OS X | ||||
| Package 870/2341 | Hostname | OS / Arch | INSTALL | BUILD | CHECK | BUILD BIN | ||||||||
| ggmsa 1.14.1  (landing page) Guangchuang Yu 
 | nebbiolo1 | Linux (Ubuntu 24.04.3 LTS) / x86_64 | OK | OK | WARNINGS |  | ||||||||
| merida1 | macOS 12.7.6 Monterey / x86_64 | OK | OK | WARNINGS | OK |  | ||||||||
| kjohnson1 | macOS 13.7.5 Ventura / arm64 | OK | OK | WARNINGS | OK |  | ||||||||
| kunpeng2 | Linux (openEuler 24.03 LTS) / aarch64 | ERROR | ERROR | skipped | ||||||||||
| To the developers/maintainers of the ggmsa package: - Allow up to 24 hours (and sometimes 48 hours) for your latest push to git@git.bioconductor.org:packages/ggmsa.git to reflect on this report. See Troubleshooting Build Report for more information. - Use the following Renviron settings to reproduce errors and warnings. - If 'R CMD check' started to fail recently on the Linux builder(s) over a missing dependency, add the missing dependency to 'Suggests:' in your DESCRIPTION file. See Renviron.bioc for more information. | 
| Package: ggmsa | 
| Version: 1.14.1 | 
| Command: /Library/Frameworks/R.framework/Resources/bin/R CMD check --install=check:ggmsa.install-out.txt --library=/Library/Frameworks/R.framework/Resources/library --no-vignettes --timings ggmsa_1.14.1.tar.gz | 
| StartedAt: 2025-10-14 04:31:08 -0400 (Tue, 14 Oct 2025) | 
| EndedAt: 2025-10-14 04:36:05 -0400 (Tue, 14 Oct 2025) | 
| EllapsedTime: 296.7 seconds | 
| RetCode: 0 | 
| Status: WARNINGS | 
| CheckDir: ggmsa.Rcheck | 
| Warnings: 1 | 
##############################################################################
##############################################################################
###
### Running command:
###
###   /Library/Frameworks/R.framework/Resources/bin/R CMD check --install=check:ggmsa.install-out.txt --library=/Library/Frameworks/R.framework/Resources/library --no-vignettes --timings ggmsa_1.14.1.tar.gz
###
##############################################################################
##############################################################################
* using log directory ‘/Users/biocbuild/bbs-3.21-bioc/meat/ggmsa.Rcheck’
* using R version 4.5.1 RC (2025-06-05 r88288)
* using platform: x86_64-apple-darwin20
* R was compiled by
    Apple clang version 14.0.0 (clang-1400.0.29.202)
    GNU Fortran (GCC) 14.2.0
* running under: macOS Monterey 12.7.6
* using session charset: UTF-8
* using option ‘--no-vignettes’
* checking for file ‘ggmsa/DESCRIPTION’ ... OK
* this is package ‘ggmsa’ version ‘1.14.1’
* package encoding: UTF-8
* checking package namespace information ... OK
* checking package dependencies ... OK
* checking if this is a source package ... OK
* checking if there is a namespace ... OK
* checking for hidden files and directories ... OK
* checking for portable file names ... OK
* checking for sufficient/correct file permissions ... OK
* checking whether package ‘ggmsa’ can be installed ... OK
* checking installed package size ... OK
* checking package directory ... OK
* checking ‘build’ directory ... OK
* checking DESCRIPTION meta-information ... OK
* checking top-level files ... OK
* checking for left-over files ... OK
* checking index information ... OK
* checking package subdirectories ... OK
* checking code files for non-ASCII characters ... OK
* checking R files for syntax errors ... OK
* checking whether the package can be loaded ... OK
* checking whether the package can be loaded with stated dependencies ... OK
* checking whether the package can be unloaded cleanly ... OK
* checking whether the namespace can be loaded with stated dependencies ... OK
* checking whether the namespace can be unloaded cleanly ... OK
* checking whether startup messages can be suppressed ... OK
* checking dependencies in R code ... OK
* checking S3 generic/method consistency ... WARNING
ggplot_add:
  function(object, plot, ...)
ggplot_add.seed:
  function(object, plot, object_name)
ggplot_add:
  function(object, plot, ...)
ggplot_add.facet_msa:
  function(object, plot, object_name)
ggplot_add:
  function(object, plot, ...)
ggplot_add.seqlogo:
  function(object, plot, object_name)
ggplot_add:
  function(object, plot, ...)
ggplot_add.msaBar:
  function(object, plot, object_name)
ggplot_add:
  function(object, plot, ...)
ggplot_add.GCcontent:
  function(object, plot, object_name)
ggplot_add:
  function(object, plot, ...)
ggplot_add.nucleotideeHelix:
  function(object, plot, object_name)
See section ‘Generic functions and methods’ in the ‘Writing R
Extensions’ manual.
* checking replacement functions ... OK
* checking foreign function calls ... OK
* checking R code for possible problems ... OK
* checking Rd files ... OK
* checking Rd metadata ... OK
* checking Rd cross-references ... OK
* checking for missing documentation entries ... OK
* checking for code/documentation mismatches ... OK
* checking Rd \usage sections ... OK
* checking Rd contents ... OK
* checking for unstated dependencies in examples ... OK
* checking R/sysdata.rda ... OK
* checking files in ‘vignettes’ ... OK
* checking examples ... OK
Examples with CPU (user + system) or elapsed time > 5s
             user system elapsed
ggSeqBundle 6.224  0.136   7.004
* checking for unstated dependencies in ‘tests’ ... OK
* checking tests ...
  Running ‘testthat.R’
 OK
* checking for unstated dependencies in vignettes ... OK
* checking package vignettes ... OK
* checking running R code from vignettes ... SKIPPED
* checking re-building of vignette outputs ... SKIPPED
* checking PDF version of manual ... OK
* DONE
Status: 1 WARNING
See
  ‘/Users/biocbuild/bbs-3.21-bioc/meat/ggmsa.Rcheck/00check.log’
for details.
ggmsa.Rcheck/00install.out
############################################################################## ############################################################################## ### ### Running command: ### ### /Library/Frameworks/R.framework/Resources/bin/R CMD INSTALL ggmsa ### ############################################################################## ############################################################################## * installing to library ‘/Library/Frameworks/R.framework/Versions/4.5-x86_64/Resources/library’ * installing *source* package ‘ggmsa’ ... ** this is package ‘ggmsa’ version ‘1.14.1’ ** using staged installation ** R ** inst ** byte-compile and prepare package for lazy loading Note: wrong number of arguments to 'seq_len' ** help *** installing help indices *** copying figures ** building package indices ** installing vignettes ** testing if installed package can be loaded from temporary location ** testing if installed package can be loaded from final location ** testing if installed package keeps a record of temporary installation path * DONE (ggmsa)
ggmsa.Rcheck/tests/testthat.Rout
R version 4.5.1 RC (2025-06-05 r88288) -- "Great Square Root"
Copyright (C) 2025 The R Foundation for Statistical Computing
Platform: x86_64-apple-darwin20
R is free software and comes with ABSOLUTELY NO WARRANTY.
You are welcome to redistribute it under certain conditions.
Type 'license()' or 'licence()' for distribution details.
R is a collaborative project with many contributors.
Type 'contributors()' for more information and
'citation()' on how to cite R or R packages in publications.
Type 'demo()' for some demos, 'help()' for on-line help, or
'help.start()' for an HTML browser interface to help.
Type 'q()' to quit R.
> library(testthat)
> library(ggmsa)
ggmsa v1.14.1  Document: http://yulab-smu.top/ggmsa/
If you use ggmsa in published research, please cite:
L Zhou, T Feng, S Xu, F Gao, TT Lam, Q Wang, T Wu, H Huang, L Zhan, L Li, Y Guan, Z Dai*, G Yu* ggmsa: a visual exploration tool for multiple sequence alignment and associated data. Briefings in Bioinformatics. DOI:10.1093/bib/bbac222
> 
> test_check("ggmsa")
Loading required package: BiocGenerics
Loading required package: generics
Attaching package: 'generics'
The following objects are masked from 'package:base':
    as.difftime, as.factor, as.ordered, intersect, is.element, setdiff,
    setequal, union
Attaching package: 'BiocGenerics'
The following objects are masked from 'package:stats':
    IQR, mad, sd, var, xtabs
The following objects are masked from 'package:base':
    Filter, Find, Map, Position, Reduce, anyDuplicated, aperm, append,
    as.data.frame, basename, cbind, colnames, dirname, do.call,
    duplicated, eval, evalq, get, grep, grepl, is.unsorted, lapply,
    mapply, match, mget, order, paste, pmax, pmax.int, pmin, pmin.int,
    rank, rbind, rownames, sapply, saveRDS, table, tapply, unique,
    unsplit, which.max, which.min
Loading required package: S4Vectors
Loading required package: stats4
Attaching package: 'S4Vectors'
The following object is masked from 'package:utils':
    findMatches
The following objects are masked from 'package:base':
    I, expand.grid, unname
Loading required package: IRanges
Loading required package: XVector
Loading required package: GenomeInfoDb
Attaching package: 'Biostrings'
The following object is masked from 'package:base':
    strsplit
[ FAIL 0 | WARN 7 | SKIP 0 | PASS 16 ]
[ FAIL 0 | WARN 7 | SKIP 0 | PASS 16 ]
> 
> proc.time()
   user  system elapsed 
 11.689   0.729  14.872 
ggmsa.Rcheck/ggmsa-Ex.timings
| name | user | system | elapsed | |
| available_colors | 0.001 | 0.001 | 0.007 | |
| available_fonts | 0.005 | 0.001 | 0.006 | |
| available_msa | 0.002 | 0.000 | 0.003 | |
| facet_msa | 2.887 | 0.037 | 3.343 | |
| geom_GC | 0.785 | 0.012 | 0.844 | |
| geom_helix | 1.853 | 0.035 | 1.972 | |
| geom_msa | 0.577 | 0.025 | 0.635 | |
| geom_msaBar | 2.344 | 0.093 | 2.735 | |
| geom_seed | 3.649 | 0.149 | 4.614 | |
| geom_seqlogo | 1.510 | 0.058 | 2.024 | |
| ggSeqBundle | 6.224 | 0.136 | 7.004 | |
| gghelix | 1.444 | 0.032 | 1.652 | |
| ggmsa | 2.399 | 0.070 | 2.936 | |
| plot-methods | 1.406 | 0.018 | 1.767 | |
| readSSfile | 0.053 | 0.002 | 0.070 | |
| seqdiff | 0.027 | 0.002 | 0.039 | |
| seqlogo | 1.129 | 0.027 | 1.423 | |
| show-methods | 0.026 | 0.002 | 0.038 | |
| simplot | 0.997 | 0.011 | 1.214 | |
| tidy_msa | 0.070 | 0.002 | 0.082 | |