| Back to Multiple platform build/check report for BioC 3.21: simplified long |
|
This page was generated on 2025-10-16 11:39 -0400 (Thu, 16 Oct 2025).
| Hostname | OS | Arch (*) | R version | Installed pkgs |
|---|---|---|---|---|
| nebbiolo1 | Linux (Ubuntu 24.04.3 LTS) | x86_64 | 4.5.1 (2025-06-13) -- "Great Square Root" | 4833 |
| merida1 | macOS 12.7.6 Monterey | x86_64 | 4.5.1 RC (2025-06-05 r88288) -- "Great Square Root" | 4614 |
| kjohnson1 | macOS 13.7.5 Ventura | arm64 | 4.5.1 Patched (2025-06-14 r88325) -- "Great Square Root" | 4555 |
| kunpeng2 | Linux (openEuler 24.03 LTS) | aarch64 | R Under development (unstable) (2025-02-19 r87757) -- "Unsuffered Consequences" | 4586 |
| Click on any hostname to see more info about the system (e.g. compilers) (*) as reported by 'uname -p', except on Windows and Mac OS X | ||||
| Package 734/2341 | Hostname | OS / Arch | INSTALL | BUILD | CHECK | BUILD BIN | ||||||||
| flagme 1.64.0 (landing page) Mark Robinson
| nebbiolo1 | Linux (Ubuntu 24.04.3 LTS) / x86_64 | OK | OK | WARNINGS | |||||||||
| merida1 | macOS 12.7.6 Monterey / x86_64 | OK | OK | WARNINGS | OK | |||||||||
| kjohnson1 | macOS 13.7.5 Ventura / arm64 | OK | OK | WARNINGS | OK | |||||||||
| kunpeng2 | Linux (openEuler 24.03 LTS) / aarch64 | OK | OK | WARNINGS | ||||||||||
|
To the developers/maintainers of the flagme package: - Allow up to 24 hours (and sometimes 48 hours) for your latest push to git@git.bioconductor.org:packages/flagme.git to reflect on this report. See Troubleshooting Build Report for more information. - Use the following Renviron settings to reproduce errors and warnings. - If 'R CMD check' started to fail recently on the Linux builder(s) over a missing dependency, add the missing dependency to 'Suggests:' in your DESCRIPTION file. See Renviron.bioc for more information. |
| Package: flagme |
| Version: 1.64.0 |
| Command: /Library/Frameworks/R.framework/Resources/bin/R CMD check --install=check:flagme.install-out.txt --library=/Library/Frameworks/R.framework/Resources/library --no-vignettes --timings flagme_1.64.0.tar.gz |
| StartedAt: 2025-10-14 03:51:08 -0400 (Tue, 14 Oct 2025) |
| EndedAt: 2025-10-14 04:18:22 -0400 (Tue, 14 Oct 2025) |
| EllapsedTime: 1633.8 seconds |
| RetCode: 0 |
| Status: WARNINGS |
| CheckDir: flagme.Rcheck |
| Warnings: 2 |
##############################################################################
##############################################################################
###
### Running command:
###
### /Library/Frameworks/R.framework/Resources/bin/R CMD check --install=check:flagme.install-out.txt --library=/Library/Frameworks/R.framework/Resources/library --no-vignettes --timings flagme_1.64.0.tar.gz
###
##############################################################################
##############################################################################
* using log directory ‘/Users/biocbuild/bbs-3.21-bioc/meat/flagme.Rcheck’
* using R version 4.5.1 RC (2025-06-05 r88288)
* using platform: x86_64-apple-darwin20
* R was compiled by
Apple clang version 14.0.0 (clang-1400.0.29.202)
GNU Fortran (GCC) 14.2.0
* running under: macOS Monterey 12.7.6
* using session charset: UTF-8
* using option ‘--no-vignettes’
* checking for file ‘flagme/DESCRIPTION’ ... OK
* this is package ‘flagme’ version ‘1.64.0’
* package encoding: UTF-8
* checking package namespace information ... OK
* checking package dependencies ... OK
* checking if this is a source package ... OK
* checking if there is a namespace ... OK
* checking for hidden files and directories ... OK
* checking for portable file names ... OK
* checking for sufficient/correct file permissions ... OK
* checking whether package ‘flagme’ can be installed ... OK
* used C compiler: ‘Apple clang version 14.0.0 (clang-1400.0.29.202)’
* used SDK: ‘MacOSX11.3.sdk’
* checking installed package size ... OK
* checking package directory ... OK
* checking ‘build’ directory ... OK
* checking DESCRIPTION meta-information ... OK
* checking top-level files ... OK
* checking for left-over files ... OK
* checking index information ... OK
* checking package subdirectories ... OK
* checking code files for non-ASCII characters ... OK
* checking R files for syntax errors ... OK
* checking whether the package can be loaded ... OK
* checking whether the package can be loaded with stated dependencies ... OK
* checking whether the package can be unloaded cleanly ... OK
* checking whether the namespace can be loaded with stated dependencies ... OK
* checking whether the namespace can be unloaded cleanly ... OK
* checking whether startup messages can be suppressed ... OK
* checking dependencies in R code ... NOTE
Unexported object imported by a ':::' call: ‘xcms:::rectUnique’
See the note in ?`:::` about the use of this operator.
* checking S3 generic/method consistency ... OK
* checking replacement functions ... OK
* checking foreign function calls ... OK
* checking R code for possible problems ... NOTE
addXCMSPeaks: no visible global function definition for ‘bpparam’
addXCMSPeaks: no visible global function definition for ‘sampnames’
addXCMSPeaks : <anonymous> : <anonymous>: no visible global function
definition for ‘setNames’
importSpec : <anonymous>: no visible global function definition for
‘setNames’
Undefined global functions or variables:
bpparam sampnames setNames
Consider adding
importFrom("stats", "setNames")
to your NAMESPACE file.
* checking Rd files ... OK
* checking Rd metadata ... OK
* checking Rd cross-references ... WARNING
Missing link(s) in Rd file 'addXCMSPeaks.Rd':
‘[xcms]{findPeaks-matchedFilter}’ ‘[xcms]{findPeaks-centWave}’
‘[xcms]{peaksDataset}’
Missing link(s) in Rd file 'plotAlignment-peaksAlignment-method.Rd':
‘plotAlignment’
Missing link(s) in Rd file 'plotClustAlignment-clusterAlignment-method.Rd':
‘plotAlignment’
See section 'Cross-references' in the 'Writing R Extensions' manual.
Found the following Rd file(s) with Rd \link{} targets missing package
anchors:
plotAlignment-peaksAlignment-method.Rd: plotAlignment
plotClustAlignment-clusterAlignment-method.Rd: plotAlignment
Please provide package anchors for all Rd \link{} targets not in the
package itself and the base packages.
* checking for missing documentation entries ... WARNING
Undocumented code objects:
‘plotAlignment’ ‘plotChrom’ ‘plotClustAlignment’
Undocumented S4 methods:
generic 'show' and siglist 'betweenAlignment'
All user-level objects in a package (including S4 classes and methods)
should have documentation entries.
See chapter ‘Writing R documentation files’ in the ‘Writing R
Extensions’ manual.
* checking for code/documentation mismatches ... OK
* checking Rd \usage sections ... OK
* checking Rd contents ... OK
* checking for unstated dependencies in examples ... OK
* checking line endings in C/C++/Fortran sources/headers ... OK
* checking compiled code ... NOTE
Note: information on .o files is not available
* checking sizes of PDF files under ‘inst/doc’ ... OK
* checking files in ‘vignettes’ ... OK
* checking examples ... OK
Examples with CPU (user + system) or elapsed time > 5s
user system elapsed
plotAlignedFrags 153.446 34.096 108.571
addXCMSPeaks 83.539 16.797 78.110
corPrt 81.370 17.615 75.747
ndpRT 81.103 17.381 74.498
plotAlignment-peaksAlignment-method 79.371 17.999 74.532
dynRT 79.297 17.573 73.089
peaksAlignment-class 78.769 16.732 71.841
plotFrags 75.330 18.316 70.689
retFatMatrix 75.608 17.940 68.619
progressiveAlignment-class 75.333 18.112 70.043
imputePeaks 18.947 0.378 27.739
plotChrom-peaksDataset-method 15.353 0.323 16.185
rmaFitUnit 13.092 0.326 13.695
gatherInfo 12.559 0.244 13.499
calcTimeDiffs 12.321 0.342 13.081
multipleAlignment-class 12.369 0.193 12.995
normDotProduct 11.562 0.221 12.237
dp 11.416 0.209 11.907
clusterAlignment 11.393 0.150 12.124
plotClustAlignment-clusterAlignment-method 11.130 0.158 11.528
peaksDataset 9.539 0.244 10.533
addAMDISPeaks 7.565 0.307 8.692
addChromaTOFPeaks 7.219 0.220 8.106
plotImage 7.156 0.164 7.509
parseChromaTOF 5.599 0.062 6.015
parseELU 5.005 0.029 5.299
* checking for unstated dependencies in vignettes ... OK
* checking package vignettes ... OK
* checking running R code from vignettes ... SKIPPED
* checking re-building of vignette outputs ... SKIPPED
* checking PDF version of manual ... OK
* DONE
Status: 2 WARNINGs, 3 NOTEs
See
‘/Users/biocbuild/bbs-3.21-bioc/meat/flagme.Rcheck/00check.log’
for details.
flagme.Rcheck/00install.out
############################################################################## ############################################################################## ### ### Running command: ### ### /Library/Frameworks/R.framework/Resources/bin/R CMD INSTALL flagme ### ############################################################################## ############################################################################## * installing to library ‘/Library/Frameworks/R.framework/Versions/4.5-x86_64/Resources/library’ * installing *source* package ‘flagme’ ... ** this is package ‘flagme’ version ‘1.64.0’ ** using staged installation ** libs using C compiler: ‘Apple clang version 14.0.0 (clang-1400.0.29.202)’ using SDK: ‘MacOSX11.3.sdk’ clang -arch x86_64 -I"/Library/Frameworks/R.framework/Resources/include" -DNDEBUG -I/opt/R/x86_64/include -fPIC -falign-functions=64 -Wall -g -O2 -c dp.c -o dp.o clang -arch x86_64 -I"/Library/Frameworks/R.framework/Resources/include" -DNDEBUG -I/opt/R/x86_64/include -fPIC -falign-functions=64 -Wall -g -O2 -c init.c -o init.o clang -arch x86_64 -I"/Library/Frameworks/R.framework/Resources/include" -DNDEBUG -I/opt/R/x86_64/include -fPIC -falign-functions=64 -Wall -g -O2 -c pearson.c -o pearson.o clang -arch x86_64 -dynamiclib -Wl,-headerpad_max_install_names -undefined dynamic_lookup -L/Library/Frameworks/R.framework/Resources/lib -L/opt/R/x86_64/lib -o flagme.so dp.o init.o pearson.o -F/Library/Frameworks/R.framework/.. -framework R installing to /Library/Frameworks/R.framework/Versions/4.5-x86_64/Resources/library/00LOCK-flagme/00new/flagme/libs ** R ** inst ** byte-compile and prepare package for lazy loading ** help *** installing help indices ** building package indices ** installing vignettes ** testing if installed package can be loaded from temporary location ** checking absolute paths in shared objects and dynamic libraries ** testing if installed package can be loaded from final location ** testing if installed package keeps a record of temporary installation path * DONE (flagme)
flagme.Rcheck/flagme-Ex.timings
| name | user | system | elapsed | |
| addAMDISPeaks | 7.565 | 0.307 | 8.692 | |
| addChromaTOFPeaks | 7.219 | 0.220 | 8.106 | |
| addXCMSPeaks | 83.539 | 16.797 | 78.110 | |
| betweenAlignment | 0 | 0 | 0 | |
| calcTimeDiffs | 12.321 | 0.342 | 13.081 | |
| clusterAlignment | 11.393 | 0.150 | 12.124 | |
| corPrt | 81.370 | 17.615 | 75.747 | |
| dp | 11.416 | 0.209 | 11.907 | |
| dynRT | 79.297 | 17.573 | 73.089 | |
| gatherInfo | 12.559 | 0.244 | 13.499 | |
| imputePeaks | 18.947 | 0.378 | 27.739 | |
| multipleAlignment-class | 12.369 | 0.193 | 12.995 | |
| ndpRT | 81.103 | 17.381 | 74.498 | |
| normDotProduct | 11.562 | 0.221 | 12.237 | |
| parseChromaTOF | 5.599 | 0.062 | 6.015 | |
| parseELU | 5.005 | 0.029 | 5.299 | |
| peaksAlignment-class | 78.769 | 16.732 | 71.841 | |
| peaksDataset | 9.539 | 0.244 | 10.533 | |
| plotAlignedFrags | 153.446 | 34.096 | 108.571 | |
| plotAlignment-peaksAlignment-method | 79.371 | 17.999 | 74.532 | |
| plotChrom-peaksDataset-method | 15.353 | 0.323 | 16.185 | |
| plotClustAlignment-clusterAlignment-method | 11.130 | 0.158 | 11.528 | |
| plotFrags | 75.330 | 18.316 | 70.689 | |
| plotImage | 7.156 | 0.164 | 7.509 | |
| progressiveAlignment-class | 75.333 | 18.112 | 70.043 | |
| retFatMatrix | 75.608 | 17.940 | 68.619 | |
| rmaFitUnit | 13.092 | 0.326 | 13.695 | |