| Back to Multiple platform build/check report for BioC 3.21: simplified long |
|
This page was generated on 2025-10-16 11:41 -0400 (Thu, 16 Oct 2025).
| Hostname | OS | Arch (*) | R version | Installed pkgs |
|---|---|---|---|---|
| nebbiolo1 | Linux (Ubuntu 24.04.3 LTS) | x86_64 | 4.5.1 (2025-06-13) -- "Great Square Root" | 4833 |
| merida1 | macOS 12.7.6 Monterey | x86_64 | 4.5.1 RC (2025-06-05 r88288) -- "Great Square Root" | 4614 |
| kjohnson1 | macOS 13.7.5 Ventura | arm64 | 4.5.1 Patched (2025-06-14 r88325) -- "Great Square Root" | 4555 |
| kunpeng2 | Linux (openEuler 24.03 LTS) | aarch64 | R Under development (unstable) (2025-02-19 r87757) -- "Unsuffered Consequences" | 4586 |
| Click on any hostname to see more info about the system (e.g. compilers) (*) as reported by 'uname -p', except on Windows and Mac OS X | ||||
| Package 420/2341 | Hostname | OS / Arch | INSTALL | BUILD | CHECK | BUILD BIN | ||||||||
Tiphaine Martin
| nebbiolo1 | Linux (Ubuntu 24.04.3 LTS) / x86_64 | OK | OK | ERROR | |||||||||
| merida1 | macOS 12.7.6 Monterey / x86_64 | OK | OK | WARNINGS | OK | |||||||||
| kjohnson1 | macOS 13.7.5 Ventura / arm64 | OK | OK | WARNINGS | OK | |||||||||
| kunpeng2 | Linux (openEuler 24.03 LTS) / aarch64 | OK | OK | ERROR | ||||||||||
|
To the developers/maintainers of the coMET package: - Allow up to 24 hours (and sometimes 48 hours) for your latest push to git@git.bioconductor.org:packages/coMET.git to reflect on this report. See Troubleshooting Build Report for more information. - Use the following Renviron settings to reproduce errors and warnings. - If 'R CMD check' started to fail recently on the Linux builder(s) over a missing dependency, add the missing dependency to 'Suggests:' in your DESCRIPTION file. See Renviron.bioc for more information. - See Martin Grigorov's blog post for how to debug Linux ARM64 related issues on a x86_64 host. |
| Package: coMET |
| Version: 1.40.0 |
| Command: /home/biocbuild/R/R/bin/R CMD check --install=check:coMET.install-out.txt --library=/home/biocbuild/R/R/site-library --no-vignettes --timings coMET_1.40.0.tar.gz |
| StartedAt: 2025-10-14 07:43:03 -0000 (Tue, 14 Oct 2025) |
| EndedAt: 2025-10-14 07:54:17 -0000 (Tue, 14 Oct 2025) |
| EllapsedTime: 674.4 seconds |
| RetCode: 1 |
| Status: ERROR |
| CheckDir: coMET.Rcheck |
| Warnings: NA |
##############################################################################
##############################################################################
###
### Running command:
###
### /home/biocbuild/R/R/bin/R CMD check --install=check:coMET.install-out.txt --library=/home/biocbuild/R/R/site-library --no-vignettes --timings coMET_1.40.0.tar.gz
###
##############################################################################
##############################################################################
* using log directory ‘/home/biocbuild/bbs-3.21-bioc/meat/coMET.Rcheck’
* using R Under development (unstable) (2025-02-19 r87757)
* using platform: aarch64-unknown-linux-gnu
* R was compiled by
aarch64-unknown-linux-gnu-gcc (GCC) 14.2.0
GNU Fortran (GCC) 14.2.0
* running under: openEuler 24.03 (LTS-SP1)
* using session charset: UTF-8
* using option ‘--no-vignettes’
* checking for file ‘coMET/DESCRIPTION’ ... OK
* checking extension type ... Package
* this is package ‘coMET’ version ‘1.40.0’
* checking package namespace information ... OK
* checking package dependencies ... OK
* checking if this is a source package ... OK
* checking if there is a namespace ... OK
* checking for hidden files and directories ... OK
* checking for portable file names ... OK
* checking for sufficient/correct file permissions ... OK
* checking whether package ‘coMET’ can be installed ... WARNING
Found the following significant warnings:
Warning: replacing previous import 'utils::findMatches' by 'S4Vectors::findMatches' when loading 'coMET'
See ‘/home/biocbuild/bbs-3.21-bioc/meat/coMET.Rcheck/00install.out’ for details.
* checking installed package size ... INFO
installed size is 19.0Mb
sub-directories of 1Mb or more:
data 7.6Mb
extdata 10.7Mb
* checking package directory ... OK
* checking ‘build’ directory ... OK
* checking DESCRIPTION meta-information ... OK
* checking top-level files ... NOTE
File
LICENSE
is not mentioned in the DESCRIPTION file.
* checking for left-over files ... OK
* checking index information ... OK
* checking package subdirectories ... OK
* checking code files for non-ASCII characters ... OK
* checking R files for syntax errors ... OK
* checking whether the package can be loaded ... OK
* checking whether the package can be loaded with stated dependencies ... OK
* checking whether the package can be unloaded cleanly ... OK
* checking whether the namespace can be loaded with stated dependencies ... OK
* checking whether the namespace can be unloaded cleanly ... OK
* checking loading without being on the library search path ... OK
* checking whether startup messages can be suppressed ... OK
* checking dependencies in R code ... OK
* checking S3 generic/method consistency ... OK
* checking replacement functions ... OK
* checking foreign function calls ... OK
* checking R code for possible problems ... NOTE
draw.plot.annotation : <anonymous>: no visible global function
definition for 'ggplotGrob'
draw.plot.annotation: no visible global function definition for
'viewTracks'
draw.plot.annotation: no visible global function definition for
'trackList'
eQTL: no visible binding for global variable 'chromosome_stop'
eQTL: no visible binding for global variable 'chromosome_start'
eQTL: no visible binding for global variable 'chromosome_name'
eQTL_GTEx: no visible binding for global variable 'snp_pos'
eQTL_GTEx: no visible binding for global variable 'snp_chrom'
eQTL_GTEx: no visible binding for global variable 'gene_start'
eQTL_GTEx: no visible binding for global variable 'gene_stop'
eQTL_GTEx: no visible binding for global variable 'gene_chr'
geneExpression_GTEx: no visible global function definition for 'as'
metQTL: no visible binding for global variable 'chromosome_stop'
metQTL: no visible binding for global variable 'chromosome_start'
metQTL: no visible binding for global variable 'chromosome_name'
pizza: no visible global function definition for 'par'
pizza: no visible global function definition for 'plot.new'
pizza: no visible global function definition for 'plot.window'
pizza: no visible global function definition for 'polygon'
pizza: no visible global function definition for 'lines'
pizza: no visible global function definition for 'text'
psiQTL_GTEx: no visible binding for global variable 'pos_snp'
psiQTL_GTEx: no visible binding for global variable 'chr_snp'
psiQTL_GTEx: no visible binding for global variable 'pos_middle_exon'
psiQTL_GTEx: no visible binding for global variable 'chr_exon'
Undefined global functions or variables:
as chr_exon chr_snp chromosome_name chromosome_start chromosome_stop
gene_chr gene_start gene_stop ggplotGrob lines par plot.new
plot.window polygon pos_middle_exon pos_snp snp_chrom snp_pos text
trackList viewTracks
Consider adding
importFrom("graphics", "lines", "par", "plot.new", "plot.window",
"polygon", "text")
importFrom("methods", "as")
to your NAMESPACE file (and ensure that your DESCRIPTION Imports field
contains 'methods').
* checking Rd files ... NOTE
checkRd: (-1) ChIPTF_ENCODE.Rd:36: Escaped LaTeX specials: \#
* checking Rd metadata ... OK
* checking Rd cross-references ... OK
* checking for missing documentation entries ... OK
* checking for code/documentation mismatches ... OK
* checking Rd \usage sections ... NOTE
Objects in \usage without \alias in Rd file 'check.configVar.cometlist.Rd':
‘check.configVar.cometlist’
Functions with \usage entries need to have the appropriate \alias
entries, and all their arguments documented.
The \usage entries must correspond to syntactically valid R code.
See chapter ‘Writing R documentation files’ in the ‘Writing R
Extensions’ manual.
* checking Rd contents ... OK
* checking for unstated dependencies in examples ... OK
* checking contents of ‘data’ directory ... OK
* checking data for non-ASCII characters ... OK
* checking data for ASCII and uncompressed saves ... OK
* checking files in ‘vignettes’ ... OK
* checking examples ... ERROR
Running examples in ‘coMET-Ex.R’ failed
The error most likely occurred in:
> base::assign(".ptime", proc.time(), pos = "CheckExEnv")
> ### Name: imprintedGenes_GTEx
> ### Title: Creates a imprinted genes track from GTEx
> ### Aliases: imprintedGenes_GTEx
> ### Keywords: hplot
>
> ### ** Examples
>
> library("Gviz")
> gen<-"hg19"
> chr<- "chr6"
> start <- 144251437
> end <- 144330541
>
> if(interactive()){
+ allIGtrack <- imprintedGenes_GTEx(gen,chr,start, end,
+ tissues="all", classification="imprinted",showId=TRUE)
+ allimprintedIGtrack <- imprintedGenes_GTEx(gen,chr,start, end,
+ tissues="all", classification="imprinted",showId=TRUE)
+ StomachIGtrack <-imprintedGenes_GTEx(gen,chr,start, end,
+ tissues="Stomach", classification="all",showId=TRUE)
+ PancreasIGtrack <- imprintedGenes_GTEx(gen,chr,start, end,
+ tissues="Pancreas", classification="all",showId=TRUE)
+ PancreasimprintedIGtrack <- imprintedGenes_GTEx(gen,chr,start, end,
+ tissues="Pancreas", classification="biallelic",showId=TRUE)
+
+ imprintinglist <- list(allIGtrack,allimprintedIGtrack,
+ StomachIGtrack,PancreasIGtrack,PancreasimprintedIGtrack)
+
+ plotTracks(imprintinglist, from = start, to = end,
+ fontfamily="sans",fontfamily.title="sans")
+
+ } else {
+
+ data(allIGtrack)
+ data(allimprintedIGtrack)
+ data(StomachIGtrack)
+ data(PancreasIGtrack)
+ data(PancreasimprintedIGtrack)
+
+ imprintinglist <- list(allIGtrack,allimprintedIGtrack,
+ StomachIGtrack,PancreasIGtrack,PancreasimprintedIGtrack)
+
+ plotTracks(imprintinglist, from = start, to = end,
+ fontfamily="sans",fontfamily.title="sans")
+ }
Error in do.call(c, obj@http_config) :
no slot of name "http_config" for this object of class "Mart"
Calls: plotTracks ... list2 -> martHTTPConfig -> martHTTPConfig -> do.call
Execution halted
Examples with CPU (user + system) or elapsed time > 5s
user system elapsed
comet.web 9.553 1.161 31.778
coMET-package 8.957 0.685 26.863
HistoneAll_UCSC 6.548 0.068 6.633
chromatinHMMAll_UCSC 6.494 0.040 6.548
* checking for unstated dependencies in ‘tests’ ... OK
* checking tests ...
Running ‘runTests.R’
OK
* checking for unstated dependencies in vignettes ... OK
* checking package vignettes ... OK
* checking running R code from vignettes ... SKIPPED
* checking re-building of vignette outputs ... SKIPPED
* checking PDF version of manual ... OK
* DONE
Status: 1 ERROR, 1 WARNING, 4 NOTEs
See
‘/home/biocbuild/bbs-3.21-bioc/meat/coMET.Rcheck/00check.log’
for details.
coMET.Rcheck/00install.out
############################################################################## ############################################################################## ### ### Running command: ### ### /home/biocbuild/R/R/bin/R CMD INSTALL coMET ### ############################################################################## ############################################################################## * installing to library ‘/home/biocbuild/R/R-devel_2025-02-19/site-library’ * installing *source* package ‘coMET’ ... ** this is package ‘coMET’ version ‘1.40.0’ ** using staged installation ** R ** data ** inst ** byte-compile and prepare package for lazy loading Warning: replacing previous import 'utils::findMatches' by 'S4Vectors::findMatches' when loading 'coMET' ** help *** installing help indices ** building package indices ** installing vignettes ** testing if installed package can be loaded from temporary location Warning: replacing previous import 'utils::findMatches' by 'S4Vectors::findMatches' when loading 'coMET' Warning in fun(libname, pkgname) : Package 'coMET' is deprecated and will be removed from Bioconductor version 3.22 ** testing if installed package can be loaded from final location Warning: replacing previous import 'utils::findMatches' by 'S4Vectors::findMatches' when loading 'coMET' Warning in fun(libname, pkgname) : Package 'coMET' is deprecated and will be removed from Bioconductor version 3.22 ** testing if installed package keeps a record of temporary installation path * DONE (coMET)
coMET.Rcheck/tests/runTests.Rout
R Under development (unstable) (2025-02-19 r87757) -- "Unsuffered Consequences"
Copyright (C) 2025 The R Foundation for Statistical Computing
Platform: aarch64-unknown-linux-gnu
R is free software and comes with ABSOLUTELY NO WARRANTY.
You are welcome to redistribute it under certain conditions.
Type 'license()' or 'licence()' for distribution details.
R is a collaborative project with many contributors.
Type 'contributors()' for more information and
'citation()' on how to cite R or R packages in publications.
Type 'demo()' for some demos, 'help()' for on-line help, or
'help.start()' for an HTML browser interface to help.
Type 'q()' to quit R.
> require("coMET") || stop("unable to load Package:coMET")
Loading required package: coMET
Loading required package: grid
Loading required package: biomaRt
Loading required package: Gviz
Loading required package: S4Vectors
Loading required package: stats4
Loading required package: BiocGenerics
Loading required package: generics
Attaching package: 'generics'
The following objects are masked from 'package:base':
as.difftime, as.factor, as.ordered, intersect, is.element, setdiff,
setequal, union
Attaching package: 'BiocGenerics'
The following objects are masked from 'package:stats':
IQR, mad, sd, var, xtabs
The following objects are masked from 'package:base':
Filter, Find, Map, Position, Reduce, anyDuplicated, aperm, append,
as.data.frame, basename, cbind, colnames, dirname, do.call,
duplicated, eval, evalq, get, grep, grepl, is.unsorted, lapply,
mapply, match, mget, order, paste, pmax, pmax.int, pmin, pmin.int,
rank, rbind, rownames, sapply, saveRDS, table, tapply, unique,
unsplit, which.max, which.min
Attaching package: 'S4Vectors'
The following object is masked from 'package:utils':
findMatches
The following objects are masked from 'package:base':
I, expand.grid, unname
Loading required package: IRanges
Loading required package: GenomicRanges
Loading required package: GenomeInfoDb
Loading required package: psych
Attaching package: 'psych'
The following object is masked from 'package:GenomicRanges':
distance
The following objects are masked from 'package:IRanges':
distance, reflect
[1] TRUE
Warning messages:
1: replacing previous import 'utils::findMatches' by 'S4Vectors::findMatches' when loading 'coMET'
2: In fun(libname, pkgname) :
Package 'coMET' is deprecated and will be removed from Bioconductor
version 3.22
> BiocGenerics:::testPackage("coMET")
RUNIT TEST PROTOCOL -- Tue Oct 14 07:54:10 2025
***********************************************
Number of test functions: 1
Number of errors: 0
Number of failures: 0
1 Test Suite :
coMET RUnit Tests - 1 test function, 0 errors, 0 failures
Number of test functions: 1
Number of errors: 0
Number of failures: 0
>
> proc.time()
user system elapsed
21.305 0.760 22.104
coMET.Rcheck/coMET-Ex.timings
| name | user | system | elapsed | |
| COSMIC_UCSC | 3.904 | 0.072 | 3.984 | |
| ChIPTF_ENCODE | 1.105 | 0.048 | 1.156 | |
| ClinVarCnv_UCSC | 0.577 | 0.008 | 0.586 | |
| ClinVarMain_UCSC | 0.619 | 0.016 | 0.636 | |
| CoreillCNV_UCSC | 0.662 | 0.000 | 0.664 | |
| DNAse_UCSC | 0.001 | 0.000 | 0.000 | |
| DNaseI_FANTOM | 0.870 | 0.024 | 0.897 | |
| DNaseI_RoadMap | 0.272 | 0.000 | 0.272 | |
| GAD_UCSC | 0.664 | 0.004 | 0.670 | |
| GWAScatalog_UCSC | 0.522 | 0.004 | 0.528 | |
| GeneReviews_UCSC | 0.873 | 0.000 | 0.875 | |
| HiCdata2matrix | 0.035 | 0.000 | 0.036 | |
| HistoneAll_UCSC | 6.548 | 0.068 | 6.633 | |
| HistoneOne_UCSC | 0.556 | 0.031 | 0.589 | |
| ISCA_UCSC | 0.747 | 0.024 | 0.773 | |
| TFBS_FANTOM | 0.637 | 0.022 | 0.660 | |
| bindingMotifsBiomart_ENSEMBL | 0.224 | 0.000 | 0.224 | |
| chrUCSC2ENSEMBL | 0.000 | 0.001 | 0.000 | |
| chromHMM_RoadMap | 1.026 | 0.011 | 1.040 | |
| chromatinHMMAll_UCSC | 6.494 | 0.040 | 6.548 | |
| chromatinHMMOne_UCSC | 0.644 | 0.000 | 0.646 | |
| coMET-package | 8.957 | 0.685 | 26.863 | |
| col2HSV | 0.001 | 0.000 | 0.001 | |
| comet | 4.474 | 0.219 | 4.705 | |
| comet.list | 1.192 | 0.052 | 1.248 | |
| comet.web | 9.553 | 1.161 | 31.778 | |
| complementary | 0.036 | 0.016 | 0.052 | |
| cpgIslands_UCSC | 0.228 | 0.131 | 0.360 | |
| dgfootprints_RoadMap | 1.047 | 0.119 | 1.169 | |
| eQTL | 2.293 | 0.347 | 2.645 | |
| eQTL_GTEx | 2.037 | 0.203 | 2.245 | |
| gcContent_UCSC | 1.875 | 0.248 | 2.126 | |
| genesName_ENSEMBL | 0.003 | 0.000 | 0.003 | |
| genes_ENSEMBL | 1.201 | 0.036 | 1.239 | |