| Back to Multiple platform build/check report for BioC 3.21: simplified long |
|
This page was generated on 2025-01-28 11:48 -0500 (Tue, 28 Jan 2025).
| Hostname | OS | Arch (*) | R version | Installed pkgs |
|---|---|---|---|---|
| nebbiolo1 | Linux (Ubuntu 24.04.1 LTS) | x86_64 | R Under development (unstable) (2025-01-20 r87609) -- "Unsuffered Consequences" | 4659 |
| palomino7 | Windows Server 2022 Datacenter | x64 | R Under development (unstable) (2025-01-21 r87610 ucrt) -- "Unsuffered Consequences" | 4454 |
| lconway | macOS 12.7.1 Monterey | x86_64 | R Under development (unstable) (2025-01-22 r87618) -- "Unsuffered Consequences" | 4465 |
| kjohnson3 | macOS 13.7.1 Ventura | arm64 | R Under development (unstable) (2025-01-20 r87609) -- "Unsuffered Consequences" | 4419 |
| kunpeng2 | Linux (openEuler 22.03 LTS-SP1) | aarch64 | R Under development (unstable) (2024-11-24 r87369) -- "Unsuffered Consequences" | 4409 |
| Click on any hostname to see more info about the system (e.g. compilers) (*) as reported by 'uname -p', except on Windows and Mac OS X | ||||
| Package 1970/2286 | Hostname | OS / Arch | INSTALL | BUILD | CHECK | BUILD BIN | ||||||||
| SingleMoleculeFootprinting 2.1.0 (landing page) Guido Barzaghi
| nebbiolo1 | Linux (Ubuntu 24.04.1 LTS) / x86_64 | OK | OK | ERROR | |||||||||
| palomino7 | Windows Server 2022 Datacenter / x64 | OK | OK | ERROR | OK | |||||||||
| lconway | macOS 12.7.1 Monterey / x86_64 | OK | OK | ERROR | OK | |||||||||
| kjohnson3 | macOS 13.7.1 Ventura / arm64 | OK | OK | ERROR | OK | |||||||||
| kunpeng2 | Linux (openEuler 22.03 LTS-SP1) / aarch64 | OK | OK | ERROR | ||||||||||
|
To the developers/maintainers of the SingleMoleculeFootprinting package: - Allow up to 24 hours (and sometimes 48 hours) for your latest push to git@git.bioconductor.org:packages/SingleMoleculeFootprinting.git to reflect on this report. See Troubleshooting Build Report for more information. - Use the following Renviron settings to reproduce errors and warnings. - If 'R CMD check' started to fail recently on the Linux builder(s) over a missing dependency, add the missing dependency to 'Suggests:' in your DESCRIPTION file. See Renviron.bioc for more information. - See Martin Grigorov's blog post for how to debug Linux ARM64 related issues on a x86_64 host. |
| Package: SingleMoleculeFootprinting |
| Version: 2.1.0 |
| Command: /home/biocbuild/R/R/bin/R CMD check --install=check:SingleMoleculeFootprinting.install-out.txt --library=/home/biocbuild/R/R/site-library --no-vignettes --timings SingleMoleculeFootprinting_2.1.0.tar.gz |
| StartedAt: 2025-01-28 15:24:06 -0000 (Tue, 28 Jan 2025) |
| EndedAt: 2025-01-28 15:32:03 -0000 (Tue, 28 Jan 2025) |
| EllapsedTime: 477.5 seconds |
| RetCode: 1 |
| Status: ERROR |
| CheckDir: SingleMoleculeFootprinting.Rcheck |
| Warnings: NA |
##############################################################################
##############################################################################
###
### Running command:
###
### /home/biocbuild/R/R/bin/R CMD check --install=check:SingleMoleculeFootprinting.install-out.txt --library=/home/biocbuild/R/R/site-library --no-vignettes --timings SingleMoleculeFootprinting_2.1.0.tar.gz
###
##############################################################################
##############################################################################
* using log directory ‘/home/biocbuild/bbs-3.21-bioc/meat/SingleMoleculeFootprinting.Rcheck’
* using R Under development (unstable) (2024-11-24 r87369)
* using platform: aarch64-unknown-linux-gnu
* R was compiled by
aarch64-unknown-linux-gnu-gcc (GCC) 14.2.0
GNU Fortran (GCC) 14.2.0
* running under: openEuler 24.03 (LTS)
* using session charset: UTF-8
* using option ‘--no-vignettes’
* checking for file ‘SingleMoleculeFootprinting/DESCRIPTION’ ... OK
* this is package ‘SingleMoleculeFootprinting’ version ‘2.1.0’
* package encoding: UTF-8
* checking package namespace information ... OK
* checking package dependencies ... INFO
Imports includes 27 non-default packages.
Importing from so many packages makes the package vulnerable to any of
them becoming unavailable. Move as many as possible to Suggests and
use conditionally.
* checking if this is a source package ... OK
* checking if there is a namespace ... OK
* checking for hidden files and directories ... OK
* checking for portable file names ... OK
* checking for sufficient/correct file permissions ... OK
* checking whether package ‘SingleMoleculeFootprinting’ can be installed ... WARNING
Found the following significant warnings:
Warning: program compiled against libxml 212 using older 211
Warning: replacing previous import ‘Biostrings::setequal’ by ‘dplyr::setequal’ when loading ‘SingleMoleculeFootprinting’
Warning: replacing previous import ‘GenomicRanges::intersect’ by ‘dplyr::intersect’ when loading ‘SingleMoleculeFootprinting’
Warning: replacing previous import ‘GenomicRanges::union’ by ‘dplyr::union’ when loading ‘SingleMoleculeFootprinting’
Warning: replacing previous import ‘BiocGenerics::combine’ by ‘dplyr::combine’ when loading ‘SingleMoleculeFootprinting’
Warning: replacing previous import ‘Biostrings::collapse’ by ‘dplyr::collapse’ when loading ‘SingleMoleculeFootprinting’
Warning: replacing previous import ‘GenomicRanges::setdiff’ by ‘dplyr::setdiff’ when loading ‘SingleMoleculeFootprinting’
Warning: replacing previous import ‘BiocGenerics::Position’ by ‘ggplot2::Position’ when loading ‘SingleMoleculeFootprinting’
Warning: replacing previous import ‘BiocGenerics::boxplot’ by ‘graphics::boxplot’ when loading ‘SingleMoleculeFootprinting’
Warning: replacing previous import ‘Matrix::image’ by ‘graphics::image’ when loading ‘SingleMoleculeFootprinting’
Warning: replacing previous import ‘GenomicRanges::subtract’ by ‘magrittr::subtract’ when loading ‘SingleMoleculeFootprinting’
Warning: replacing previous import ‘dplyr::between’ by ‘plyranges::between’ when loading ‘SingleMoleculeFootprinting’
Warning: replacing previous import ‘dplyr::n_distinct’ by ‘plyranges::n_distinct’ when loading ‘SingleMoleculeFootprinting’
Warning: replacing previous import ‘dplyr::n’ by ‘plyranges::n’ when loading ‘SingleMoleculeFootprinting’
Warning: replacing previous import ‘magrittr::extract’ by ‘tidyr::extract’ when loading ‘SingleMoleculeFootprinting’
See ‘/home/biocbuild/bbs-3.21-bioc/meat/SingleMoleculeFootprinting.Rcheck/00install.out’ for details.
* checking installed package size ... OK
* checking package directory ... OK
* checking ‘build’ directory ... OK
* checking DESCRIPTION meta-information ... OK
* checking top-level files ... OK
* checking for left-over files ... OK
* checking index information ... OK
* checking package subdirectories ... OK
* checking code files for non-ASCII characters ... OK
* checking R files for syntax errors ... OK
* checking whether the package can be loaded ... OK
* checking whether the package can be loaded with stated dependencies ... OK
* checking whether the package can be unloaded cleanly ... OK
* checking whether the namespace can be loaded with stated dependencies ... NOTE
Warning: program compiled against libxml 212 using older 211
A namespace must be able to be loaded with just the base namespace
loaded: otherwise if the namespace gets loaded by a saved object, the
session will be unable to start.
Probably some imports need to be declared in the NAMESPACE file.
* checking whether the namespace can be unloaded cleanly ... OK
* checking loading without being on the library search path ... OK
* checking dependencies in R code ... NOTE
Warning: program compiled against libxml 212 using older 211
* checking S3 generic/method consistency ... WARNING
Warning: program compiled against libxml 212 using older 211
See section ‘Generic functions and methods’ in the ‘Writing R
Extensions’ manual.
* checking replacement functions ... WARNING
Warning: program compiled against libxml 212 using older 211
The argument of a replacement function which corresponds to the right
hand side must be named ‘value’.
* checking foreign function calls ... NOTE
Warning: program compiled against libxml 212 using older 211
See chapter ‘System and foreign language interfaces’ in the ‘Writing R
Extensions’ manual.
* checking R code for possible problems ... NOTE
Warning: program compiled against libxml 212 using older 211
.detect.footprints: no visible binding for global variable ‘occupancy’
.detect.footprints: no visible binding for global variable
‘biological.state’
AggregateFootprints : <anonymous>: no visible binding for global
variable ‘TF’
AggregateFootprints : <anonymous>: no visible binding for global
variable ‘biological.state’
AnnotateFootprints: no visible binding for global variable
‘biological.state’
Create_MethylationCallingWindows: no visible binding for global
variable ‘idx’
DetectFootprints: no visible binding for global variable ‘partition.nr’
DetectFootprints: no visible binding for global variable
‘partition.coverage’
DetectFootprints: no visible binding for global variable ‘nr.cytosines’
DetectFootprints: no visible binding for global variable
‘biological.state’
FootprintCharter: no visible binding for global variable
‘partition.coverage’
FootprintCharter: no visible binding for global variable ‘partition.nr’
GRanges_to_DF: no visible binding for global variable ‘Sample’
GRanges_to_DF: no visible binding for global variable ‘Score’
LowCoverageMethRate_RMSE: no visible binding for global variable
‘Sample’
PlotAvgSMF: no visible binding for global variable ‘MethRate’
PlotFootprints: no visible binding for global variable ‘partition.nr’
PlotFootprints: no visible binding for global variable
‘biological.state’
PlotFootprints: no visible binding for global variable
‘partition.coverage’
PlotFootprints: no visible binding for global variable ‘TF’
PlotFootprints: no visible binding for global variable ‘coordinate’
PlotFootprints: no visible binding for global variable ‘bulk.SMF’
PlotSingleMoleculeStack : <anonymous>: no visible binding for global
variable ‘Coordinate’
PlotSingleMoleculeStack : <anonymous>: no visible binding for global
variable ‘Methylation’
PlotSingleMoleculeStack: no visible binding for global variable
‘Sample’
Plot_FootprintCharter_SM: no visible binding for global variable
‘biological.state’
Plot_FootprintCharter_SM: no visible binding for global variable
‘partition.nr’
Plot_FootprintCharter_SM: no visible binding for global variable
‘partition.coverage’
Plot_FootprintCharter_SM: no visible binding for global variable
‘partition.coverage.cumsum’
Plot_FootprintCharter_SM: no visible binding for global variable ‘d’
Plot_FootprintCharter_SM: no visible binding for global variable
‘read.idx’
Plot_FootprintCharter_SM: no visible global function definition for
‘unnest’
Plot_FootprintCharter_SM: no visible binding for global variable
‘x.axis.breaks’
StateQuantificationPlot: no visible binding for global variable ‘State’
StateQuantificationPlot: no visible binding for global variable
‘Pattern’
StateQuantificationPlot: no visible binding for global variable ‘Bin’
StateQuantificationPlot: no visible binding for global variable
‘Methylation’
Undefined global functions or variables:
Bin Coordinate MethRate Methylation Pattern Sample Score State TF
biological.state bulk.SMF coordinate d idx nr.cytosines occupancy
partition.coverage partition.coverage.cumsum partition.nr read.idx
unnest x.axis.breaks
* checking Rd files ... OK
* checking Rd metadata ... OK
* checking Rd cross-references ... OK
* checking for missing documentation entries ... WARNING
Warning: program compiled against libxml 212 using older 211
All user-level objects in a package should have documentation entries.
See chapter ‘Writing R documentation files’ in the ‘Writing R
Extensions’ manual.
* checking for code/documentation mismatches ... WARNING
Warning: program compiled against libxml 212 using older 211
Warning: program compiled against libxml 212 using older 211
Warning: program compiled against libxml 212 using older 211
* checking Rd \usage sections ... NOTE
Warning: program compiled against libxml 212 using older 211
S3 methods shown with full name in Rd file 'cbind.fill.Matrix.Rd':
‘cbind.fill.Matrix’
S3 methods shown with full name in Rd file 'rbind.fill.Matrix.Rd':
‘rbind.fill.Matrix’
The \usage entries for S3 methods should use the \method markup and not
their full name.
See chapter ‘Writing R documentation files’ in the ‘Writing R
Extensions’ manual.
* checking Rd contents ... OK
* checking for unstated dependencies in examples ... OK
* checking files in ‘vignettes’ ... OK
* checking examples ... ERROR
Running examples in ‘SingleMoleculeFootprinting-Ex.R’ failed
The error most likely occurred in:
> base::assign(".ptime", proc.time(), pos = "CheckExEnv")
> ### Name: FootprintCharter
> ### Title: Run FootprintCharter
> ### Aliases: FootprintCharter
>
> ### ** Examples
>
>
> Methylation = qs::qread(system.file("extdata", "Methylation_4.qs", package="SingleMoleculeFootprinting"))
> MethSM = Methylation[[2]]
> RegionOfInterest = GenomicRanges::GRanges("chr6", IRanges::IRanges(88106000, 88106500))
> RegionOfInterest = IRanges::resize(RegionOfInterest, 80, "center")
>
> FootprintCharter(
+ MethSM = MethSM,
+ RegionOfInterest = RegionOfInterest,
+ coverage = 30,
+ k = 16,
+ n = 5,
+ TF.length = c(5,75),
+ nucleosome.length = c(120,1000),
+ cytosine.coverage.thr = 5,
+ verbose = TRUE
+ ) -> FC_results
1. Pooling molecules from all samples
2. Computing sliding windows
Discarding 1973/2233 molecules that do not entirely cover the RegionOfInterest
Discarding 41/59 cytosines that are NA in more than 0% of the reads
Discarding 0/260 molecules that have NAs in more than 0% of the remaining cytosines
3. computing distance matrix
*** caught segfault ***
address 0x65747562697284, cause 'memory not mapped'
Traceback:
1: parallelDist::parDist(x = MethSM_smoothed, method = "euclidean", threads = 1)
2: FootprintCharter(MethSM = MethSM, RegionOfInterest = RegionOfInterest, coverage = 30, k = 16, n = 5, TF.length = c(5, 75), nucleosome.length = c(120, 1000), cytosine.coverage.thr = 5, verbose = TRUE)
An irrecoverable exception occurred. R is aborting now ...
* checking for unstated dependencies in ‘tests’ ... OK
* checking tests ...
Running ‘testthat.R’
OK
* checking for unstated dependencies in vignettes ... OK
* checking package vignettes ... OK
* checking running R code from vignettes ... SKIPPED
* checking re-building of vignette outputs ... SKIPPED
* checking PDF version of manual ... OK
* DONE
Status: 1 ERROR, 5 WARNINGs, 5 NOTEs
See
‘/home/biocbuild/bbs-3.21-bioc/meat/SingleMoleculeFootprinting.Rcheck/00check.log’
for details.
SingleMoleculeFootprinting.Rcheck/00install.out
############################################################################## ############################################################################## ### ### Running command: ### ### /home/biocbuild/R/R/bin/R CMD INSTALL SingleMoleculeFootprinting ### ############################################################################## ############################################################################## * installing to library ‘/home/biocbuild/R/R-4.5.0-devel_2024-11-24/site-library’ * installing *source* package ‘SingleMoleculeFootprinting’ ... ** using staged installation ** R ** inst ** byte-compile and prepare package for lazy loading Warning: program compiled against libxml 212 using older 211 Warning: replacing previous import ‘Biostrings::setequal’ by ‘dplyr::setequal’ when loading ‘SingleMoleculeFootprinting’ Warning: replacing previous import ‘GenomicRanges::intersect’ by ‘dplyr::intersect’ when loading ‘SingleMoleculeFootprinting’ Warning: replacing previous import ‘GenomicRanges::union’ by ‘dplyr::union’ when loading ‘SingleMoleculeFootprinting’ Warning: replacing previous import ‘BiocGenerics::combine’ by ‘dplyr::combine’ when loading ‘SingleMoleculeFootprinting’ Warning: replacing previous import ‘Biostrings::collapse’ by ‘dplyr::collapse’ when loading ‘SingleMoleculeFootprinting’ Warning: replacing previous import ‘GenomicRanges::setdiff’ by ‘dplyr::setdiff’ when loading ‘SingleMoleculeFootprinting’ Warning: replacing previous import ‘BiocGenerics::Position’ by ‘ggplot2::Position’ when loading ‘SingleMoleculeFootprinting’ Warning: replacing previous import ‘BiocGenerics::boxplot’ by ‘graphics::boxplot’ when loading ‘SingleMoleculeFootprinting’ Warning: replacing previous import ‘Matrix::image’ by ‘graphics::image’ when loading ‘SingleMoleculeFootprinting’ Warning: replacing previous import ‘GenomicRanges::subtract’ by ‘magrittr::subtract’ when loading ‘SingleMoleculeFootprinting’ Warning: replacing previous import ‘dplyr::between’ by ‘plyranges::between’ when loading ‘SingleMoleculeFootprinting’ Warning: replacing previous import ‘dplyr::n_distinct’ by ‘plyranges::n_distinct’ when loading ‘SingleMoleculeFootprinting’ Warning: replacing previous import ‘dplyr::n’ by ‘plyranges::n’ when loading ‘SingleMoleculeFootprinting’ Warning: replacing previous import ‘magrittr::extract’ by ‘tidyr::extract’ when loading ‘SingleMoleculeFootprinting’ ** help *** installing help indices ** building package indices ** installing vignettes ** testing if installed package can be loaded from temporary location Warning: program compiled against libxml 212 using older 211 Warning: replacing previous import ‘Biostrings::setequal’ by ‘dplyr::setequal’ when loading ‘SingleMoleculeFootprinting’ Warning: replacing previous import ‘GenomicRanges::intersect’ by ‘dplyr::intersect’ when loading ‘SingleMoleculeFootprinting’ Warning: replacing previous import ‘GenomicRanges::union’ by ‘dplyr::union’ when loading ‘SingleMoleculeFootprinting’ Warning: replacing previous import ‘BiocGenerics::combine’ by ‘dplyr::combine’ when loading ‘SingleMoleculeFootprinting’ Warning: replacing previous import ‘Biostrings::collapse’ by ‘dplyr::collapse’ when loading ‘SingleMoleculeFootprinting’ Warning: replacing previous import ‘GenomicRanges::setdiff’ by ‘dplyr::setdiff’ when loading ‘SingleMoleculeFootprinting’ Warning: replacing previous import ‘BiocGenerics::Position’ by ‘ggplot2::Position’ when loading ‘SingleMoleculeFootprinting’ Warning: replacing previous import ‘BiocGenerics::boxplot’ by ‘graphics::boxplot’ when loading ‘SingleMoleculeFootprinting’ Warning: replacing previous import ‘Matrix::image’ by ‘graphics::image’ when loading ‘SingleMoleculeFootprinting’ Warning: replacing previous import ‘GenomicRanges::subtract’ by ‘magrittr::subtract’ when loading ‘SingleMoleculeFootprinting’ Warning: replacing previous import ‘dplyr::between’ by ‘plyranges::between’ when loading ‘SingleMoleculeFootprinting’ Warning: replacing previous import ‘dplyr::n_distinct’ by ‘plyranges::n_distinct’ when loading ‘SingleMoleculeFootprinting’ Warning: replacing previous import ‘dplyr::n’ by ‘plyranges::n’ when loading ‘SingleMoleculeFootprinting’ Warning: replacing previous import ‘magrittr::extract’ by ‘tidyr::extract’ when loading ‘SingleMoleculeFootprinting’ ** testing if installed package can be loaded from final location Warning: program compiled against libxml 212 using older 211 Warning: replacing previous import ‘Biostrings::setequal’ by ‘dplyr::setequal’ when loading ‘SingleMoleculeFootprinting’ Warning: replacing previous import ‘GenomicRanges::intersect’ by ‘dplyr::intersect’ when loading ‘SingleMoleculeFootprinting’ Warning: replacing previous import ‘GenomicRanges::union’ by ‘dplyr::union’ when loading ‘SingleMoleculeFootprinting’ Warning: replacing previous import ‘BiocGenerics::combine’ by ‘dplyr::combine’ when loading ‘SingleMoleculeFootprinting’ Warning: replacing previous import ‘Biostrings::collapse’ by ‘dplyr::collapse’ when loading ‘SingleMoleculeFootprinting’ Warning: replacing previous import ‘GenomicRanges::setdiff’ by ‘dplyr::setdiff’ when loading ‘SingleMoleculeFootprinting’ Warning: replacing previous import ‘BiocGenerics::Position’ by ‘ggplot2::Position’ when loading ‘SingleMoleculeFootprinting’ Warning: replacing previous import ‘BiocGenerics::boxplot’ by ‘graphics::boxplot’ when loading ‘SingleMoleculeFootprinting’ Warning: replacing previous import ‘Matrix::image’ by ‘graphics::image’ when loading ‘SingleMoleculeFootprinting’ Warning: replacing previous import ‘GenomicRanges::subtract’ by ‘magrittr::subtract’ when loading ‘SingleMoleculeFootprinting’ Warning: replacing previous import ‘dplyr::between’ by ‘plyranges::between’ when loading ‘SingleMoleculeFootprinting’ Warning: replacing previous import ‘dplyr::n_distinct’ by ‘plyranges::n_distinct’ when loading ‘SingleMoleculeFootprinting’ Warning: replacing previous import ‘dplyr::n’ by ‘plyranges::n’ when loading ‘SingleMoleculeFootprinting’ Warning: replacing previous import ‘magrittr::extract’ by ‘tidyr::extract’ when loading ‘SingleMoleculeFootprinting’ ** testing if installed package keeps a record of temporary installation path * DONE (SingleMoleculeFootprinting)
SingleMoleculeFootprinting.Rcheck/tests/testthat.Rout
R Under development (unstable) (2024-11-24 r87369) -- "Unsuffered Consequences"
Copyright (C) 2024 The R Foundation for Statistical Computing
Platform: aarch64-unknown-linux-gnu
R is free software and comes with ABSOLUTELY NO WARRANTY.
You are welcome to redistribute it under certain conditions.
Type 'license()' or 'licence()' for distribution details.
R is a collaborative project with many contributors.
Type 'contributors()' for more information and
'citation()' on how to cite R or R packages in publications.
Type 'demo()' for some demos, 'help()' for on-line help, or
'help.start()' for an HTML browser interface to help.
Type 'q()' to quit R.
> library(testthat)
> library(SingleMoleculeFootprinting)
Warning: program compiled against libxml 212 using older 211
There were 14 warnings (use warnings() to see them)
>
> test_check("SingleMoleculeFootprinting")
Loading required package: BSgenome
Loading required package: BiocGenerics
Loading required package: generics
Attaching package: 'generics'
The following objects are masked from 'package:base':
as.difftime, as.factor, as.ordered, intersect, is.element, setdiff,
setequal, union
Attaching package: 'BiocGenerics'
The following objects are masked from 'package:stats':
IQR, mad, sd, var, xtabs
The following objects are masked from 'package:base':
Filter, Find, Map, Position, Reduce, anyDuplicated, aperm, append,
as.data.frame, basename, cbind, colnames, dirname, do.call,
duplicated, eval, evalq, get, grep, grepl, is.unsorted, lapply,
mapply, match, mget, order, paste, pmax, pmax.int, pmin, pmin.int,
rank, rbind, rownames, sapply, saveRDS, table, tapply, unique,
unsplit, which.max, which.min
Loading required package: S4Vectors
Loading required package: stats4
Attaching package: 'S4Vectors'
The following object is masked from 'package:utils':
findMatches
The following objects are masked from 'package:base':
I, expand.grid, unname
Loading required package: IRanges
Loading required package: GenomeInfoDb
Loading required package: GenomicRanges
Loading required package: Biostrings
Loading required package: XVector
Attaching package: 'Biostrings'
The following object is masked from 'package:base':
strsplit
Loading required package: BiocIO
Loading required package: rtracklayer
Attaching package: 'rtracklayer'
The following object is masked from 'package:BiocIO':
FileForFormat
all necessary alignment files found
Detected experiment type: DE
all necessary alignment files found
see ?SingleMoleculeFootprintingData and browseVignettes('SingleMoleculeFootprintingData') for documentation
loading from cache
counting alignments...done
counting alignments...done
all necessary alignment files found
5334 reads found mapping to the - strand, collapsing to +
5334 reads found mapping to the - strand, collapsing to +
Detected experiment type: DE
Collecting summarized methylation for bins
Subsetting those reads that cover all bins
Summarizing reads into patterns
Splitting reads by pattern
[ FAIL 0 | WARN 0 | SKIP 0 | PASS 6 ]
>
> proc.time()
user system elapsed
35.322 2.353 44.798
SingleMoleculeFootprinting.Rcheck/SingleMoleculeFootprinting-Ex.timings
| name | user | system | elapsed | |
| Arrange_TFBSs_clusters | 0.636 | 0.004 | 0.669 | |
| BaitCapture | 0 | 0 | 0 | |
| BinMethylation | 0.295 | 0.000 | 0.298 | |
| CallContextMethylation | 0.000 | 0.000 | 0.001 | |
| CollapseStrands | 0.361 | 0.000 | 0.363 | |
| CollapseStrandsSM | 2.181 | 0.140 | 2.325 | |
| CollectCompositeData | 0 | 0 | 0 | |
| CompositeMethylationCorrelation | 0 | 0 | 0 | |
| CompositePlot | 0 | 0 | 0 | |
| ConversionRate | 0 | 0 | 0 | |
| CoverageFilter | 0.071 | 0.000 | 0.071 | |
| Create_MethylationCallingWindows | 0.077 | 0.000 | 0.077 | |
| DetectExperimentType | 0.581 | 0.011 | 0.591 | |
| FilterByConversionRate | 0.637 | 0.020 | 0.658 | |
| FilterContextCytosines | 0.512 | 0.016 | 0.529 | |