| Back to Multiple platform build/check report for BioC 3.21: simplified long |
|
This page was generated on 2025-08-18 11:42 -0400 (Mon, 18 Aug 2025).
| Hostname | OS | Arch (*) | R version | Installed pkgs |
|---|---|---|---|---|
| nebbiolo1 | Linux (Ubuntu 24.04.3 LTS) | x86_64 | 4.5.1 (2025-06-13) -- "Great Square Root" | 4824 |
| palomino7 | Windows Server 2022 Datacenter | x64 | 4.5.1 (2025-06-13 ucrt) -- "Great Square Root" | 4566 |
| merida1 | macOS 12.7.5 Monterey | x86_64 | 4.5.1 RC (2025-06-05 r88288) -- "Great Square Root" | 4604 |
| kjohnson1 | macOS 13.6.6 Ventura | arm64 | 4.5.1 Patched (2025-06-14 r88325) -- "Great Square Root" | 4545 |
| kunpeng2 | Linux (openEuler 24.03 LTS) | aarch64 | R Under development (unstable) (2025-02-19 r87757) -- "Unsuffered Consequences" | 4579 |
| Click on any hostname to see more info about the system (e.g. compilers) (*) as reported by 'uname -p', except on Windows and Mac OS X | ||||
| Package 2086/2341 | Hostname | OS / Arch | INSTALL | BUILD | CHECK | BUILD BIN | ||||||||
| SPLINTER 1.34.0 (landing page) Diana Low
| nebbiolo1 | Linux (Ubuntu 24.04.3 LTS) / x86_64 | OK | OK | OK | |||||||||
| palomino7 | Windows Server 2022 Datacenter / x64 | OK | OK | WARNINGS | OK | |||||||||
| merida1 | macOS 12.7.5 Monterey / x86_64 | OK | OK | OK | OK | |||||||||
| kjohnson1 | macOS 13.6.6 Ventura / arm64 | OK | ERROR | skipped | skipped | |||||||||
| kunpeng2 | Linux (openEuler 24.03 LTS) / aarch64 | OK | ERROR | skipped | ||||||||||
|
To the developers/maintainers of the SPLINTER package: - Allow up to 24 hours (and sometimes 48 hours) for your latest push to git@git.bioconductor.org:packages/SPLINTER.git to reflect on this report. See Troubleshooting Build Report for more information. - Use the following Renviron settings to reproduce errors and warnings. - If 'R CMD check' started to fail recently on the Linux builder(s) over a missing dependency, add the missing dependency to 'Suggests:' in your DESCRIPTION file. See Renviron.bioc for more information. |
| Package: SPLINTER |
| Version: 1.34.0 |
| Command: E:\biocbuild\bbs-3.21-bioc\R\bin\R.exe CMD check --no-multiarch --install=check:SPLINTER.install-out.txt --library=E:\biocbuild\bbs-3.21-bioc\R\library --no-vignettes --timings SPLINTER_1.34.0.tar.gz |
| StartedAt: 2025-08-15 07:23:29 -0400 (Fri, 15 Aug 2025) |
| EndedAt: 2025-08-15 07:30:53 -0400 (Fri, 15 Aug 2025) |
| EllapsedTime: 443.8 seconds |
| RetCode: 0 |
| Status: WARNINGS |
| CheckDir: SPLINTER.Rcheck |
| Warnings: 1 |
##############################################################################
##############################################################################
###
### Running command:
###
### E:\biocbuild\bbs-3.21-bioc\R\bin\R.exe CMD check --no-multiarch --install=check:SPLINTER.install-out.txt --library=E:\biocbuild\bbs-3.21-bioc\R\library --no-vignettes --timings SPLINTER_1.34.0.tar.gz
###
##############################################################################
##############################################################################
* using log directory 'E:/biocbuild/bbs-3.21-bioc/meat/SPLINTER.Rcheck'
* using R version 4.5.1 (2025-06-13 ucrt)
* using platform: x86_64-w64-mingw32
* R was compiled by
gcc.exe (GCC) 14.2.0
GNU Fortran (GCC) 14.2.0
* running under: Windows Server 2022 x64 (build 20348)
* using session charset: UTF-8
* using option '--no-vignettes'
* checking for file 'SPLINTER/DESCRIPTION' ... OK
* checking extension type ... Package
* this is package 'SPLINTER' version '1.34.0'
* package encoding: UTF-8
* checking package namespace information ... OK
* checking package dependencies ... OK
* checking if this is a source package ... OK
* checking if there is a namespace ... OK
* checking for hidden files and directories ... OK
* checking for portable file names ... OK
* checking whether package 'SPLINTER' can be installed ... WARNING
Found the following significant warnings:
Warning: replacing previous import 'IRanges::windows' by 'grDevices::windows' when loading 'SPLINTER'
See 'E:/biocbuild/bbs-3.21-bioc/meat/SPLINTER.Rcheck/00install.out' for details.
* checking installed package size ... OK
* checking package directory ... OK
* checking 'build' directory ... OK
* checking DESCRIPTION meta-information ... OK
* checking top-level files ... OK
* checking for left-over files ... OK
* checking index information ... OK
* checking package subdirectories ... OK
* checking code files for non-ASCII characters ... OK
* checking R files for syntax errors ... OK
* checking whether the package can be loaded ... OK
* checking whether the package can be loaded with stated dependencies ... OK
* checking whether the package can be unloaded cleanly ... OK
* checking whether the namespace can be loaded with stated dependencies ... OK
* checking whether the namespace can be unloaded cleanly ... OK
* checking dependencies in R code ... OK
* checking S3 generic/method consistency ... OK
* checking replacement functions ... OK
* checking foreign function calls ... OK
* checking R code for possible problems ... OK
* checking Rd files ... OK
* checking Rd metadata ... OK
* checking Rd cross-references ... OK
* checking for missing documentation entries ... OK
* checking for code/documentation mismatches ... OK
* checking Rd \usage sections ... OK
* checking Rd contents ... OK
* checking for unstated dependencies in examples ... OK
* checking contents of 'data' directory ... OK
* checking data for non-ASCII characters ... OK
* checking LazyData ... OK
* checking data for ASCII and uncompressed saves ... OK
* checking sizes of PDF files under 'inst/doc' ... OK
* checking files in 'vignettes' ... OK
* checking examples ... OK
Examples with CPU (user + system) or elapsed time > 5s
user system elapsed
eventPlot 15.65 0.22 15.94
getPCRsizes 9.17 0.30 9.50
* checking for unstated dependencies in vignettes ... OK
* checking package vignettes ... OK
* checking running R code from vignettes ... SKIPPED
* checking re-building of vignette outputs ... SKIPPED
* checking PDF version of manual ... OK
* DONE
Status: 1 WARNING
See
'E:/biocbuild/bbs-3.21-bioc/meat/SPLINTER.Rcheck/00check.log'
for details.
SPLINTER.Rcheck/00install.out
############################################################################## ############################################################################## ### ### Running command: ### ### E:\biocbuild\bbs-3.21-bioc\R\bin\R.exe CMD INSTALL SPLINTER ### ############################################################################## ############################################################################## * installing to library 'E:/biocbuild/bbs-3.21-bioc/R/library' * installing *source* package 'SPLINTER' ... ** this is package 'SPLINTER' version '1.34.0' ** using staged installation ** R ** data *** moving datasets to lazyload DB ** inst ** byte-compile and prepare package for lazy loading Warning: replacing previous import 'IRanges::windows' by 'grDevices::windows' when loading 'SPLINTER' ** help *** installing help indices ** building package indices ** installing vignettes ** testing if installed package can be loaded from temporary location Warning: replacing previous import 'IRanges::windows' by 'grDevices::windows' when loading 'SPLINTER' ** testing if installed package can be loaded from final location Warning: replacing previous import 'IRanges::windows' by 'grDevices::windows' when loading 'SPLINTER' ** testing if installed package keeps a record of temporary installation path * DONE (SPLINTER)
SPLINTER.Rcheck/SPLINTER-Ex.timings
| name | user | system | elapsed | |
| acceptor.m | 0 | 0 | 0 | |
| addEnsemblAnnotation | 0.00 | 0.00 | 0.02 | |
| callPrimer3 | 0 | 0 | 0 | |
| checkPrimer | 0.09 | 0.01 | 0.11 | |
| compatible_cds | 0 | 0 | 0 | |
| compatible_tx | 0 | 0 | 0 | |
| donor.m | 0.01 | 0.00 | 0.01 | |
| eventOutcomeCompare | 1.74 | 0.08 | 1.85 | |
| eventOutcomeTranslate | 0.54 | 0.08 | 0.62 | |
| eventPlot | 15.65 | 0.22 | 15.94 | |
| extendROI | 0.94 | 0.01 | 0.95 | |
| extractSpliceEvents | 0.02 | 0.00 | 0.02 | |
| extractSpliceSites | 0.08 | 0.00 | 0.07 | |
| findCompatibleEvents | 0.46 | 0.00 | 0.47 | |
| findCompatibleExon | 0.29 | 0.02 | 0.30 | |
| findTX | 0.03 | 0.00 | 0.03 | |
| getPCRsizes | 9.17 | 0.30 | 9.50 | |
| getRegionDNA | 0.36 | 0.03 | 0.39 | |
| insertRegion | 0.16 | 0.00 | 0.16 | |
| makeROI | 0.35 | 0.01 | 0.37 | |
| makeUniqueIDs | 0.02 | 0.00 | 0.02 | |
| pcr_result1 | 0 | 0 | 0 | |
| plot_seqlogo | 0.06 | 0.00 | 0.06 | |
| primers | 0 | 0 | 0 | |
| psiPlot | 1.72 | 0.05 | 1.77 | |
| region_minus_exon | 0 | 0 | 0 | |
| roi | 0 | 0 | 0 | |
| shapiroAcceptor | 0.53 | 0.05 | 0.58 | |
| shapiroDonor | 0.60 | 0.04 | 0.64 | |
| splice_data | 0.00 | 0.02 | 0.01 | |
| splice_fasta | 0 | 0 | 0 | |
| splitPCRhit | 0 | 0 | 0 | |
| thecds | 0.00 | 0.01 | 0.02 | |
| theexons | 0 | 0 | 0 | |
| valid_cds | 0 | 0 | 0 | |
| valid_tx | 0.00 | 0.02 | 0.01 | |