| Back to Multiple platform build/check report for BioC 3.21: simplified long | 
 | 
This page was generated on 2025-10-16 11:38 -0400 (Thu, 16 Oct 2025).
| Hostname | OS | Arch (*) | R version | Installed pkgs | 
|---|---|---|---|---|
| nebbiolo1 | Linux (Ubuntu 24.04.3 LTS) | x86_64 | 4.5.1 (2025-06-13) -- "Great Square Root" | 4833 | 
| merida1 | macOS 12.7.6 Monterey | x86_64 | 4.5.1 RC (2025-06-05 r88288) -- "Great Square Root" | 4614 | 
| kjohnson1 | macOS 13.7.5 Ventura | arm64 | 4.5.1 Patched (2025-06-14 r88325) -- "Great Square Root" | 4555 | 
| kunpeng2 | Linux (openEuler 24.03 LTS) | aarch64 | R Under development (unstable) (2025-02-19 r87757) -- "Unsuffered Consequences" | 4586 | 
| Click on any hostname to see more info about the system (e.g. compilers) (*) as reported by 'uname -p', except on Windows and Mac OS X | ||||
| Package 1809/2341 | Hostname | OS / Arch | INSTALL | BUILD | CHECK | BUILD BIN | ||||||||
| RNAsense 1.22.0  (landing page) Marcus Rosenblatt 
 | nebbiolo1 | Linux (Ubuntu 24.04.3 LTS) / x86_64 | OK | OK | WARNINGS |  | ||||||||
| merida1 | macOS 12.7.6 Monterey / x86_64 | OK | OK | WARNINGS | OK |  | ||||||||
| kjohnson1 | macOS 13.7.5 Ventura / arm64 | OK | OK | WARNINGS | OK |  | ||||||||
| kunpeng2 | Linux (openEuler 24.03 LTS) / aarch64 | OK | OK | WARNINGS | ||||||||||
| To the developers/maintainers of the RNAsense package: - Allow up to 24 hours (and sometimes 48 hours) for your latest push to git@git.bioconductor.org:packages/RNAsense.git to reflect on this report. See Troubleshooting Build Report for more information. - Use the following Renviron settings to reproduce errors and warnings. - If 'R CMD check' started to fail recently on the Linux builder(s) over a missing dependency, add the missing dependency to 'Suggests:' in your DESCRIPTION file. See Renviron.bioc for more information. | 
| Package: RNAsense | 
| Version: 1.22.0 | 
| Command: /home/biocbuild/bbs-3.21-bioc/R/bin/R CMD check --install=check:RNAsense.install-out.txt --library=/home/biocbuild/bbs-3.21-bioc/R/site-library --timings RNAsense_1.22.0.tar.gz | 
| StartedAt: 2025-10-16 02:57:30 -0400 (Thu, 16 Oct 2025) | 
| EndedAt: 2025-10-16 03:12:37 -0400 (Thu, 16 Oct 2025) | 
| EllapsedTime: 907.4 seconds | 
| RetCode: 0 | 
| Status: WARNINGS | 
| CheckDir: RNAsense.Rcheck | 
| Warnings: 1 | 
##############################################################################
##############################################################################
###
### Running command:
###
###   /home/biocbuild/bbs-3.21-bioc/R/bin/R CMD check --install=check:RNAsense.install-out.txt --library=/home/biocbuild/bbs-3.21-bioc/R/site-library --timings RNAsense_1.22.0.tar.gz
###
##############################################################################
##############################################################################
* using log directory ‘/home/biocbuild/bbs-3.21-bioc/meat/RNAsense.Rcheck’
* using R version 4.5.1 (2025-06-13)
* using platform: x86_64-pc-linux-gnu
* R was compiled by
    gcc (Ubuntu 13.3.0-6ubuntu2~24.04) 13.3.0
    GNU Fortran (Ubuntu 13.3.0-6ubuntu2~24.04) 13.3.0
* running under: Ubuntu 24.04.3 LTS
* using session charset: UTF-8
* checking for file ‘RNAsense/DESCRIPTION’ ... OK
* checking extension type ... Package
* this is package ‘RNAsense’ version ‘1.22.0’
* package encoding: UTF-8
* checking package namespace information ... OK
* checking package dependencies ... OK
* checking if this is a source package ... OK
* checking if there is a namespace ... OK
* checking for hidden files and directories ... OK
* checking for portable file names ... OK
* checking for sufficient/correct file permissions ... OK
* checking whether package ‘RNAsense’ can be installed ... OK
* checking installed package size ... OK
* checking package directory ... OK
* checking ‘build’ directory ... OK
* checking DESCRIPTION meta-information ... OK
* checking top-level files ... OK
* checking for left-over files ... OK
* checking index information ... OK
* checking package subdirectories ... OK
* checking code files for non-ASCII characters ... OK
* checking R files for syntax errors ... OK
* checking whether the package can be loaded ... OK
* checking whether the package can be loaded with stated dependencies ... OK
* checking whether the package can be unloaded cleanly ... OK
* checking whether the namespace can be loaded with stated dependencies ... OK
* checking whether the namespace can be unloaded cleanly ... OK
* checking loading without being on the library search path ... OK
* checking dependencies in R code ... OK
* checking S3 generic/method consistency ... OK
* checking replacement functions ... OK
* checking foreign function calls ... OK
* checking R code for possible problems ... NOTE
combineResults: no visible binding for global variable ‘resultSwitch’
combineResults: no visible binding for global variable ‘resultFC’
combineResults : getFCupdown: no visible binding for global variable
  ‘resultFC’
combineResults : getFCupdown: no visible binding for global variable
  ‘name’
combineResults : getFCupdown: no visible binding for global variable
  ‘FCdetect’
getFC: no visible binding for global variable ‘mydata’
getFC: no visible binding for global variable ‘analyzeConditions’
getFC: no visible binding for global variable ‘times’
getSwitch: no visible binding for global variable ‘mydata’
getSwitch: no visible binding for global variable ‘times’
outputGeneTables: no visible binding for global variable
  ‘resultCombined’
outputGeneTables: no visible binding for global variable ‘times’
outputGeneTables: no visible binding for global variable
  ‘analyzeConditions’
outputGeneTables: no visible binding for global variable ‘timepoint’
outputGeneTables: no visible binding for global variable ‘FCdown’
outputGeneTables: no visible binding for global variable ‘FCup’
outputGeneTables: no visible binding for global variable ‘experiment’
plotSSGS: no visible binding for global variable ‘resultCombined’
plotSSGS: no visible binding for global variable ‘times’
plotSSGS: no visible binding for global variable ‘analyzeConditions’
plotSSGS : getFT: no visible binding for global variable ‘result’
plotSSGS : getFT: no visible binding for global variable ‘timepoint’
plotSSGS : getFT: no visible binding for global variable ‘FCdown’
plotSSGS : getFT: no visible binding for global variable ‘FCup’
plotSSGS : <anonymous> : <anonymous> : <anonymous> : <anonymous>: no
  visible binding for global variable ‘experiment’
plotSSGS: no visible binding for global variable ‘xaxis’
plotSSGS: no visible binding for global variable ‘cluster’
Undefined global functions or variables:
  FCdetect FCdown FCup analyzeConditions cluster experiment mydata name
  result resultCombined resultFC resultSwitch timepoint times xaxis
* checking Rd files ... NOTE
checkRd: (-1) MZsox.Rd:9: Lost braces in \itemize; meant \describe ?
checkRd: (-1) MZsox.Rd:10: Lost braces in \itemize; meant \describe ?
checkRd: (-1) MZsox.Rd:11: Lost braces in \itemize; meant \describe ?
checkRd: (-1) MZsox.Rd:12: Lost braces in \itemize; meant \describe ?
checkRd: (-1) MZsox.Rd:13: Lost braces in \itemize; meant \describe ?
* checking Rd metadata ... OK
* checking Rd cross-references ... WARNING
Missing link(s) in Rd file 'getFC.Rd':
  ‘DataFrame’
Missing link(s) in Rd file 'getSwitch.Rd':
  ‘DataFrame’
See section 'Cross-references' in the 'Writing R Extensions' manual.
Found the following Rd file(s) with Rd \link{} targets missing package
anchors:
  MZsox.Rd: SummarizedExperiment
  getFC.Rd: SummarizedExperiment, DataFrame
  getSwitch.Rd: SummarizedExperiment, DataFrame
Please provide package anchors for all Rd \link{} targets not in the
package itself and the base packages.
* checking for missing documentation entries ... OK
* checking for code/documentation mismatches ... OK
* checking Rd \usage sections ... OK
* checking Rd contents ... OK
* checking for unstated dependencies in examples ... OK
* checking contents of ‘data’ directory ... OK
* checking data for non-ASCII characters ... OK
* checking data for ASCII and uncompressed saves ... OK
* checking files in ‘vignettes’ ... OK
* checking examples ... OK
Examples with CPU (user + system) or elapsed time > 5s
                    user system elapsed
combineResults   131.366  1.050 132.437
outputGeneTables 124.980  0.426 125.418
plotSSGS         123.850  0.315 124.169
getSwitch         76.190  0.258  76.477
getFC             31.339  0.010  31.351
* checking for unstated dependencies in vignettes ... OK
* checking package vignettes ... OK
* checking re-building of vignette outputs ... OK
* checking PDF version of manual ... OK
* DONE
Status: 1 WARNING, 2 NOTEs
See
  ‘/home/biocbuild/bbs-3.21-bioc/meat/RNAsense.Rcheck/00check.log’
for details.
RNAsense.Rcheck/00install.out
############################################################################## ############################################################################## ### ### Running command: ### ### /home/biocbuild/bbs-3.21-bioc/R/bin/R CMD INSTALL RNAsense ### ############################################################################## ############################################################################## * installing to library ‘/home/biocbuild/bbs-3.21-bioc/R/site-library’ * installing *source* package ‘RNAsense’ ... ** this is package ‘RNAsense’ version ‘1.22.0’ ** using staged installation ** R ** data ** byte-compile and prepare package for lazy loading ** help *** installing help indices ** building package indices ** installing vignettes ** testing if installed package can be loaded from temporary location ** testing if installed package can be loaded from final location ** testing if installed package keeps a record of temporary installation path * DONE (RNAsense)
RNAsense.Rcheck/RNAsense-Ex.timings
| name | user | system | elapsed | |
| combineResults | 131.366 | 1.050 | 132.437 | |
| getFC | 31.339 | 0.010 | 31.351 | |
| getSwitch | 76.190 | 0.258 | 76.477 | |
| outputGeneTables | 124.980 | 0.426 | 125.418 | |
| plotSSGS | 123.850 | 0.315 | 124.169 | |