| Back to Multiple platform build/check report for BioC 3.21: simplified long |
|
This page was generated on 2025-10-16 11:39 -0400 (Thu, 16 Oct 2025).
| Hostname | OS | Arch (*) | R version | Installed pkgs |
|---|---|---|---|---|
| nebbiolo1 | Linux (Ubuntu 24.04.3 LTS) | x86_64 | 4.5.1 (2025-06-13) -- "Great Square Root" | 4833 |
| merida1 | macOS 12.7.6 Monterey | x86_64 | 4.5.1 RC (2025-06-05 r88288) -- "Great Square Root" | 4614 |
| kjohnson1 | macOS 13.7.5 Ventura | arm64 | 4.5.1 Patched (2025-06-14 r88325) -- "Great Square Root" | 4555 |
| kunpeng2 | Linux (openEuler 24.03 LTS) | aarch64 | R Under development (unstable) (2025-02-19 r87757) -- "Unsuffered Consequences" | 4586 |
| Click on any hostname to see more info about the system (e.g. compilers) (*) as reported by 'uname -p', except on Windows and Mac OS X | ||||
| Package 557/2341 | Hostname | OS / Arch | INSTALL | BUILD | CHECK | BUILD BIN | ||||||||
| DEP 1.30.0 (landing page) Arne Smits
| nebbiolo1 | Linux (Ubuntu 24.04.3 LTS) / x86_64 | OK | OK | WARNINGS | |||||||||
| merida1 | macOS 12.7.6 Monterey / x86_64 | OK | OK | WARNINGS | OK | |||||||||
| kjohnson1 | macOS 13.7.5 Ventura / arm64 | OK | OK | WARNINGS | OK | |||||||||
| kunpeng2 | Linux (openEuler 24.03 LTS) / aarch64 | OK | OK | WARNINGS | ||||||||||
|
To the developers/maintainers of the DEP package: - Allow up to 24 hours (and sometimes 48 hours) for your latest push to git@git.bioconductor.org:packages/DEP.git to reflect on this report. See Troubleshooting Build Report for more information. - Use the following Renviron settings to reproduce errors and warnings. - If 'R CMD check' started to fail recently on the Linux builder(s) over a missing dependency, add the missing dependency to 'Suggests:' in your DESCRIPTION file. See Renviron.bioc for more information. |
| Package: DEP |
| Version: 1.30.0 |
| Command: /Library/Frameworks/R.framework/Resources/bin/R CMD check --install=check:DEP.install-out.txt --library=/Library/Frameworks/R.framework/Resources/library --no-vignettes --timings DEP_1.30.0.tar.gz |
| StartedAt: 2025-10-14 02:43:12 -0400 (Tue, 14 Oct 2025) |
| EndedAt: 2025-10-14 03:00:36 -0400 (Tue, 14 Oct 2025) |
| EllapsedTime: 1043.2 seconds |
| RetCode: 0 |
| Status: WARNINGS |
| CheckDir: DEP.Rcheck |
| Warnings: 1 |
##############################################################################
##############################################################################
###
### Running command:
###
### /Library/Frameworks/R.framework/Resources/bin/R CMD check --install=check:DEP.install-out.txt --library=/Library/Frameworks/R.framework/Resources/library --no-vignettes --timings DEP_1.30.0.tar.gz
###
##############################################################################
##############################################################################
* using log directory ‘/Users/biocbuild/bbs-3.21-bioc/meat/DEP.Rcheck’
* using R version 4.5.1 RC (2025-06-05 r88288)
* using platform: x86_64-apple-darwin20
* R was compiled by
Apple clang version 14.0.0 (clang-1400.0.29.202)
GNU Fortran (GCC) 14.2.0
* running under: macOS Monterey 12.7.6
* using session charset: UTF-8
* using option ‘--no-vignettes’
* checking for file ‘DEP/DESCRIPTION’ ... OK
* this is package ‘DEP’ version ‘1.30.0’
* package encoding: UTF-8
* checking package namespace information ... OK
* checking package dependencies ... INFO
Imports includes 23 non-default packages.
Importing from so many packages makes the package vulnerable to any of
them becoming unavailable. Move as many as possible to Suggests and
use conditionally.
* checking if this is a source package ... OK
* checking if there is a namespace ... OK
* checking for hidden files and directories ... OK
* checking for portable file names ... OK
* checking for sufficient/correct file permissions ... OK
* checking whether package ‘DEP’ can be installed ... OK
* checking installed package size ... OK
* checking package directory ... OK
* checking ‘build’ directory ... OK
* checking DESCRIPTION meta-information ... OK
* checking top-level files ... OK
* checking for left-over files ... OK
* checking index information ... OK
* checking package subdirectories ... OK
* checking code files for non-ASCII characters ... OK
* checking R files for syntax errors ... OK
* checking whether the package can be loaded ... OK
* checking whether the package can be loaded with stated dependencies ... OK
* checking whether the package can be unloaded cleanly ... OK
* checking whether the namespace can be loaded with stated dependencies ... OK
* checking whether the namespace can be unloaded cleanly ... OK
* checking whether startup messages can be suppressed ... OK
* checking dependencies in R code ... OK
* checking S3 generic/method consistency ... OK
* checking replacement functions ... OK
* checking foreign function calls ... OK
* checking R code for possible problems ... OK
* checking Rd files ... OK
* checking Rd metadata ... OK
* checking Rd cross-references ... WARNING
Missing link(s) in Rd file 'LFQ.Rd':
‘[MSnbase:impute-methods]{impute}’
Missing link(s) in Rd file 'TMT.Rd':
‘[MSnbase:impute-methods]{impute}’
Missing link(s) in Rd file 'impute.Rd':
‘[MSnbase:impute-methods]{impute}’
Missing link(s) in Rd file 'process.Rd':
‘[MSnbase:impute-methods]{impute}’
See section 'Cross-references' in the 'Writing R Extensions' manual.
* checking for missing documentation entries ... OK
* checking for code/documentation mismatches ... OK
* checking Rd \usage sections ... OK
* checking Rd contents ... OK
* checking for unstated dependencies in examples ... OK
* checking contents of ‘data’ directory ... OK
* checking data for non-ASCII characters ... OK
* checking LazyData ... OK
* checking data for ASCII and uncompressed saves ... OK
* checking R/sysdata.rda ... OK
* checking files in ‘vignettes’ ... OK
* checking examples ... OK
Examples with CPU (user + system) or elapsed time > 5s
user system elapsed
impute 119.300 0.507 126.674
plot_dist 8.978 0.059 9.487
plot_volcano 8.943 0.064 9.768
plot_heatmap 6.427 0.054 6.795
analyze_dep 5.181 0.170 5.378
plot_single 4.944 0.026 5.245
* checking for unstated dependencies in ‘tests’ ... OK
* checking tests ...
Running ‘testthat.R’
OK
* checking for unstated dependencies in vignettes ... OK
* checking package vignettes ... OK
* checking running R code from vignettes ... SKIPPED
* checking re-building of vignette outputs ... SKIPPED
* checking PDF version of manual ... OK
* DONE
Status: 1 WARNING
See
‘/Users/biocbuild/bbs-3.21-bioc/meat/DEP.Rcheck/00check.log’
for details.
DEP.Rcheck/00install.out
############################################################################## ############################################################################## ### ### Running command: ### ### /Library/Frameworks/R.framework/Resources/bin/R CMD INSTALL DEP ### ############################################################################## ############################################################################## * installing to library ‘/Library/Frameworks/R.framework/Versions/4.5-x86_64/Resources/library’ * installing *source* package ‘DEP’ ... ** this is package ‘DEP’ version ‘1.30.0’ ** using staged installation ** R ** data *** moving datasets to lazyload DB ** inst ** byte-compile and prepare package for lazy loading ** help *** installing help indices ** building package indices ** installing vignettes ** testing if installed package can be loaded from temporary location ** testing if installed package can be loaded from final location ** testing if installed package keeps a record of temporary installation path * DONE (DEP)
DEP.Rcheck/tests/testthat.Rout
R version 4.5.1 RC (2025-06-05 r88288) -- "Great Square Root"
Copyright (C) 2025 The R Foundation for Statistical Computing
Platform: x86_64-apple-darwin20
R is free software and comes with ABSOLUTELY NO WARRANTY.
You are welcome to redistribute it under certain conditions.
Type 'license()' or 'licence()' for distribution details.
R is a collaborative project with many contributors.
Type 'contributors()' for more information and
'citation()' on how to cite R or R packages in publications.
Type 'demo()' for some demos, 'help()' for on-line help, or
'help.start()' for an HTML browser interface to help.
Type 'q()' to quit R.
> library(testthat)
> library(DEP)
>
> test_check("DEP")
[ FAIL 0 | WARN 15 | SKIP 0 | PASS 333 ]
[ FAIL 0 | WARN 15 | SKIP 0 | PASS 333 ]
>
> proc.time()
user system elapsed
133.305 5.287 160.105
DEP.Rcheck/DEP-Ex.timings
| name | user | system | elapsed | |
| LFQ | 2.926 | 0.061 | 3.095 | |
| TMT | 0.000 | 0.001 | 0.001 | |
| add_rejections | 2.643 | 0.029 | 2.682 | |
| analyze_dep | 5.181 | 0.170 | 5.378 | |
| filter_missval | 1.138 | 0.018 | 1.166 | |
| filter_proteins | 0.686 | 0.008 | 0.696 | |
| get_df_long | 1.738 | 0.019 | 1.770 | |
| get_df_wide | 1.664 | 0.018 | 1.692 | |
| get_prefix | 0.006 | 0.001 | 0.006 | |
| get_results | 2.256 | 0.024 | 2.298 | |
| get_suffix | 0.002 | 0.000 | 0.003 | |
| import_IsobarQuant | 0.000 | 0.001 | 0.001 | |
| import_MaxQuant | 0.117 | 0.001 | 0.118 | |
| impute | 119.300 | 0.507 | 126.674 | |
| make_se | 0.094 | 0.002 | 0.097 | |
| make_se_parse | 0.133 | 0.001 | 0.137 | |
| make_unique | 0.048 | 0.001 | 0.052 | |
| manual_impute | 2.481 | 0.044 | 2.651 | |
| meanSdPlot | 2.070 | 0.093 | 2.267 | |
| normalize_vsn | 0.793 | 0.008 | 0.836 | |
| plot_all | 4.225 | 0.051 | 4.480 | |
| plot_cond | 2.765 | 0.029 | 2.927 | |
| plot_cond_freq | 2.286 | 0.019 | 2.394 | |
| plot_cond_overlap | 2.290 | 0.023 | 2.384 | |
| plot_cor | 2.976 | 0.036 | 3.149 | |
| plot_coverage | 1.374 | 0.007 | 1.418 | |
| plot_detect | 2.322 | 0.016 | 2.505 | |
| plot_dist | 8.978 | 0.059 | 9.487 | |
| plot_frequency | 1.216 | 0.007 | 1.277 | |
| plot_gsea | 1.575 | 0.016 | 1.665 | |
| plot_heatmap | 6.427 | 0.054 | 6.795 | |
| plot_imputation | 2.749 | 0.029 | 3.134 | |
| plot_missval | 3.967 | 0.126 | 4.833 | |
| plot_normalization | 3.743 | 0.058 | 4.388 | |
| plot_numbers | 1.427 | 0.010 | 1.767 | |
| plot_p_hist | 3.424 | 0.023 | 3.713 | |
| plot_pca | 3.502 | 0.020 | 3.705 | |
| plot_single | 4.944 | 0.026 | 5.245 | |
| plot_volcano | 8.943 | 0.064 | 9.768 | |
| process | 3.774 | 0.026 | 3.962 | |
| report | 0.000 | 0.001 | 0.001 | |
| run_app | 0.000 | 0.000 | 0.001 | |
| se2msn | 0.272 | 0.002 | 0.291 | |
| test_diff | 1.981 | 0.017 | 2.073 | |
| test_gsea | 1.606 | 0.014 | 1.705 | |
| theme_DEP1 | 1.248 | 0.009 | 1.302 | |
| theme_DEP2 | 1.371 | 0.007 | 1.447 | |