| Back to Workflows build report for BioC 3.20 |
This page was generated on 2024-07-09 16:30 -0400 (Tue, 09 Jul 2024).
| Hostname | OS | Arch (*) | R version | Installed pkgs |
|---|---|---|---|---|
| nebbiolo2 | Linux (Ubuntu 22.04.3 LTS) | x86_64 | 4.4.1 (2024-06-14) -- "Race for Your Life" | 4643 |
| palomino6 | Windows Server 2022 Datacenter | x64 | 4.4.1 (2024-06-14 ucrt) -- "Race for Your Life" | 4414 |
| lconway | macOS 12.7.1 Monterey | x86_64 | 4.4.1 (2024-06-14) -- "Race for Your Life" | 4442 |
| Click on any hostname to see more info about the system (e.g. compilers) (*) as reported by 'uname -p', except on Windows and Mac OS X | ||||
| Package 28/30 | Hostname | OS / Arch | INSTALL | BUILD | ||||||||
| spicyWorkflow 1.5.0 (landing page) SOMS Maintainer
| nebbiolo2 | Linux (Ubuntu 22.04.3 LTS) / x86_64 | OK | ERROR | ||||||||
| palomino6 | Windows Server 2022 Datacenter / x64 | OK | ERROR | |||||||||
| lconway | macOS 12.7.1 Monterey / x86_64 | OK | ERROR | |||||||||
|
To the developers/maintainers of the spicyWorkflow package: - Use the following Renviron settings to reproduce errors and warnings. - If 'R CMD check' started to fail recently on the Linux builder(s) over a missing dependency, add the missing dependency to 'Suggests:' in your DESCRIPTION file. See Renviron.bioc for more information. |
| Package: spicyWorkflow |
| Version: 1.5.0 |
| Command: chmod a+r spicyWorkflow -R && C:\Users\biocbuild\bbs-3.20-bioc\R\bin\R.exe CMD build --keep-empty-dirs --no-resave-data spicyWorkflow |
| StartedAt: 2024-07-09 13:17:14 -0400 (Tue, 09 Jul 2024) |
| EndedAt: 2024-07-09 13:42:57 -0400 (Tue, 09 Jul 2024) |
| EllapsedTime: 1542.8 seconds |
| RetCode: 1 |
| Status: ERROR |
| PackageFile: None |
| PackageFileSize: NA |
############################################################################## ############################################################################## ### ### Running command: ### ### chmod a+r spicyWorkflow -R && C:\Users\biocbuild\bbs-3.20-bioc\R\bin\R.exe CMD build --keep-empty-dirs --no-resave-data spicyWorkflow ### ############################################################################## ############################################################################## * checking for file 'spicyWorkflow/DESCRIPTION' ... OK * preparing 'spicyWorkflow': * checking DESCRIPTION meta-information ... OK * installing the package to build vignettes * creating vignettes ... ERROR --- re-building 'spicyWorkflow.Rmd' using rmarkdown Quitting from lines 202-213 [segment] (spicyWorkflow.Rmd) Error: processing vignette 'spicyWorkflow.Rmd' failed with diagnostics: BiocParallel errors 0 remote errors, element index: 79 unevaluated and other errors first remote error: --- failed re-building 'spicyWorkflow.Rmd' SUMMARY: processing the following file failed: 'spicyWorkflow.Rmd' Error: Vignette re-building failed. Execution halted