| Back to Long Tests report for BioC 3.20 |
This page was generated on 2024-07-06 23:55 -0400 (Sat, 06 Jul 2024).
| Hostname | OS | Arch (*) | R version | Installed pkgs |
|---|---|---|---|---|
| nebbiolo2 | Linux (Ubuntu 22.04.3 LTS) | x86_64 | 4.4.1 (2024-06-14) -- "Race for Your Life" | 4643 |
| palomino6 | Windows Server 2022 Datacenter | x64 | 4.4.1 (2024-06-14 ucrt) -- "Race for Your Life" | 4414 |
| lconway | macOS 12.7.1 Monterey | x86_64 | 4.4.1 (2024-06-14) -- "Race for Your Life" | 4442 |
| Click on any hostname to see more info about the system (e.g. compilers) (*) as reported by 'uname -p', except on Windows and Mac OS X | ||||
| Package 28/32 | Hostname | OS / Arch | CHECK | |||||||
| rhdf5 2.49.0 (landing page) Mike Smith
| nebbiolo2 | Linux (Ubuntu 22.04.3 LTS) / x86_64 | OK | |||||||
| palomino6 | Windows Server 2022 Datacenter / x64 | WARNINGS | ||||||||
| lconway | macOS 12.7.1 Monterey / x86_64 | OK | ||||||||
|
To the developers/maintainers of the rhdf5 package: - Use the following Renviron settings to reproduce errors and warnings. - If 'R CMD check' started to fail recently on the Linux builder(s) over a missing dependency, add the missing dependency to 'Suggests:' in your DESCRIPTION file. See Renviron.bioc for more information. |
| Package: rhdf5 |
| Version: 2.49.0 |
| Command: C:\Users\biocbuild\bbs-3.20-bioc\R\bin\R.exe CMD check --no-multiarch --test-dir=longtests --no-stop-on-test-error --no-codoc --no-examples --no-manual --ignore-vignettes --check-subdirs=no rhdf5_2.49.0.tar.gz |
| StartedAt: 2024-07-06 16:23:46 -0400 (Sat, 06 Jul 2024) |
| EndedAt: 2024-07-06 16:26:50 -0400 (Sat, 06 Jul 2024) |
| EllapsedTime: 183.8 seconds |
| RetCode: 0 |
| Status: WARNINGS |
| CheckDir: rhdf5.Rcheck |
| Warnings: 1 |
rhdf5.Rcheck/tests/testthat.Rout
R version 4.4.1 (2024-06-14 ucrt) -- "Race for Your Life"
Copyright (C) 2024 The R Foundation for Statistical Computing
Platform: x86_64-w64-mingw32/x64
R is free software and comes with ABSOLUTELY NO WARRANTY.
You are welcome to redistribute it under certain conditions.
Type 'license()' or 'licence()' for distribution details.
R is a collaborative project with many contributors.
Type 'contributors()' for more information and
'citation()' on how to cite R or R packages in publications.
Type 'demo()' for some demos, 'help()' for on-line help, or
'help.start()' for an HTML browser interface to help.
Type 'q()' to quit R.
> library(testthat)
> library(rhdf5)
>
> test_check("rhdf5")
[ FAIL 0 | WARN 0 | SKIP 0 | PASS 5 ]
>
> proc.time()
user system elapsed
41.20 32.28 78.01
##############################################################################
##############################################################################
###
### Running command:
###
### C:\Users\biocbuild\bbs-3.20-bioc\R\bin\R.exe CMD check --no-multiarch --test-dir=longtests --no-stop-on-test-error --no-codoc --no-examples --no-manual --ignore-vignettes --check-subdirs=no rhdf5_2.49.0.tar.gz
###
##############################################################################
##############################################################################
* using log directory 'C:/Users/biocbuild/bbs-3.20-bioc-longtests/meat/rhdf5.Rcheck'
* using R version 4.4.1 (2024-06-14 ucrt)
* using platform: x86_64-w64-mingw32
* R was compiled by
gcc.exe (GCC) 13.2.0
GNU Fortran (GCC) 13.2.0
* running under: Windows Server 2022 x64 (build 20348)
* using session charset: UTF-8
* using options '--no-codoc --no-examples --no-manual --ignore-vignettes --no-stop-on-test-error'
* checking for file 'rhdf5/DESCRIPTION' ... OK
* checking extension type ... Package
* this is package 'rhdf5' version '2.49.0'
* package encoding: UTF-8
* checking package namespace information ... OK
* checking package dependencies ... OK
* checking if this is a source package ... OK
* checking if there is a namespace ... OK
* checking for hidden files and directories ... OK
* checking for portable file names ... OK
* checking whether package 'rhdf5' can be installed ... WARNING
Found the following significant warnings:
HandleListWrap.c:151:16: warning: format '%ld' expects argument of type 'long int', but argument 2 has type 'ssize_t' {aka 'long long int'} [-Wformat=]
See 'C:/Users/biocbuild/bbs-3.20-bioc-longtests/meat/rhdf5.Rcheck/00install.out' for details.
* used C compiler: 'gcc.exe (GCC) 13.2.0'
* used C++ compiler: 'G__~1.EXE (GCC) 13.2.0'
* checking installed package size ... NOTE
installed size is 7.6Mb
sub-directories of 1Mb or more:
libs 6.6Mb
* checking package directory ... OK
* checking DESCRIPTION meta-information ... OK
* checking top-level files ... OK
* checking for left-over files ... OK
* checking index information ... OK
* checking package subdirectories ... OK
* checking code files for non-ASCII characters ... OK
* checking R files for syntax errors ... OK
* checking whether the package can be loaded ... OK
* checking whether the package can be loaded with stated dependencies ... OK
* checking whether the package can be unloaded cleanly ... OK
* checking whether the namespace can be loaded with stated dependencies ... OK
* checking whether the namespace can be unloaded cleanly ... OK
* checking whether startup messages can be suppressed ... OK
* checking dependencies in R code ... OK
* checking S3 generic/method consistency ... OK
* checking replacement functions ... OK
* checking foreign function calls ... OK
* checking R code for possible problems ... OK
* checking Rd files ... OK
* checking Rd metadata ... OK
* checking Rd cross-references ... OK
* checking for missing documentation entries ... OK
* checking for code/documentation mismatches ... SKIPPED
* checking Rd \usage sections ... OK
* checking Rd contents ... OK
* checking for unstated dependencies in examples ... OK
* checking line endings in shell scripts ... OK
* checking line endings in C/C++/Fortran sources/headers ... OK
* checking line endings in Makefiles ... OK
* checking compilation flags in Makevars ... OK
* checking for GNU extensions in Makefiles ... NOTE
GNU make is a SystemRequirements.
* checking for portable use of $(BLAS_LIBS) and $(LAPACK_LIBS) ... OK
* checking use of PKG_*FLAGS in Makefiles ... OK
* checking compiled code ... OK
* checking files in 'vignettes' ... SKIPPED
* checking examples ... SKIPPED
* checking for unstated dependencies in 'longtests' ... OK
* checking tests in 'longtests' ...
Running 'testthat.R'
OK
* DONE
Status: 1 WARNING, 2 NOTEs
See
'C:/Users/biocbuild/bbs-3.20-bioc-longtests/meat/rhdf5.Rcheck/00check.log'
for details.
rhdf5.Rcheck/00install.out
* installing *source* package 'rhdf5' ...
** using staged installation
** libs
using C compiler: 'gcc.exe (GCC) 13.2.0'
using C++ compiler: 'G__~1.EXE (GCC) 13.2.0'
gcc -I"C:/Users/BIOCBU~1/BBS-3~1.20-/R/include" -DNDEBUG -D__USE_MINGW_ANSI_STDIO -I'C:/Users/biocbuild/bbs-3.20-bioc/R/library/Rhdf5lib/include' -I"C:/rtools44/x86_64-w64-mingw32.static.posix/include" -O2 -Wall -mfpmath=sse -msse2 -mstackrealign -c H5.c -o H5.o
gcc -I"C:/Users/BIOCBU~1/BBS-3~1.20-/R/include" -DNDEBUG -D__USE_MINGW_ANSI_STDIO -I'C:/Users/biocbuild/bbs-3.20-bioc/R/library/Rhdf5lib/include' -I"C:/rtools44/x86_64-w64-mingw32.static.posix/include" -O2 -Wall -mfpmath=sse -msse2 -mstackrealign -c H5A.c -o H5A.o
gcc -I"C:/Users/BIOCBU~1/BBS-3~1.20-/R/include" -DNDEBUG -D__USE_MINGW_ANSI_STDIO -I'C:/Users/biocbuild/bbs-3.20-bioc/R/library/Rhdf5lib/include' -I"C:/rtools44/x86_64-w64-mingw32.static.posix/include" -O2 -Wall -mfpmath=sse -msse2 -mstackrealign -c H5D.c -o H5D.o
gcc -I"C:/Users/BIOCBU~1/BBS-3~1.20-/R/include" -DNDEBUG -D__USE_MINGW_ANSI_STDIO -I'C:/Users/biocbuild/bbs-3.20-bioc/R/library/Rhdf5lib/include' -I"C:/rtools44/x86_64-w64-mingw32.static.posix/include" -O2 -Wall -mfpmath=sse -msse2 -mstackrealign -c H5E.c -o H5E.o
gcc -I"C:/Users/BIOCBU~1/BBS-3~1.20-/R/include" -DNDEBUG -D__USE_MINGW_ANSI_STDIO -I'C:/Users/biocbuild/bbs-3.20-bioc/R/library/Rhdf5lib/include' -I"C:/rtools44/x86_64-w64-mingw32.static.posix/include" -O2 -Wall -mfpmath=sse -msse2 -mstackrealign -c H5F.c -o H5F.o
gcc -I"C:/Users/BIOCBU~1/BBS-3~1.20-/R/include" -DNDEBUG -D__USE_MINGW_ANSI_STDIO -I'C:/Users/biocbuild/bbs-3.20-bioc/R/library/Rhdf5lib/include' -I"C:/rtools44/x86_64-w64-mingw32.static.posix/include" -O2 -Wall -mfpmath=sse -msse2 -mstackrealign -c H5G.c -o H5G.o
gcc -I"C:/Users/BIOCBU~1/BBS-3~1.20-/R/include" -DNDEBUG -D__USE_MINGW_ANSI_STDIO -I'C:/Users/biocbuild/bbs-3.20-bioc/R/library/Rhdf5lib/include' -I"C:/rtools44/x86_64-w64-mingw32.static.posix/include" -O2 -Wall -mfpmath=sse -msse2 -mstackrealign -c H5I.c -o H5I.o
gcc -I"C:/Users/BIOCBU~1/BBS-3~1.20-/R/include" -DNDEBUG -D__USE_MINGW_ANSI_STDIO -I'C:/Users/biocbuild/bbs-3.20-bioc/R/library/Rhdf5lib/include' -I"C:/rtools44/x86_64-w64-mingw32.static.posix/include" -O2 -Wall -mfpmath=sse -msse2 -mstackrealign -c H5L.c -o H5L.o
gcc -I"C:/Users/BIOCBU~1/BBS-3~1.20-/R/include" -DNDEBUG -D__USE_MINGW_ANSI_STDIO -I'C:/Users/biocbuild/bbs-3.20-bioc/R/library/Rhdf5lib/include' -I"C:/rtools44/x86_64-w64-mingw32.static.posix/include" -O2 -Wall -mfpmath=sse -msse2 -mstackrealign -c H5O.c -o H5O.o
gcc -I"C:/Users/BIOCBU~1/BBS-3~1.20-/R/include" -DNDEBUG -D__USE_MINGW_ANSI_STDIO -I'C:/Users/biocbuild/bbs-3.20-bioc/R/library/Rhdf5lib/include' -I"C:/rtools44/x86_64-w64-mingw32.static.posix/include" -O2 -Wall -mfpmath=sse -msse2 -mstackrealign -c H5P.c -o H5P.o
gcc -I"C:/Users/BIOCBU~1/BBS-3~1.20-/R/include" -DNDEBUG -D__USE_MINGW_ANSI_STDIO -I'C:/Users/biocbuild/bbs-3.20-bioc/R/library/Rhdf5lib/include' -I"C:/rtools44/x86_64-w64-mingw32.static.posix/include" -O2 -Wall -mfpmath=sse -msse2 -mstackrealign -c H5PL.c -o H5PL.o
gcc -I"C:/Users/BIOCBU~1/BBS-3~1.20-/R/include" -DNDEBUG -D__USE_MINGW_ANSI_STDIO -I'C:/Users/biocbuild/bbs-3.20-bioc/R/library/Rhdf5lib/include' -I"C:/rtools44/x86_64-w64-mingw32.static.posix/include" -O2 -Wall -mfpmath=sse -msse2 -mstackrealign -c H5R.c -o H5R.o
gcc -I"C:/Users/BIOCBU~1/BBS-3~1.20-/R/include" -DNDEBUG -D__USE_MINGW_ANSI_STDIO -I'C:/Users/biocbuild/bbs-3.20-bioc/R/library/Rhdf5lib/include' -I"C:/rtools44/x86_64-w64-mingw32.static.posix/include" -O2 -Wall -mfpmath=sse -msse2 -mstackrealign -c H5S.c -o H5S.o
gcc -I"C:/Users/BIOCBU~1/BBS-3~1.20-/R/include" -DNDEBUG -D__USE_MINGW_ANSI_STDIO -I'C:/Users/biocbuild/bbs-3.20-bioc/R/library/Rhdf5lib/include' -I"C:/rtools44/x86_64-w64-mingw32.static.posix/include" -O2 -Wall -mfpmath=sse -msse2 -mstackrealign -c H5S_extras.c -o H5S_extras.o
gcc -I"C:/Users/BIOCBU~1/BBS-3~1.20-/R/include" -DNDEBUG -D__USE_MINGW_ANSI_STDIO -I'C:/Users/biocbuild/bbs-3.20-bioc/R/library/Rhdf5lib/include' -I"C:/rtools44/x86_64-w64-mingw32.static.posix/include" -O2 -Wall -mfpmath=sse -msse2 -mstackrealign -c H5T.c -o H5T.o
gcc -I"C:/Users/BIOCBU~1/BBS-3~1.20-/R/include" -DNDEBUG -D__USE_MINGW_ANSI_STDIO -I'C:/Users/biocbuild/bbs-3.20-bioc/R/library/Rhdf5lib/include' -I"C:/rtools44/x86_64-w64-mingw32.static.posix/include" -O2 -Wall -mfpmath=sse -msse2 -mstackrealign -c H5T_extras.c -o H5T_extras.o
gcc -I"C:/Users/BIOCBU~1/BBS-3~1.20-/R/include" -DNDEBUG -D__USE_MINGW_ANSI_STDIO -I'C:/Users/biocbuild/bbs-3.20-bioc/R/library/Rhdf5lib/include' -I"C:/rtools44/x86_64-w64-mingw32.static.posix/include" -O2 -Wall -mfpmath=sse -msse2 -mstackrealign -c H5Z.c -o H5Z.o
gcc -I"C:/Users/BIOCBU~1/BBS-3~1.20-/R/include" -DNDEBUG -D__USE_MINGW_ANSI_STDIO -I'C:/Users/biocbuild/bbs-3.20-bioc/R/library/Rhdf5lib/include' -I"C:/rtools44/x86_64-w64-mingw32.static.posix/include" -O2 -Wall -mfpmath=sse -msse2 -mstackrealign -c H5constants.c -o H5constants.o
g++ -std=gnu++17 -I"C:/Users/BIOCBU~1/BBS-3~1.20-/R/include" -DNDEBUG -D__USE_MINGW_ANSI_STDIO -I'C:/Users/biocbuild/bbs-3.20-bioc/R/library/Rhdf5lib/include' -I"C:/rtools44/x86_64-w64-mingw32.static.posix/include" -O2 -Wall -mfpmath=sse -msse2 -mstackrealign -c HandleList.cpp -o HandleList.o
gcc -I"C:/Users/BIOCBU~1/BBS-3~1.20-/R/include" -DNDEBUG -D__USE_MINGW_ANSI_STDIO -I'C:/Users/biocbuild/bbs-3.20-bioc/R/library/Rhdf5lib/include' -I"C:/rtools44/x86_64-w64-mingw32.static.posix/include" -O2 -Wall -mfpmath=sse -msse2 -mstackrealign -c HandleListWrap.c -o HandleListWrap.o
HandleListWrap.c: In function '_h5listOpenObjects':
HandleListWrap.c:151:16: warning: format '%ld' expects argument of type 'long int', but argument 2 has type 'ssize_t' {aka 'long long int'} [-Wformat=]
151 | Rprintf("%ld object(s) open\n", count);
| ~~^ ~~~~~
| | |
| long int ssize_t {aka long long int}
| %lld
gcc -I"C:/Users/BIOCBU~1/BBS-3~1.20-/R/include" -DNDEBUG -D__USE_MINGW_ANSI_STDIO -I'C:/Users/biocbuild/bbs-3.20-bioc/R/library/Rhdf5lib/include' -I"C:/rtools44/x86_64-w64-mingw32.static.posix/include" -O2 -Wall -mfpmath=sse -msse2 -mstackrealign -c bit64conversion.c -o bit64conversion.o
gcc -I"C:/Users/BIOCBU~1/BBS-3~1.20-/R/include" -DNDEBUG -D__USE_MINGW_ANSI_STDIO -I'C:/Users/biocbuild/bbs-3.20-bioc/R/library/Rhdf5lib/include' -I"C:/rtools44/x86_64-w64-mingw32.static.posix/include" -O2 -Wall -mfpmath=sse -msse2 -mstackrealign -c external_filters.c -o external_filters.o
gcc -I"C:/Users/BIOCBU~1/BBS-3~1.20-/R/include" -DNDEBUG -D__USE_MINGW_ANSI_STDIO -I'C:/Users/biocbuild/bbs-3.20-bioc/R/library/Rhdf5lib/include' -I"C:/rtools44/x86_64-w64-mingw32.static.posix/include" -O2 -Wall -mfpmath=sse -msse2 -mstackrealign -c h5dump.c -o h5dump.o
gcc -I"C:/Users/BIOCBU~1/BBS-3~1.20-/R/include" -DNDEBUG -D__USE_MINGW_ANSI_STDIO -I'C:/Users/biocbuild/bbs-3.20-bioc/R/library/Rhdf5lib/include' -I"C:/rtools44/x86_64-w64-mingw32.static.posix/include" -O2 -Wall -mfpmath=sse -msse2 -mstackrealign -c h5ls.c -o h5ls.o
gcc -I"C:/Users/BIOCBU~1/BBS-3~1.20-/R/include" -DNDEBUG -D__USE_MINGW_ANSI_STDIO -I'C:/Users/biocbuild/bbs-3.20-bioc/R/library/Rhdf5lib/include' -I"C:/rtools44/x86_64-w64-mingw32.static.posix/include" -O2 -Wall -mfpmath=sse -msse2 -mstackrealign -c h5testLock.c -o h5testLock.o
gcc -I"C:/Users/BIOCBU~1/BBS-3~1.20-/R/include" -DNDEBUG -D__USE_MINGW_ANSI_STDIO -I'C:/Users/biocbuild/bbs-3.20-bioc/R/library/Rhdf5lib/include' -I"C:/rtools44/x86_64-w64-mingw32.static.posix/include" -O2 -Wall -mfpmath=sse -msse2 -mstackrealign -c h5writeDataFrame.c -o h5writeDataFrame.o
gcc -I"C:/Users/BIOCBU~1/BBS-3~1.20-/R/include" -DNDEBUG -D__USE_MINGW_ANSI_STDIO -I'C:/Users/biocbuild/bbs-3.20-bioc/R/library/Rhdf5lib/include' -I"C:/rtools44/x86_64-w64-mingw32.static.posix/include" -O2 -Wall -mfpmath=sse -msse2 -mstackrealign -c printdatatype.c -o printdatatype.o
gcc -I"C:/Users/BIOCBU~1/BBS-3~1.20-/R/include" -DNDEBUG -D__USE_MINGW_ANSI_STDIO -I'C:/Users/biocbuild/bbs-3.20-bioc/R/library/Rhdf5lib/include' -I"C:/rtools44/x86_64-w64-mingw32.static.posix/include" -O2 -Wall -mfpmath=sse -msse2 -mstackrealign -c utils.c -o utils.o
gcc -I"C:/Users/BIOCBU~1/BBS-3~1.20-/R/include" -DNDEBUG -D__USE_MINGW_ANSI_STDIO -I'C:/Users/biocbuild/bbs-3.20-bioc/R/library/Rhdf5lib/include' -I"C:/rtools44/x86_64-w64-mingw32.static.posix/include" -O2 -Wall -mfpmath=sse -msse2 -mstackrealign -c wrap.c -o wrap.o
g++ -std=gnu++17 -shared -s -static-libgcc -o rhdf5.dll tmp.def H5.o H5A.o H5D.o H5E.o H5F.o H5G.o H5I.o H5L.o H5O.o H5P.o H5PL.o H5R.o H5S.o H5S_extras.o H5T.o H5T_extras.o H5Z.o H5constants.o HandleList.o HandleListWrap.o bit64conversion.o external_filters.o h5dump.o h5ls.o h5testLock.o h5writeDataFrame.o printdatatype.o utils.o wrap.o -LC:/Users/BIOCBU~1/BBS-3~1.20-/R/library/Rhdf5lib/lib/x64-ucrt -lhdf5 -lcurl -lssh2 -lssl -lcrypto -lwldap32 -lws2_32 -lcrypt32 -lsz -laec -lz -lpsapi -LC:/rtools44/x86_64-w64-mingw32.static.posix/lib/x64 -LC:/rtools44/x86_64-w64-mingw32.static.posix/lib -LC:/Users/BIOCBU~1/BBS-3~1.20-/R/bin/x64 -lR
installing to C:/Users/biocbuild/bbs-3.20-bioc-longtests/meat/rhdf5.Rcheck/00LOCK-rhdf5/00new/rhdf5/libs/x64
** R
** inst
** byte-compile and prepare package for lazy loading
** help
*** installing help indices
*** copying figures
** building package indices
** installing vignettes
** testing if installed package can be loaded from temporary location
** testing if installed package can be loaded from final location
** testing if installed package keeps a record of temporary installation path
* DONE (rhdf5)