| Back to Multiple platform build/check report for BioC 3.19: simplified long | 
 | 
This page was generated on 2024-10-18 20:40 -0400 (Fri, 18 Oct 2024).
| Hostname | OS | Arch (*) | R version | Installed pkgs | 
|---|---|---|---|---|
| nebbiolo1 | Linux (Ubuntu 22.04.3 LTS) | x86_64 | 4.4.1 (2024-06-14) -- "Race for Your Life" | 4763 | 
| palomino7 | Windows Server 2022 Datacenter | x64 | 4.4.1 (2024-06-14 ucrt) -- "Race for Your Life" | 4500 | 
| merida1 | macOS 12.7.5 Monterey | x86_64 | 4.4.1 (2024-06-14) -- "Race for Your Life" | 4530 | 
| kjohnson1 | macOS 13.6.6 Ventura | arm64 | 4.4.1 (2024-06-14) -- "Race for Your Life" | 4480 | 
| Click on any hostname to see more info about the system (e.g. compilers) (*) as reported by 'uname -p', except on Windows and Mac OS X | ||||
| Package 2258/2300 | Hostname | OS / Arch | INSTALL | BUILD | CHECK | BUILD BIN | ||||||||
| velociraptor 1.14.3  (landing page) Kevin Rue-Albrecht 
 | nebbiolo1 | Linux (Ubuntu 22.04.3 LTS) / x86_64 | OK | OK | OK |  | ||||||||
| palomino7 | Windows Server 2022 Datacenter / x64 | OK | ERROR | skipped | skipped | |||||||||
| merida1 | macOS 12.7.5 Monterey / x86_64 | OK | OK | TIMEOUT | OK | |||||||||
| kjohnson1 | macOS 13.6.6 Ventura / arm64 | OK | OK | TIMEOUT | NA | |||||||||
| To the developers/maintainers of the velociraptor package: - Allow up to 24 hours (and sometimes 48 hours) for your latest push to git@git.bioconductor.org:packages/velociraptor.git to reflect on this report. See Troubleshooting Build Report for more information. - Use the following Renviron settings to reproduce errors and warnings. - If 'R CMD check' started to fail recently on the Linux builder(s) over a missing dependency, add the missing dependency to 'Suggests:' in your DESCRIPTION file. See Renviron.bioc for more information. | 
| Package: velociraptor | 
| Version: 1.14.3 | 
| Command: chmod a+r velociraptor -R && E:\biocbuild\bbs-3.19-bioc\R\bin\R.exe CMD build --keep-empty-dirs --no-resave-data velociraptor | 
| StartedAt: 2024-10-16 22:29:48 -0400 (Wed, 16 Oct 2024) | 
| EndedAt: 2024-10-16 22:30:59 -0400 (Wed, 16 Oct 2024) | 
| EllapsedTime: 71.3 seconds | 
| RetCode: 1 | 
| Status: ERROR | 
| PackageFile: None | 
| PackageFileSize: NA | 
############################################################################## ############################################################################## ### ### Running command: ### ### chmod a+r velociraptor -R && E:\biocbuild\bbs-3.19-bioc\R\bin\R.exe CMD build --keep-empty-dirs --no-resave-data velociraptor ### ############################################################################## ############################################################################## * checking for file 'velociraptor/DESCRIPTION' ... OK * preparing 'velociraptor': * checking DESCRIPTION meta-information ... OK * installing the package to build vignettes * creating vignettes ... ERROR --- re-building 'velociraptor.Rmd' using rmarkdown Quitting from lines 76-82 [unnamed-chunk-5] (velociraptor.Rmd) Error: processing vignette 'velociraptor.Rmd' failed with diagnostics: ModuleNotFoundError: No module named 'scvelo' Run `reticulate::py_last_error()` for details. --- failed re-building 'velociraptor.Rmd' SUMMARY: processing the following file failed: 'velociraptor.Rmd' Error: Vignette re-building failed. Execution halted