| Back to Multiple platform build/check report for BioC 3.19: simplified long |
|
This page was generated on 2024-06-11 14:44 -0400 (Tue, 11 Jun 2024).
| Hostname | OS | Arch (*) | R version | Installed pkgs |
|---|---|---|---|---|
| nebbiolo1 | Linux (Ubuntu 22.04.3 LTS) | x86_64 | 4.4.0 (2024-04-24) -- "Puppy Cup" | 4757 |
| palomino3 | Windows Server 2022 Datacenter | x64 | 4.4.0 (2024-04-24 ucrt) -- "Puppy Cup" | 4491 |
| lconway | macOS 12.7.1 Monterey | x86_64 | 4.4.0 (2024-04-24) -- "Puppy Cup" | 4522 |
| kjohnson3 | macOS 13.6.5 Ventura | arm64 | 4.4.0 (2024-04-24) -- "Puppy Cup" | 4468 |
| Click on any hostname to see more info about the system (e.g. compilers) (*) as reported by 'uname -p', except on Windows and Mac OS X | ||||
| Package 1675/2300 | Hostname | OS / Arch | INSTALL | BUILD | CHECK | BUILD BIN | ||||||||
| randRotation 1.16.0 (landing page) Peter Hettegger
| nebbiolo1 | Linux (Ubuntu 22.04.3 LTS) / x86_64 | OK | OK | OK | |||||||||
| palomino3 | Windows Server 2022 Datacenter / x64 | OK | OK | OK | OK | |||||||||
| lconway | macOS 12.7.1 Monterey / x86_64 | OK | OK | OK | OK | |||||||||
| kjohnson3 | macOS 13.6.5 Ventura / arm64 | OK | ERROR | skipped | skipped | |||||||||
|
To the developers/maintainers of the randRotation package: - Allow up to 24 hours (and sometimes 48 hours) for your latest push to git@git.bioconductor.org:packages/randRotation.git to reflect on this report. See Troubleshooting Build Report for more information. - Use the following Renviron settings to reproduce errors and warnings. - If 'R CMD check' started to fail recently on the Linux builder(s) over a missing dependency, add the missing dependency to 'Suggests:' in your DESCRIPTION file. See Renviron.bioc for more information. |
| Package: randRotation |
| Version: 1.16.0 |
| Command: /Library/Frameworks/R.framework/Resources/bin/R CMD build --keep-empty-dirs --no-resave-data randRotation |
| StartedAt: 2024-06-10 03:06:15 -0400 (Mon, 10 Jun 2024) |
| EndedAt: 2024-06-10 03:09:37 -0400 (Mon, 10 Jun 2024) |
| EllapsedTime: 201.8 seconds |
| RetCode: 1 |
| Status: ERROR |
| PackageFile: None |
| PackageFileSize: NA |
##############################################################################
##############################################################################
###
### Running command:
###
### /Library/Frameworks/R.framework/Resources/bin/R CMD build --keep-empty-dirs --no-resave-data randRotation
###
##############################################################################
##############################################################################
* checking for file ‘randRotation/DESCRIPTION’ ... OK
* preparing ‘randRotation’:
* checking DESCRIPTION meta-information ... OK
* installing the package to process help pages
Loading required namespace: randRotation
* saving partial Rd database
* creating vignettes ... ERROR
--- re-building ‘randRotationIntro.Rmd’ using rmarkdown
! Undefined control sequence.
l.174 ...dent test statistics. See also (\citeproc
{ref-Yekutieli1999}{Yekuti...
Error: processing vignette 'randRotationIntro.Rmd' failed with diagnostics:
LaTeX failed to compile /private/tmp/RtmpsfyNkb/Rbuild96997902ba27/randRotation/vignettes/randRotationIntro.tex. See https://yihui.org/tinytex/r/#debugging for debugging tips. See randRotationIntro.log for more info.
--- failed re-building ‘randRotationIntro.Rmd’
SUMMARY: processing the following file failed:
‘randRotationIntro.Rmd’
Error: Vignette re-building failed.
Execution halted