| Back to Multiple platform build/check report for BioC 3.19: simplified long | 
 | 
This page was generated on 2024-10-18 20:38 -0400 (Fri, 18 Oct 2024).
| Hostname | OS | Arch (*) | R version | Installed pkgs | 
|---|---|---|---|---|
| nebbiolo1 | Linux (Ubuntu 22.04.3 LTS) | x86_64 | 4.4.1 (2024-06-14) -- "Race for Your Life" | 4763 | 
| palomino7 | Windows Server 2022 Datacenter | x64 | 4.4.1 (2024-06-14 ucrt) -- "Race for Your Life" | 4500 | 
| merida1 | macOS 12.7.5 Monterey | x86_64 | 4.4.1 (2024-06-14) -- "Race for Your Life" | 4530 | 
| kjohnson1 | macOS 13.6.6 Ventura | arm64 | 4.4.1 (2024-06-14) -- "Race for Your Life" | 4480 | 
| Click on any hostname to see more info about the system (e.g. compilers) (*) as reported by 'uname -p', except on Windows and Mac OS X | ||||
| Package 1647/2300 | Hostname | OS / Arch | INSTALL | BUILD | CHECK | BUILD BIN | ||||||||
| qsea 1.30.0  (landing page) Matthias Lienhard 
 | nebbiolo1 | Linux (Ubuntu 22.04.3 LTS) / x86_64 | OK | OK | WARNINGS |  | ||||||||
| palomino7 | Windows Server 2022 Datacenter / x64 | OK | OK | WARNINGS | OK |  | ||||||||
| merida1 | macOS 12.7.5 Monterey / x86_64 | OK | OK | WARNINGS | OK |  | ||||||||
| kjohnson1 | macOS 13.6.6 Ventura / arm64 | OK | OK | WARNINGS | OK |  | ||||||||
| To the developers/maintainers of the qsea package: - Allow up to 24 hours (and sometimes 48 hours) for your latest push to git@git.bioconductor.org:packages/qsea.git to reflect on this report. See Troubleshooting Build Report for more information. - Use the following Renviron settings to reproduce errors and warnings. - If 'R CMD check' started to fail recently on the Linux builder(s) over a missing dependency, add the missing dependency to 'Suggests:' in your DESCRIPTION file. See Renviron.bioc for more information. | 
| Package: qsea | 
| Version: 1.30.0 | 
| Command: /home/biocbuild/bbs-3.19-bioc/R/bin/R CMD check --install=check:qsea.install-out.txt --library=/home/biocbuild/bbs-3.19-bioc/R/site-library --timings qsea_1.30.0.tar.gz | 
| StartedAt: 2024-10-17 04:02:04 -0400 (Thu, 17 Oct 2024) | 
| EndedAt: 2024-10-17 04:07:15 -0400 (Thu, 17 Oct 2024) | 
| EllapsedTime: 310.6 seconds | 
| RetCode: 0 | 
| Status: WARNINGS | 
| CheckDir: qsea.Rcheck | 
| Warnings: 1 | 
##############################################################################
##############################################################################
###
### Running command:
###
###   /home/biocbuild/bbs-3.19-bioc/R/bin/R CMD check --install=check:qsea.install-out.txt --library=/home/biocbuild/bbs-3.19-bioc/R/site-library --timings qsea_1.30.0.tar.gz
###
##############################################################################
##############################################################################
* using log directory ‘/home/biocbuild/bbs-3.19-bioc/meat/qsea.Rcheck’
* using R version 4.4.1 (2024-06-14)
* using platform: x86_64-pc-linux-gnu
* R was compiled by
    gcc (Ubuntu 11.4.0-1ubuntu1~22.04) 11.4.0
    GNU Fortran (Ubuntu 11.4.0-1ubuntu1~22.04) 11.4.0
* running under: Ubuntu 22.04.5 LTS
* using session charset: UTF-8
* checking for file ‘qsea/DESCRIPTION’ ... OK
* checking extension type ... Package
* this is package ‘qsea’ version ‘1.30.0’
* checking package namespace information ... OK
* checking package dependencies ... OK
* checking if this is a source package ... OK
* checking if there is a namespace ... OK
* checking for hidden files and directories ... OK
* checking for portable file names ... OK
* checking for sufficient/correct file permissions ... OK
* checking whether package ‘qsea’ can be installed ... WARNING
Found the following significant warnings:
  lm.c:63:13: warning: format ‘%d’ expects argument of type ‘int’, but argument 4 has type ‘R_xlen_t’ {aka ‘long int’} [-Wformat=]
See ‘/home/biocbuild/bbs-3.19-bioc/meat/qsea.Rcheck/00install.out’ for details.
* used C compiler: ‘gcc (Ubuntu 11.4.0-1ubuntu1~22.04) 11.4.0’
* checking installed package size ... OK
* checking package directory ... OK
* checking ‘build’ directory ... OK
* checking DESCRIPTION meta-information ... OK
* checking top-level files ... OK
* checking for left-over files ... OK
* checking index information ... OK
* checking package subdirectories ... OK
* checking code files for non-ASCII characters ... OK
* checking R files for syntax errors ... OK
* checking whether the package can be loaded ... OK
* checking whether the package can be loaded with stated dependencies ... OK
* checking whether the package can be unloaded cleanly ... OK
* checking whether the namespace can be loaded with stated dependencies ... OK
* checking whether the namespace can be unloaded cleanly ... OK
* checking loading without being on the library search path ... OK
* checking dependencies in R code ... OK
* checking S3 generic/method consistency ... OK
* checking replacement functions ... OK
* checking foreign function calls ... OK
* checking R code for possible problems ... OK
* checking Rd files ... NOTE
checkRd: (-1) fitNBglm.Rd:16: Lost braces
    16 | dQuote{log} link function is implemented. }
       |       ^
checkRd: (-1) fitNBglm.Rd:19: Lost braces
    19 | Allowed values are dQuote{region_wise} for independent window wise estimates, 
       |                          ^
checkRd: (-1) fitNBglm.Rd:20: Lost braces
    20 | dQuote{common} for a single estimate for all windows, 
       |       ^
checkRd: (-1) fitNBglm.Rd:21: Lost braces
    21 | dQuote{cutAtQuantiles} for window wise estimates trimmed at the 25\% and 75\% 
       |       ^
checkRd: (-1) fitNBglm.Rd:23: Lost braces
    23 | or dQuote{initial} for using the dispersion parameters provided with the 
       |          ^
checkRd: (-1) plotCNV.Rd:20: Lost braces
    20 | \item{dist}{distance measure for clustering. dQuote{euclid}ian 
       |                                                    ^
checkRd: (-1) plotCNV.Rd:21: Lost braces
    21 | or dQuote{cor}relation based (1-cor)}
       |          ^
* checking Rd metadata ... OK
* checking Rd cross-references ... OK
* checking for missing documentation entries ... OK
* checking for code/documentation mismatches ... OK
* checking Rd \usage sections ... OK
* checking Rd contents ... OK
* checking for unstated dependencies in examples ... OK
* checking R/sysdata.rda ... OK
* checking line endings in C/C++/Fortran sources/headers ... OK
* checking compiled code ... NOTE
Note: information on .o files is not available
* checking files in ‘vignettes’ ... OK
* checking examples ... OK
Examples with CPU (user + system) or elapsed time > 5s
                    user system elapsed
addNewSamples     15.501  0.397  15.916
addPatternDensity  6.247  0.384   6.631
addCNV             4.649  0.368   5.020
* checking for unstated dependencies in ‘tests’ ... OK
* checking tests ...
  Running ‘testthat.R’
 OK
* checking for unstated dependencies in vignettes ... OK
* checking package vignettes ... OK
* checking re-building of vignette outputs ... OK
* checking PDF version of manual ... OK
* DONE
Status: 1 WARNING, 2 NOTEs
See
  ‘/home/biocbuild/bbs-3.19-bioc/meat/qsea.Rcheck/00check.log’
for details.
qsea.Rcheck/00install.out
##############################################################################
##############################################################################
###
### Running command:
###
###   /home/biocbuild/bbs-3.19-bioc/R/bin/R CMD INSTALL qsea
###
##############################################################################
##############################################################################
* installing to library ‘/home/biocbuild/bbs-3.19-bioc/R/site-library’
* installing *source* package ‘qsea’ ...
** using staged installation
** libs
using C compiler: ‘gcc (Ubuntu 11.4.0-1ubuntu1~22.04) 11.4.0’
gcc -I"/home/biocbuild/bbs-3.19-bioc/R/include" -DNDEBUG   -I/usr/local/include    -fpic  -g -O2  -Wall -c lm.c -o lm.o
In file included from lm.c:30:
lm.c: In function ‘Cdqrls’:
lm.c:63:13: warning: format ‘%d’ expects argument of type ‘int’, but argument 4 has type ‘R_xlen_t’ {aka ‘long int’} [-Wformat=]
   63 |     error(_("dimensions of 'x' (%d,%d) and 'y' (%d) do not match"),
      |             ^~~~~~~~~~~~~~~~~~~~~~~~~~~~~~~~~~~~~~~~~~~~~~~~~~~~~
lm.c:63:11: note: in expansion of macro ‘_’
   63 |     error(_("dimensions of 'x' (%d,%d) and 'y' (%d) do not match"),
      |           ^
lm.c:63:50: note: format string is defined here
   63 |     error(_("dimensions of 'x' (%d,%d) and 'y' (%d) do not match"),
      |                                                 ~^
      |                                                  |
      |                                                  int
      |                                                 %ld
gcc -shared -L/home/biocbuild/bbs-3.19-bioc/R/lib -L/usr/local/lib -o qsea.so lm.o -L/home/biocbuild/bbs-3.19-bioc/R/lib -lR
installing to /home/biocbuild/bbs-3.19-bioc/R/site-library/00LOCK-qsea/00new/qsea/libs
** R
** inst
** preparing package for lazy loading
** help
*** installing help indices
** building package indices
** installing vignettes
** testing if installed package can be loaded from temporary location
** checking absolute paths in shared objects and dynamic libraries
** testing if installed package can be loaded from final location
** testing if installed package keeps a record of temporary installation path
* DONE (qsea)
qsea.Rcheck/tests/testthat.Rout
R version 4.4.1 (2024-06-14) -- "Race for Your Life"
Copyright (C) 2024 The R Foundation for Statistical Computing
Platform: x86_64-pc-linux-gnu
R is free software and comes with ABSOLUTELY NO WARRANTY.
You are welcome to redistribute it under certain conditions.
Type 'license()' or 'licence()' for distribution details.
R is a collaborative project with many contributors.
Type 'contributors()' for more information and
'citation()' on how to cite R or R packages in publications.
Type 'demo()' for some demos, 'help()' for on-line help, or
'help.start()' for an HTML browser interface to help.
Type 'q()' to quit R.
> library(testthat)
> library(qsea)
> 
> test_check("qsea")
[ FAIL 0 | WARN 0 | SKIP 0 | PASS 3 ]
> 
> proc.time()
   user  system elapsed 
 11.959   0.562  12.511 
qsea.Rcheck/qsea-Ex.timings
| name | user | system | elapsed | |
| addCNV | 4.649 | 0.368 | 5.020 | |
| addContrast | 1.275 | 0.016 | 1.291 | |
| addCoverage | 2.039 | 0.044 | 2.083 | |
| addEnrichmentParameters | 0.299 | 0.000 | 0.299 | |
| addLibraryFactors | 1.549 | 0.016 | 1.565 | |
| addNewSamples | 15.501 | 0.397 | 15.916 | |
| addOffset | 0.258 | 0.000 | 0.258 | |
| addPatternDensity | 6.247 | 0.384 | 6.631 | |
| createQseaSet | 0.134 | 0.000 | 0.134 | |
| example | 0.166 | 0.002 | 0.168 | |
| fitNBglm | 0.71 | 0.00 | 0.71 | |
| getPCA | 0.569 | 0.004 | 0.573 | |
| isSignificant | 0.895 | 0.016 | 0.910 | |
| makeTable | 1.177 | 0.028 | 1.204 | |
| normMethod | 0.001 | 0.000 | 0.001 | |
| plotCNV | 0.213 | 0.004 | 0.217 | |
| plotCoverage | 0.563 | 0.000 | 0.563 | |
| plotEnrichmentProfile | 0.274 | 0.036 | 0.309 | |
| plotPCA | 0.498 | 0.068 | 0.565 | |
| qseaGLM-class | 0.001 | 0.000 | 0.001 | |
| qseaPCA-class | 0.000 | 0.000 | 0.001 | |
| qseaSet-class | 0.000 | 0.000 | 0.001 | |
| regionStats | 0.469 | 0.002 | 0.471 | |