| Back to Multiple platform build/check report for BioC 3.19: simplified long |
|
This page was generated on 2024-06-11 14:44 -0400 (Tue, 11 Jun 2024).
| Hostname | OS | Arch (*) | R version | Installed pkgs |
|---|---|---|---|---|
| nebbiolo1 | Linux (Ubuntu 22.04.3 LTS) | x86_64 | 4.4.0 (2024-04-24) -- "Puppy Cup" | 4757 |
| palomino3 | Windows Server 2022 Datacenter | x64 | 4.4.0 (2024-04-24 ucrt) -- "Puppy Cup" | 4491 |
| lconway | macOS 12.7.1 Monterey | x86_64 | 4.4.0 (2024-04-24) -- "Puppy Cup" | 4522 |
| kjohnson3 | macOS 13.6.5 Ventura | arm64 | 4.4.0 (2024-04-24) -- "Puppy Cup" | 4468 |
| Click on any hostname to see more info about the system (e.g. compilers) (*) as reported by 'uname -p', except on Windows and Mac OS X | ||||
| Package 1611/2300 | Hostname | OS / Arch | INSTALL | BUILD | CHECK | BUILD BIN | ||||||||
| profileScoreDist 1.32.0 (landing page) Paal O. Westermark
| nebbiolo1 | Linux (Ubuntu 22.04.3 LTS) / x86_64 | OK | OK | OK | |||||||||
| palomino3 | Windows Server 2022 Datacenter / x64 | OK | OK | OK | OK | |||||||||
| lconway | macOS 12.7.1 Monterey / x86_64 | OK | OK | OK | OK | |||||||||
| kjohnson3 | macOS 13.6.5 Ventura / arm64 | OK | ERROR | skipped | skipped | |||||||||
|
To the developers/maintainers of the profileScoreDist package: - Allow up to 24 hours (and sometimes 48 hours) for your latest push to git@git.bioconductor.org:packages/profileScoreDist.git to reflect on this report. See Troubleshooting Build Report for more information. - Use the following Renviron settings to reproduce errors and warnings. - If 'R CMD check' started to fail recently on the Linux builder(s) over a missing dependency, add the missing dependency to 'Suggests:' in your DESCRIPTION file. See Renviron.bioc for more information. |
| Package: profileScoreDist |
| Version: 1.32.0 |
| Command: /Library/Frameworks/R.framework/Resources/bin/R CMD build --keep-empty-dirs --no-resave-data profileScoreDist |
| StartedAt: 2024-06-10 02:47:01 -0400 (Mon, 10 Jun 2024) |
| EndedAt: 2024-06-10 02:47:30 -0400 (Mon, 10 Jun 2024) |
| EllapsedTime: 29.4 seconds |
| RetCode: 1 |
| Status: ERROR |
| PackageFile: None |
| PackageFileSize: NA |
##############################################################################
##############################################################################
###
### Running command:
###
### /Library/Frameworks/R.framework/Resources/bin/R CMD build --keep-empty-dirs --no-resave-data profileScoreDist
###
##############################################################################
##############################################################################
* checking for file ‘profileScoreDist/DESCRIPTION’ ... OK
* preparing ‘profileScoreDist’:
* checking DESCRIPTION meta-information ... OK
* cleaning src
* installing the package to build vignettes
* creating vignettes ... ERROR
--- re-building ‘profileScoreDist-vignette.Rmd’ using rmarkdown
! Undefined control sequence.
l.171 ... Rahmann, Müller, and Vingron (\citeproc
{ref-rahmann_power_2003}{2...
Error: processing vignette 'profileScoreDist-vignette.Rmd' failed with diagnostics:
LaTeX failed to compile /private/tmp/RtmplDGb5C/Rbuild2cbf711c6e25/profileScoreDist/vignettes/profileScoreDist-vignette.tex. See https://yihui.org/tinytex/r/#debugging for debugging tips. See profileScoreDist-vignette.log for more info.
--- failed re-building ‘profileScoreDist-vignette.Rmd’
SUMMARY: processing the following file failed:
‘profileScoreDist-vignette.Rmd’
Error: Vignette re-building failed.
Execution halted