| Back to Multiple platform build/check report for BioC 3.19: simplified long | 
 | 
This page was generated on 2024-10-18 20:39 -0400 (Fri, 18 Oct 2024).
| Hostname | OS | Arch (*) | R version | Installed pkgs | 
|---|---|---|---|---|
| nebbiolo1 | Linux (Ubuntu 22.04.3 LTS) | x86_64 | 4.4.1 (2024-06-14) -- "Race for Your Life" | 4763 | 
| palomino7 | Windows Server 2022 Datacenter | x64 | 4.4.1 (2024-06-14 ucrt) -- "Race for Your Life" | 4500 | 
| merida1 | macOS 12.7.5 Monterey | x86_64 | 4.4.1 (2024-06-14) -- "Race for Your Life" | 4530 | 
| kjohnson1 | macOS 13.6.6 Ventura | arm64 | 4.4.1 (2024-06-14) -- "Race for Your Life" | 4480 | 
| Click on any hostname to see more info about the system (e.g. compilers) (*) as reported by 'uname -p', except on Windows and Mac OS X | ||||
| Package 1563/2300 | Hostname | OS / Arch | INSTALL | BUILD | CHECK | BUILD BIN | ||||||||
| phyloseq 1.48.0  (landing page) Paul J. McMurdie 
 | nebbiolo1 | Linux (Ubuntu 22.04.3 LTS) / x86_64 | OK | OK | WARNINGS |  | ||||||||
| palomino7 | Windows Server 2022 Datacenter / x64 | OK | OK | WARNINGS | OK |  | ||||||||
| merida1 | macOS 12.7.5 Monterey / x86_64 | OK | OK | WARNINGS | OK |  | ||||||||
| kjohnson1 | macOS 13.6.6 Ventura / arm64 | OK | ERROR | skipped | skipped | |||||||||
| To the developers/maintainers of the phyloseq package: - Allow up to 24 hours (and sometimes 48 hours) for your latest push to git@git.bioconductor.org:packages/phyloseq.git to reflect on this report. See Troubleshooting Build Report for more information. - Use the following Renviron settings to reproduce errors and warnings. - If 'R CMD check' started to fail recently on the Linux builder(s) over a missing dependency, add the missing dependency to 'Suggests:' in your DESCRIPTION file. See Renviron.bioc for more information. | 
| Package: phyloseq | 
| Version: 1.48.0 | 
| Command: E:\biocbuild\bbs-3.19-bioc\R\bin\R.exe CMD check --no-multiarch --install=check:phyloseq.install-out.txt --library=E:\biocbuild\bbs-3.19-bioc\R\library --no-vignettes --timings phyloseq_1.48.0.tar.gz | 
| StartedAt: 2024-10-17 04:27:52 -0400 (Thu, 17 Oct 2024) | 
| EndedAt: 2024-10-17 04:33:25 -0400 (Thu, 17 Oct 2024) | 
| EllapsedTime: 332.8 seconds | 
| RetCode: 0 | 
| Status: WARNINGS | 
| CheckDir: phyloseq.Rcheck | 
| Warnings: 1 | 
##############################################################################
##############################################################################
###
### Running command:
###
###   E:\biocbuild\bbs-3.19-bioc\R\bin\R.exe CMD check --no-multiarch --install=check:phyloseq.install-out.txt --library=E:\biocbuild\bbs-3.19-bioc\R\library --no-vignettes --timings phyloseq_1.48.0.tar.gz
###
##############################################################################
##############################################################################
* using log directory 'E:/biocbuild/bbs-3.19-bioc/meat/phyloseq.Rcheck'
* using R version 4.4.1 (2024-06-14 ucrt)
* using platform: x86_64-w64-mingw32
* R was compiled by
    gcc.exe (GCC) 13.2.0
    GNU Fortran (GCC) 13.2.0
* running under: Windows Server 2022 x64 (build 20348)
* using session charset: UTF-8
* using option '--no-vignettes'
* checking for file 'phyloseq/DESCRIPTION' ... OK
* this is package 'phyloseq' version '1.48.0'
* checking package namespace information ... OK
* checking package dependencies ... OK
* checking if this is a source package ... OK
* checking if there is a namespace ... OK
* checking for hidden files and directories ... NOTE
Found the following hidden files and directories:
  .travis.yml
These were most likely included in error. See section 'Package
structure' in the 'Writing R Extensions' manual.
* checking for portable file names ... OK
* checking whether package 'phyloseq' can be installed ... OK
* checking installed package size ... OK
* checking package directory ... OK
* checking 'build' directory ... OK
* checking DESCRIPTION meta-information ... OK
* checking top-level files ... OK
* checking for left-over files ... OK
* checking index information ... OK
* checking package subdirectories ... OK
* checking code files for non-ASCII characters ... OK
* checking R files for syntax errors ... OK
* checking whether the package can be loaded ... OK
* checking whether the package can be loaded with stated dependencies ... OK
* checking whether the package can be unloaded cleanly ... OK
* checking whether the namespace can be loaded with stated dependencies ... OK
* checking whether the namespace can be unloaded cleanly ... OK
* checking dependencies in R code ... OK
* checking S3 generic/method consistency ... OK
* checking replacement functions ... OK
* checking foreign function calls ... OK
* checking R code for possible problems ... NOTE
DPCoA: no visible global function definition for 'as.dist'
chunkReOrder: no visible global function definition for 'tail'
chunkReOrder: no visible global function definition for 'head'
export_env_file: no visible global function definition for
  'write.table'
export_mothur_dist: no visible global function definition for 'as.dist'
export_mothur_dist: no visible global function definition for
  'write.table'
fastUniFrac: no visible global function definition for 'combn'
fastUniFrac: no visible global function definition for 'as.dist'
import_RDP_otu: no visible global function definition for 'read.table'
import_env_file: no visible global function definition for 'read.table'
import_mothur_constaxonomy: no visible global function definition for
  'read.table'
import_mothur_dist: no visible global function definition for 'as.dist'
import_mothur_groups: no visible global function definition for
  'read.table'
import_mothur_shared: no visible global function definition for
  'read.table'
import_qiime_otu_tax: no visible global function definition for ':='
import_qiime_otu_tax: no visible binding for global variable 'Consensus
  Lineage'
import_qiime_otu_tax: no visible binding for global variable '#OTU ID'
import_qiime_sample_data: no visible global function definition for
  'read.table'
import_uparse: no visible global function definition for ':='
import_uparse: no visible binding for global variable 'count'
import_uparse: no visible binding for global variable 'queryString'
import_uparse: no visible binding for global variable 'queryID'
import_uparse: no visible binding for global variable 'Classification'
import_uparse: no visible global function definition for
  'dcast.data.table'
import_uparse: no visible binding for global variable 'OTULabel'
import_usearch_uc: no visible global function definition for ':='
import_usearch_uc: no visible binding for global variable 'read'
microbio_me_qiime: no visible global function definition for
  'download.file'
microbio_me_qiime: no visible global function definition for 'unzip'
microbio_me_qiime: no visible global function definition for 'untar'
nodeplotboot : <anonymous>: no visible global function definition for
  'complete.cases'
nodeplotboot : <anonymous>: no visible binding for global variable 'x'
nodeplotboot : <anonymous>: no visible binding for global variable 'y'
nodeplotdefault : <anonymous>: no visible binding for global variable
  'x'
nodeplotdefault : <anonymous>: no visible binding for global variable
  'y'
nodeplotdefault : <anonymous>: no visible binding for global variable
  'label'
ordinate: no visible global function definition for 'as.formula'
plot_clusgap: no visible binding for global variable 'k'
plot_clusgap: no visible binding for global variable 'gap'
plot_clusgap: no visible binding for global variable 'SE.sim'
plot_heatmap: no visible global function definition for
  'capture.output'
plot_heatmap: no visible binding for global variable 'Sample'
plot_heatmap: no visible binding for global variable 'OTU'
plot_heatmap: no visible binding for global variable 'Abundance'
plot_net : vertex_layout: no visible binding for global variable 'x'
plot_net : link_layout: no visible binding for global variable 'x'
plot_net : link_layout: no visible binding for global variable 'y'
plot_net: no visible binding for global variable 'x'
plot_net: no visible binding for global variable 'y'
plot_net: no visible binding for global variable 'xend'
plot_net: no visible binding for global variable 'yend'
plot_network: no visible binding for global variable 'x'
plot_network: no visible binding for global variable 'y'
plot_richness: no visible binding for global variable 'value'
plot_richness: no visible binding for global variable 'se'
plot_scree: no visible binding for global variable 'axis'
plot_scree: no visible binding for global variable 'eigenvalue'
plot_tree: no visible binding for global variable 'xleft'
plot_tree: no visible binding for global variable 'xright'
plot_tree: no visible binding for global variable 'y'
plot_tree: no visible binding for global variable 'x'
plot_tree: no visible binding for global variable 'vmin'
plot_tree: no visible binding for global variable 'vmax'
plot_tree: no visible binding for global variable 'OTU'
plot_tree: no visible binding for global variable 'label'
plot_tree: no visible binding for global variable 'Abundance'
plot_tree: no visible binding for global variable 'Sample'
plot_tree: no visible global function definition for ':='
plot_tree: no visible binding for global variable 'h.adj.index'
plot_tree: no visible binding for global variable 'xdodge'
plot_tree: no visible binding for global variable 'xfartiplab'
plot_tree: no visible binding for global variable '.SD'
rp.joint.fill: no visible global function definition for 'relevel'
tip_glom: no visible global function definition for 'as.dist'
tip_glom: no visible global function definition for 'cutree'
tip_glom: no visible global function definition for 'as.hclust'
tree_layout: no visible global function definition for ':='
tree_layout: no visible binding for global variable 'OTU'
tree_layout: no visible binding for global variable 'V2'
tree_layout: no visible binding for global variable 'xleft'
tree_layout: no visible binding for global variable 'V1'
tree_layout: no visible binding for global variable 'xright'
tree_layout: no visible binding for global variable 'y'
tree_layout: no visible binding for global variable 'x'
tree_layout: no visible binding for global variable 'label'
tree_layout: no visible global function definition for 'J'
tree_layout: no visible binding for global variable 'vmin'
tree_layout: no visible binding for global variable 'vmax'
JSD,matrix: no visible global function definition for 'combn'
JSD,matrix: no visible binding for global variable 'i'
JSD,matrix: no visible global function definition for 'as.dist'
capscale.phyloseq,phyloseq-formula-character: no visible global
  function definition for 'as.formula'
capscale.phyloseq,phyloseq-formula-dist: no visible global function
  definition for 'as.formula'
cca.phyloseq,phyloseq-formula: no visible global function definition
  for 'as.formula'
distance,phyloseq-character: no visible global function definition for
  'as.dist'
merge_phyloseq_pair,sample_data-sample_data : <anonymous>: no visible
  binding for global variable 'X0'
merge_samples,sample_data: no visible global function definition for
  'aggregate'
plot_phyloseq,phyloseq: no visible binding for global variable
  'esophagus'
Undefined global functions or variables:
  #OTU ID .SD := Abundance Classification Consensus Lineage J OTU
  OTULabel SE.sim Sample V1 V2 X0 aggregate as.dist as.formula
  as.hclust axis capture.output combn complete.cases count cutree
  dcast.data.table download.file eigenvalue esophagus gap h.adj.index
  head i k label queryID queryString read read.table relevel se tail
  untar unzip value vmax vmin write.table x xdodge xend xfartiplab
  xleft xright y yend
Consider adding
  importFrom("graphics", "axis")
  importFrom("stats", "aggregate", "as.dist", "as.formula", "as.hclust",
             "complete.cases", "cutree", "relevel")
  importFrom("utils", "capture.output", "combn", "download.file", "head",
             "read.table", "tail", "untar", "unzip", "write.table")
to your NAMESPACE file.
* checking Rd files ... WARNING
checkRd: (-1) import_biom.Rd:15: Lost braces
    15 | \url{http://www.qiime.org/svn_documentation/documentation/biom_format.html}{the biom-format home page}.
       |                                                                            ^
checkRd: (-1) import_biom.Rd:45: Lost braces
    45 | as in the case of the GreenGenes tree mentioned earlier (code{\link{read_tree_greengenes}}).}
       |                                                              ^
checkRd: (-1) import_biom.Rd:92: Lost braces
    92 | \url{http://greengenes.lbl.gov/cgi-bin/nph-index.cgi}{greengenes},
       |                                                      ^
checkRd: (-1) import_pyrotagger_tab.Rd:55: Lost braces
    55 | \code{R}. Rather than add to the dependency requirements of emph{phyloseq}
       |                                                                 ^
checkRd: (-1) import_qiime.Rd:44: Lost braces
    44 | as in the case of the GreenGenes tree mentioned earlier (code{\link{read_tree_greengenes}}).}
       |                                                              ^
checkRd: (7) import_qiime.Rd:120: Invalid URL: "http://www.qiime.org/"
checkRd: (-1) merge_samples-methods.Rd:71: Lost braces
    71 | \code{\link{merge_taxa}}, code{\link{merge_phyloseq}}
       |                               ^
* checking Rd metadata ... NOTE
Invalid package aliases in Rd file 'phyloseq-deprecated.Rd':
  'phyloseq-deprecated-package'
* checking Rd cross-references ... OK
* checking for missing documentation entries ... OK
* checking for code/documentation mismatches ... OK
* checking Rd \usage sections ... NOTE
S3 methods shown with full name in Rd file 'cca-rda-phyloseq-methods.Rd':
  'cca.phyloseq'
The \usage entries for S3 methods should use the \method markup and not
their full name.
See chapter 'Writing R documentation files' in the 'Writing R
Extensions' manual.
* checking Rd contents ... OK
* checking for unstated dependencies in examples ... OK
* checking contents of 'data' directory ... OK
* checking data for non-ASCII characters ... OK
* checking data for ASCII and uncompressed saves ... OK
* checking installed files from 'inst/doc' ... OK
* checking files in 'vignettes' ... OK
* checking examples ... OK
* checking for unstated dependencies in 'tests' ... OK
* checking tests ...
  Running 'testthat-phyloseq.R'
 OK
* checking for unstated dependencies in vignettes ... OK
* checking package vignettes ... OK
* checking running R code from vignettes ... SKIPPED
* checking re-building of vignette outputs ... SKIPPED
* checking PDF version of manual ... OK
* DONE
Status: 1 WARNING, 4 NOTEs
See
  'E:/biocbuild/bbs-3.19-bioc/meat/phyloseq.Rcheck/00check.log'
for details.
phyloseq.Rcheck/00install.out
############################################################################## ############################################################################## ### ### Running command: ### ### E:\biocbuild\bbs-3.19-bioc\R\bin\R.exe CMD INSTALL phyloseq ### ############################################################################## ############################################################################## * installing to library 'E:/biocbuild/bbs-3.19-bioc/R/library' * installing *source* package 'phyloseq' ... ** using staged installation ** R ** data ** inst ** byte-compile and prepare package for lazy loading ** help *** installing help indices ** building package indices ** installing vignettes ** testing if installed package can be loaded from temporary location ** testing if installed package can be loaded from final location ** testing if installed package keeps a record of temporary installation path * DONE (phyloseq)
phyloseq.Rcheck/tests/testthat-phyloseq.Rout
R version 4.4.1 (2024-06-14 ucrt) -- "Race for Your Life"
Copyright (C) 2024 The R Foundation for Statistical Computing
Platform: x86_64-w64-mingw32/x64
R is free software and comes with ABSOLUTELY NO WARRANTY.
You are welcome to redistribute it under certain conditions.
Type 'license()' or 'licence()' for distribution details.
R is a collaborative project with many contributors.
Type 'contributors()' for more information and
'citation()' on how to cite R or R packages in publications.
Type 'demo()' for some demos, 'help()' for on-line help, or
'help.start()' for an HTML browser interface to help.
Type 'q()' to quit R.
> library("testthat")
> packageVersion("phyloseq")
[1] '1.48.0'
> # As suggested for opt-out option on testing by users, recommended by CRAN
> # http://adv-r.had.co.nz/Testing.html
> # Previously, best practice was to put all test files in inst/tests and ensure that R CMD check ran them by putting the following code in tests/test-all.R:  
> # library(testthat)
> # library(yourpackage)
> # test_package("yourpackage")
> # Now, recommended practice is to put your tests in tests/testthat, and ensure R CMD check runs them by putting the following code in tests/test-all.R:
> # library(testthat)
> # test_check("yourpackage")
> # The advantage of this new structure is that the user has control over whether or not tests are installed using the –install-tests parameter to R CMD install, or INSTALL_opts = c(“–install-tests”) argument to install.packages(). I’m not sure why you wouldn’t want to install the tests, but now you have the flexibility as requested by CRAN maintainers.
> test_check("phyloseq")
Loading required package: phyloseq
Found biom-format file, now parsing it... 
Done parsing biom... 
Importing Sample Metdadata from mapping file...
Merging the imported objects... 
Successfully merged, phyloseq-class created. 
 Returning... 
Found biom-format file, now parsing it... 
Done parsing biom... 
Importing Sample Metdadata from mapping file...
Merging the imported objects... 
Successfully merged, phyloseq-class created. 
 Returning... 
Reading `ucfile` into memory and parsing into table 
Initially read 100 entries. 
... Now removing unassigned OTUs (* or NA)... 
Removed 7 entries that had no OTU assignment. 
A total of 93 will be assigned to the OTU table.
Processing otu/tax file...
Reading file into memory prior to parsing...
Detecting first header line...
Header is on line 2  
Converting input file to a table...
Defining OTU table... 
Parsing taxonomy table...
Processing phylogenetic tree...
 E:/biocbuild/bbs-3.19-bioc/R/library/phyloseq/extdata/GP_tree_rand_short.newick.gz ...
Processing map file...
Processing otu/tax file...
Reading file into memory prior to parsing...
Detecting first header line...
Header is on line 2  
Converting input file to a table...
Defining OTU table... 
Parsing taxonomy table...
Processing phylogenetic tree...
 E:/biocbuild/bbs-3.19-bioc/R/library/phyloseq/extdata/GP_tree_rand_short.newick.gz ...
Processing Reference Sequences...
[ FAIL 0 | WARN 51 | SKIP 0 | PASS 604 ]
[ FAIL 0 | WARN 51 | SKIP 0 | PASS 604 ]
> 
> proc.time()
   user  system elapsed 
  74.75    3.65   78.62 
phyloseq.Rcheck/phyloseq-Ex.timings
| name | user | system | elapsed | |
| DPCoA | 2.70 | 0.31 | 3.01 | |
| JSD | 0 | 0 | 0 | |
| UniFrac-methods | 0.09 | 0.00 | 0.10 | |
| access | 0 | 0 | 0 | |
| assign-otu_table | 0 | 0 | 0 | |
| assign-phy_tree | 0.03 | 0.00 | 0.04 | |
| assign-sample_data | 0.06 | 0.03 | 0.09 | |
| assign-sample_names | 0.00 | 0.02 | 0.01 | |
| assign-tax_table | 0 | 0 | 0 | |
| assign-taxa_are_rows | 0.00 | 0.01 | 0.02 | |
| assign-taxa_names | 0.02 | 0.00 | 0.02 | |
| build_tax_table | 0.01 | 0.00 | 0.01 | |
| capscale-phyloseq-methods | 0.63 | 0.05 | 0.67 | |
| cca-rda-phyloseq-methods | 0 | 0 | 0 | |
| chunkReOrder | 0 | 0 | 0 | |
| data-GlobalPatterns | 1.70 | 0.03 | 1.74 | |
| data-enterotype | 1.05 | 0.03 | 1.08 | |
| data-esophagus | 0.61 | 0.00 | 0.61 | |
| data-soilrep | 0.84 | 0.05 | 0.89 | |
| distance | 0.23 | 0.08 | 0.51 | |
| distanceMethodList | 0 | 0 | 0 | |
| envHash2otu_table | 0 | 0 | 0 | |
| estimate_richness | 0.03 | 0.00 | 0.03 | |
| export_env_file | 0 | 0 | 0 | |
| export_mothur_dist | 0.05 | 0.03 | 0.08 | |
| extract-methods | 0.00 | 0.01 | 0.02 | |
| filter_taxa | 1.24 | 0.17 | 1.40 | |
| filterfun_sample | 0.01 | 0.00 | 0.02 | |
| gapstat_ord | 1.86 | 0.07 | 1.92 | |
| genefilter_sample-methods | 0 | 0 | 0 | |
| get.component.classes | 0 | 0 | 0 | |
| get_sample-methods | 0.02 | 0.00 | 0.02 | |
| get_taxa-methods | 0.00 | 0.01 | 0.01 | |
| get_taxa_unique | 0.20 | 0.03 | 0.24 | |
| get_variable | 0.22 | 0.02 | 0.23 | |
| getslots.phyloseq | 0.17 | 0.03 | 0.20 | |
| import | 0 | 0 | 0 | |
| import_RDP_otu | 1.63 | 0.02 | 1.64 | |
| import_biom | 0.14 | 0.00 | 0.14 | |
| import_env_file | 0 | 0 | 0 | |
| import_mothur | 0 | 0 | 0 | |
| import_mothur_dist | 0 | 0 | 0 | |
| import_pyrotagger_tab | 0 | 0 | 0 | |
| import_qiime | 0.90 | 0.02 | 0.92 | |
| import_qiime_otu_tax | 0.80 | 0.03 | 0.83 | |
| import_qiime_sample_data | 0.01 | 0.00 | 0.02 | |
| import_uparse | 0 | 0 | 0 | |
| import_usearch_uc | 0.02 | 0.00 | 0.01 | |
| index_reorder | 0 | 0 | 0 | |
| intersect_taxa | 0 | 0 | 0 | |
| make_network | 1.63 | 0.06 | 1.69 | |
| merge_phyloseq | 0 | 0 | 0 | |
| merge_phyloseq_pair-methods | 0 | 0 | 0 | |
| merge_samples-methods | 0.54 | 0.11 | 0.66 | |
| merge_taxa-methods | 0.10 | 0.00 | 0.09 | |
| microbio_me_qiime | 0.57 | 0.03 | 1.70 | |
| mt-methods | 1.39 | 0.00 | 1.39 | |
| nodeplotblank | 0.36 | 0.02 | 0.38 | |
| nodeplotboot | 0 | 0 | 0 | |
| nodeplotdefault | 0 | 0 | 0 | |
| nsamples-methods | 0.04 | 0.00 | 0.03 | |
| ntaxa-methods | 0.01 | 0.00 | 0.01 | |
| ordinate | 0 | 0 | 0 | |
| otu_table-methods | 0 | 0 | 0 | |
| parseTaxonomy-functions | 0 | 0 | 0 | |
| phy_tree-methods | 0.19 | 0.00 | 0.19 | |
| phyloseq | 0.01 | 0.01 | 0.03 | |
| phyloseq_to_deseq2 | 4.66 | 0.16 | 4.82 | |
| phyloseq_to_metagenomeSeq | 1.14 | 0.14 | 1.28 | |
| plot_bar | 2.84 | 0.16 | 3.00 | |
| plot_clusgap | 2.98 | 0.14 | 3.13 | |
| plot_heatmap | 3.46 | 0.14 | 3.59 | |
| plot_net | 3.31 | 0.03 | 3.35 | |
| plot_network | 1.44 | 0.01 | 1.45 | |
| plot_ordination | 0.62 | 0.02 | 0.64 | |
| plot_phyloseq-methods | 0.27 | 0.00 | 0.26 | |
| plot_richness | 4.37 | 0.23 | 4.61 | |
| plot_scree | 2.69 | 0.04 | 2.72 | |
| plot_tree | 0.55 | 0.04 | 0.60 | |
| prune_samples-methods | 0.45 | 0.03 | 0.48 | |
| prune_taxa-methods | 0.05 | 0.02 | 0.06 | |
| psmelt | 0.72 | 0.02 | 0.74 | |
| rank_names | 0.03 | 0.01 | 0.04 | |
| rarefy_even_depth | 0.11 | 0.00 | 0.11 | |
| read_tree | 0.00 | 0.02 | 0.02 | |
| read_tree_greengenes | 0.01 | 0.00 | 0.02 | |
| reconcile_categories | 0 | 0 | 0 | |
| refseq-methods | 0.17 | 0.01 | 0.18 | |
| rm_outlierf | 0.02 | 0.02 | 0.03 | |
| sample_data-methods | 0.06 | 0.00 | 0.07 | |
| sample_names-methods | 0.00 | 0.01 | 0.01 | |
| sample_sums | 0.05 | 0.00 | 0.05 | |
| sample_variables | 0.02 | 0.02 | 0.03 | |
| show-methods | 0 | 0 | 0 | |
| splat.phyloseq.objects | 0 | 0 | 0 | |
| subset_ord_plot | 0.00 | 0.01 | 0.02 | |
| subset_samples-methods | 0 | 0 | 0 | |
| subset_taxa-methods | 0 | 0 | 0 | |
| tax_glom | 0 | 0 | 0 | |
| tax_table-methods | 0 | 0 | 0 | |
| taxa_names-methods | 0.03 | 0.00 | 0.03 | |
| taxa_sums | 0.03 | 0.04 | 0.06 | |
| threshrank | 2.11 | 0.98 | 3.09 | |
| threshrankfun | 0.08 | 0.00 | 0.08 | |
| tip_glom | 0.78 | 0.01 | 0.79 | |
| topf | 0.01 | 0.00 | 0.02 | |
| topk | 0.00 | 0.02 | 0.02 | |
| topp | 0.02 | 0.00 | 0.01 | |
| transformcounts | 0.11 | 0.00 | 0.11 | |
| transpose-methods | 0.97 | 0.73 | 1.70 | |
| tree_layout | 0.61 | 0.05 | 0.66 | |