| Back to Multiple platform build/check report for BioC 3.19: simplified long |
|
This page was generated on 2024-10-18 20:38 -0400 (Fri, 18 Oct 2024).
| Hostname | OS | Arch (*) | R version | Installed pkgs |
|---|---|---|---|---|
| nebbiolo1 | Linux (Ubuntu 22.04.3 LTS) | x86_64 | 4.4.1 (2024-06-14) -- "Race for Your Life" | 4763 |
| palomino7 | Windows Server 2022 Datacenter | x64 | 4.4.1 (2024-06-14 ucrt) -- "Race for Your Life" | 4500 |
| merida1 | macOS 12.7.5 Monterey | x86_64 | 4.4.1 (2024-06-14) -- "Race for Your Life" | 4530 |
| kjohnson1 | macOS 13.6.6 Ventura | arm64 | 4.4.1 (2024-06-14) -- "Race for Your Life" | 4480 |
| Click on any hostname to see more info about the system (e.g. compilers) (*) as reported by 'uname -p', except on Windows and Mac OS X | ||||
| Package 1444/2300 | Hostname | OS / Arch | INSTALL | BUILD | CHECK | BUILD BIN | ||||||||
| nucleR 2.36.0 (landing page) Alba Sala
| nebbiolo1 | Linux (Ubuntu 22.04.3 LTS) / x86_64 | OK | OK | WARNINGS | |||||||||
| palomino7 | Windows Server 2022 Datacenter / x64 | OK | OK | WARNINGS | OK | |||||||||
| merida1 | macOS 12.7.5 Monterey / x86_64 | OK | OK | WARNINGS | OK | |||||||||
| kjohnson1 | macOS 13.6.6 Ventura / arm64 | OK | OK | WARNINGS | OK | |||||||||
|
To the developers/maintainers of the nucleR package: - Allow up to 24 hours (and sometimes 48 hours) for your latest push to git@git.bioconductor.org:packages/nucleR.git to reflect on this report. See Troubleshooting Build Report for more information. - Use the following Renviron settings to reproduce errors and warnings. - If 'R CMD check' started to fail recently on the Linux builder(s) over a missing dependency, add the missing dependency to 'Suggests:' in your DESCRIPTION file. See Renviron.bioc for more information. |
| Package: nucleR |
| Version: 2.36.0 |
| Command: /home/biocbuild/bbs-3.19-bioc/R/bin/R CMD check --install=check:nucleR.install-out.txt --library=/home/biocbuild/bbs-3.19-bioc/R/site-library --timings nucleR_2.36.0.tar.gz |
| StartedAt: 2024-10-17 03:10:09 -0400 (Thu, 17 Oct 2024) |
| EndedAt: 2024-10-17 03:15:18 -0400 (Thu, 17 Oct 2024) |
| EllapsedTime: 308.7 seconds |
| RetCode: 0 |
| Status: WARNINGS |
| CheckDir: nucleR.Rcheck |
| Warnings: 1 |
##############################################################################
##############################################################################
###
### Running command:
###
### /home/biocbuild/bbs-3.19-bioc/R/bin/R CMD check --install=check:nucleR.install-out.txt --library=/home/biocbuild/bbs-3.19-bioc/R/site-library --timings nucleR_2.36.0.tar.gz
###
##############################################################################
##############################################################################
* using log directory ‘/home/biocbuild/bbs-3.19-bioc/meat/nucleR.Rcheck’
* using R version 4.4.1 (2024-06-14)
* using platform: x86_64-pc-linux-gnu
* R was compiled by
gcc (Ubuntu 11.4.0-1ubuntu1~22.04) 11.4.0
GNU Fortran (Ubuntu 11.4.0-1ubuntu1~22.04) 11.4.0
* running under: Ubuntu 22.04.5 LTS
* using session charset: UTF-8
* checking for file ‘nucleR/DESCRIPTION’ ... OK
* checking extension type ... Package
* this is package ‘nucleR’ version ‘2.36.0’
* package encoding: UTF-8
* checking package namespace information ... OK
* checking package dependencies ... OK
* checking if this is a source package ... OK
* checking if there is a namespace ... OK
* checking for hidden files and directories ... OK
* checking for portable file names ... OK
* checking for sufficient/correct file permissions ... OK
* checking whether package ‘nucleR’ can be installed ... OK
* checking installed package size ... OK
* checking package directory ... OK
* checking ‘build’ directory ... OK
* checking DESCRIPTION meta-information ... OK
* checking top-level files ... OK
* checking for left-over files ... OK
* checking index information ... OK
* checking package subdirectories ... OK
* checking code files for non-ASCII characters ... OK
* checking R files for syntax errors ... OK
* checking whether the package can be loaded ... OK
* checking whether the package can be loaded with stated dependencies ... OK
* checking whether the package can be unloaded cleanly ... OK
* checking whether the namespace can be loaded with stated dependencies ... OK
* checking whether the namespace can be unloaded cleanly ... OK
* checking loading without being on the library search path ... OK
* checking dependencies in R code ... OK
* checking S3 generic/method consistency ... OK
* checking replacement functions ... OK
* checking foreign function calls ... OK
* checking R code for possible problems ... OK
* checking Rd files ... OK
* checking Rd metadata ... OK
* checking Rd cross-references ... NOTE
Unknown package ‘Starr’ in Rd xrefs
* checking for missing documentation entries ... OK
* checking for code/documentation mismatches ... OK
* checking Rd \usage sections ... WARNING
Undocumented arguments in Rd file 'dot-fftRegion.Rd'
‘data2’ ‘pcKeepComp’
Undocumented arguments in Rd file 'dot-loadFiles.Rd'
‘singleLoad’ ‘pairedLoad’
Undocumented arguments in Rd file 'dot-loadPairedBam.Rd'
‘file’
Undocumented arguments in Rd file 'dot-loadSingleBam.Rd'
‘exp’
Undocumented arguments in Rd file 'dot-mid.Rd'
‘x’
Undocumented arguments in Rd file 'dot-unlist_as_integer.Rd'
‘x’
Undocumented arguments in Rd file 'dot-xlapply.Rd'
‘X’ ‘FUN’ ‘...’ ‘mc.cores’
Documented arguments not in \usage in Rd file 'pcKeepCompDetect.Rd':
‘...’
Functions with \usage entries need to have the appropriate \alias
entries, and all their arguments documented.
The \usage entries must correspond to syntactically valid R code.
See chapter ‘Writing R documentation files’ in the ‘Writing R
Extensions’ manual.
* checking Rd contents ... OK
* checking for unstated dependencies in examples ... OK
* checking contents of ‘data’ directory ... OK
* checking data for non-ASCII characters ... OK
* checking data for ASCII and uncompressed saves ... OK
* checking files in ‘vignettes’ ... OK
* checking examples ... OK
Examples with CPU (user + system) or elapsed time > 5s
user system elapsed
syntheticNucMap 32.98 0.72 33.701
* checking for unstated dependencies in ‘tests’ ... OK
* checking tests ...
Running ‘testthat.R’
OK
* checking for unstated dependencies in vignettes ... OK
* checking package vignettes ... OK
* checking re-building of vignette outputs ... OK
* checking PDF version of manual ... OK
* DONE
Status: 1 WARNING, 1 NOTE
See
‘/home/biocbuild/bbs-3.19-bioc/meat/nucleR.Rcheck/00check.log’
for details.
nucleR.Rcheck/00install.out
############################################################################## ############################################################################## ### ### Running command: ### ### /home/biocbuild/bbs-3.19-bioc/R/bin/R CMD INSTALL nucleR ### ############################################################################## ############################################################################## * installing to library ‘/home/biocbuild/bbs-3.19-bioc/R/site-library’ * installing *source* package ‘nucleR’ ... ** using staged installation ** R ** data ** inst ** byte-compile and prepare package for lazy loading Loading required package: usethis Welcome at Wed Oct 16 16:11:54 2024 Goodbye at Wed Oct 16 16:12:04 2024 ** help *** installing help indices ** building package indices Loading required package: usethis Welcome at Wed Oct 16 16:12:06 2024 Goodbye at Wed Oct 16 16:12:06 2024 ** installing vignettes ** testing if installed package can be loaded from temporary location Loading required package: usethis Welcome at Wed Oct 16 16:12:07 2024 Goodbye at Wed Oct 16 16:12:16 2024 ** testing if installed package can be loaded from final location Loading required package: usethis Welcome at Wed Oct 16 16:12:17 2024 Goodbye at Wed Oct 16 16:12:26 2024 ** testing if installed package keeps a record of temporary installation path * DONE (nucleR)
nucleR.Rcheck/tests/testthat.Rout
R version 4.4.1 (2024-06-14) -- "Race for Your Life"
Copyright (C) 2024 The R Foundation for Statistical Computing
Platform: x86_64-pc-linux-gnu
R is free software and comes with ABSOLUTELY NO WARRANTY.
You are welcome to redistribute it under certain conditions.
Type 'license()' or 'licence()' for distribution details.
R is a collaborative project with many contributors.
Type 'contributors()' for more information and
'citation()' on how to cite R or R packages in publications.
Type 'demo()' for some demos, 'help()' for on-line help, or
'help.start()' for an HTML browser interface to help.
Type 'q()' to quit R.
> library(testthat)
> library(nucleR)
>
> test_check("nucleR")
[ FAIL 0 | WARN 0 | SKIP 0 | PASS 2 ]
>
> proc.time()
user system elapsed
9.949 0.634 10.573
nucleR.Rcheck/nucleR-Ex.timings
| name | user | system | elapsed | |
| controlCorrection | 0.071 | 0.008 | 0.079 | |
| coverage.rpm | 0.324 | 0.087 | 0.412 | |
| export.bed | 0.124 | 0.004 | 0.129 | |
| export.wig | 0.051 | 0.068 | 0.119 | |
| filterFFT | 0.497 | 0.007 | 0.505 | |
| fragmentLenDetect | 1.092 | 0.084 | 1.176 | |
| mergeCalls | 0.474 | 0.000 | 0.474 | |
| nucleR-package | 1.328 | 0.040 | 1.368 | |
| pcKeepCompDetect | 0.275 | 0.004 | 0.280 | |
| peakDetection | 1.388 | 0.040 | 1.427 | |
| peakScoring | 0.347 | 0.008 | 0.355 | |
| plotPeaks | 1.097 | 0.004 | 1.101 | |
| processReads | 0.285 | 0.008 | 0.294 | |
| processTilingArray | 0.001 | 0.000 | 0.000 | |
| readBAM | 0.110 | 0.004 | 0.115 | |
| syntheticNucMap | 32.980 | 0.720 | 33.701 | |