| Back to Multiple platform build/check report for BioC 3.19: simplified long |
|
This page was generated on 2024-05-09 11:41:11 -0400 (Thu, 09 May 2024).
| Hostname | OS | Arch (*) | R version | Installed pkgs |
|---|---|---|---|---|
| nebbiolo1 | Linux (Ubuntu 22.04.3 LTS) | x86_64 | 4.4.0 (2024-04-24) -- "Puppy Cup" | 4748 |
| palomino3 | Windows Server 2022 Datacenter | x64 | 4.4.0 (2024-04-24 ucrt) -- "Puppy Cup" | 4484 |
| lconway | macOS 12.7.1 Monterey | x86_64 | 4.4.0 (2024-04-24) -- "Puppy Cup" | 4514 |
| kunpeng2 | Linux (openEuler 22.03 LTS-SP1) | aarch64 | 4.4.0 beta (2024-04-15 r86425) -- "Puppy Cup" | 4480 |
| Click on any hostname to see more info about the system (e.g. compilers) (*) as reported by 'uname -p', except on Windows and Mac OS X | ||||
| Package 1419/2300 | Hostname | OS / Arch | INSTALL | BUILD | CHECK | BUILD BIN | ||||||||
| nethet 1.36.0 (landing page) Nicolas Staedler
| nebbiolo1 | Linux (Ubuntu 22.04.3 LTS) / x86_64 | OK | OK | WARNINGS | |||||||||
| palomino3 | Windows Server 2022 Datacenter / x64 | OK | ERROR | skipped | skipped | |||||||||
| lconway | macOS 12.7.1 Monterey / x86_64 | OK | OK | WARNINGS | OK | |||||||||
| kunpeng2 | Linux (openEuler 22.03 LTS-SP1) / aarch64 | OK | OK | WARNINGS | ||||||||||
| kjohnson3 | macOS 13.6.5 Ventura / arm64 | see weekly results here | ||||||||||||
|
To the developers/maintainers of the nethet package: - Allow up to 24 hours (and sometimes 48 hours) for your latest push to git@git.bioconductor.org:packages/nethet.git to reflect on this report. See Troubleshooting Build Report for more information. - Use the following Renviron settings to reproduce errors and warnings. - If 'R CMD check' started to fail recently on the Linux builder(s) over a missing dependency, add the missing dependency to 'Suggests:' in your DESCRIPTION file. See Renviron.bioc for more information. - See Martin Grigorov's blog post for how to debug Linux ARM64 related issues on a x86_64 host. |
| Package: nethet |
| Version: 1.36.0 |
| Command: /home/biocbuild/R/R-beta-2024-04-15_r86425/bin/R CMD check --install=check:nethet.install-out.txt --library=/home/biocbuild/R/R-beta-2024-04-15_r86425/site-library --no-vignettes --timings nethet_1.36.0.tar.gz |
| StartedAt: 2024-05-09 10:02:54 -0000 (Thu, 09 May 2024) |
| EndedAt: 2024-05-09 10:06:57 -0000 (Thu, 09 May 2024) |
| EllapsedTime: 243.4 seconds |
| RetCode: 0 |
| Status: WARNINGS |
| CheckDir: nethet.Rcheck |
| Warnings: 1 |
##############################################################################
##############################################################################
###
### Running command:
###
### /home/biocbuild/R/R-beta-2024-04-15_r86425/bin/R CMD check --install=check:nethet.install-out.txt --library=/home/biocbuild/R/R-beta-2024-04-15_r86425/site-library --no-vignettes --timings nethet_1.36.0.tar.gz
###
##############################################################################
##############################################################################
* using log directory ‘/home/biocbuild/bbs-3.19-bioc/meat/nethet.Rcheck’
* using R version 4.4.0 beta (2024-04-15 r86425)
* using platform: aarch64-unknown-linux-gnu
* R was compiled by
gcc (GCC) 10.3.1
GNU Fortran (GCC) 10.3.1
* running under: openEuler 22.03 (LTS-SP1)
* using session charset: UTF-8
* using option ‘--no-vignettes’
* checking for file ‘nethet/DESCRIPTION’ ... OK
* checking extension type ... Package
* this is package ‘nethet’ version ‘1.36.0’
* checking package namespace information ... OK
* checking package dependencies ... OK
* checking if this is a source package ... OK
* checking if there is a namespace ... OK
* checking for hidden files and directories ... OK
* checking for portable file names ... OK
* checking for sufficient/correct file permissions ... OK
* checking whether package ‘nethet’ can be installed ... WARNING
Found the following significant warnings:
Warning: replacing previous import ‘limma::logsumexp’ by ‘mclust::logsumexp’ when loading ‘nethet’
Warning: replacing previous import ‘mclust::dmvnorm’ by ‘mvtnorm::dmvnorm’ when loading ‘nethet’
Warning: replacing previous import ‘multtest::update’ by ‘stats::update’ when loading ‘nethet’
See ‘/home/biocbuild/bbs-3.19-bioc/meat/nethet.Rcheck/00install.out’ for details.
* used C compiler: ‘gcc (GCC) 10.3.1’
* checking installed package size ... OK
* checking package directory ... OK
* checking ‘build’ directory ... OK
* checking DESCRIPTION meta-information ... OK
* checking top-level files ... OK
* checking for left-over files ... OK
* checking index information ... OK
* checking package subdirectories ... OK
* checking code files for non-ASCII characters ... OK
* checking R files for syntax errors ... OK
* checking whether the package can be loaded ... OK
* checking whether the package can be loaded with stated dependencies ... OK
* checking whether the package can be unloaded cleanly ... OK
* checking whether the namespace can be loaded with stated dependencies ... OK
* checking whether the namespace can be unloaded cleanly ... OK
* checking loading without being on the library search path ... OK
* checking dependencies in R code ... OK
* checking S3 generic/method consistency ... OK
* checking replacement functions ... OK
* checking foreign function calls ... OK
* checking R code for possible problems ... NOTE
screen_shrink: no visible global function definition for
‘performance.pcor’
Undefined global functions or variables:
performance.pcor
* checking Rd files ... NOTE
checkRd: (-1) NetHet-package.Rd:19: Lost braces
19 | St{\"a}dler, N. and Mukherjee, S. (2013). Two-Sample Testing in High-Dimensional Models.
| ^
checkRd: (-1) bwprun_mixglasso.Rd:32: Lost braces; missing escapes or markup?
32 | init={'cl.init','r.means','random','kmeans','kmeans.hc','hc'}. Default='kmeans.hc'}
| ^
checkRd: (-1) func.uinit.Rd:16: Lost braces; missing escapes or markup?
16 | init={'cl.init','r.means','random','kmeans','kmeans.hc','hc'}}
| ^
checkRd: (-1) mixglasso.Rd:31: Lost braces; missing escapes or markup?
31 | init={'cl.init','r.means','random','kmeans','kmeans.hc','hc'}. Default='kmeans'}
| ^
checkRd: (-1) mixglasso_ncomp_fixed.Rd:22: Lost braces; missing escapes or markup?
22 | init={'cl.init','r.means','random','kmeans','kmeans.hc','hc'}. Default='kmeans'}
| ^
* checking Rd metadata ... NOTE
Invalid package aliases in Rd file 'NetHet-package.Rd':
‘NetHet-package’
* checking Rd cross-references ... OK
* checking for missing documentation entries ... OK
* checking for code/documentation mismatches ... OK
* checking Rd \usage sections ... OK
* checking Rd contents ... OK
* checking for unstated dependencies in examples ... OK
* checking line endings in C/C++/Fortran sources/headers ... OK
* checking compiled code ... NOTE
Note: information on .o files is not available
* checking files in ‘vignettes’ ... OK
* checking examples ... OK
Examples with CPU (user + system) or elapsed time > 5s
user system elapsed
het_cv_glasso 38.852 0.040 38.961
mixglasso 26.501 0.119 26.674
ggmgsa_multisplit 23.165 0.076 23.281
diffregr_multisplit 10.357 0.068 10.445
diffnet_multisplit 6.800 0.040 6.851
* checking for unstated dependencies in ‘tests’ ... OK
* checking tests ...
Running ‘testthat.R’
OK
* checking for unstated dependencies in vignettes ... OK
* checking package vignettes ... OK
* checking running R code from vignettes ... SKIPPED
* checking re-building of vignette outputs ... SKIPPED
* checking PDF version of manual ... OK
* DONE
Status: 1 WARNING, 4 NOTEs
See
‘/home/biocbuild/bbs-3.19-bioc/meat/nethet.Rcheck/00check.log’
for details.
nethet.Rcheck/00install.out
############################################################################## ############################################################################## ### ### Running command: ### ### /home/biocbuild/R/R-beta-2024-04-15_r86425/bin/R CMD INSTALL nethet ### ############################################################################## ############################################################################## * installing to library ‘/home/biocbuild/R/R-beta-2024-04-15_r86425/site-library’ * installing *source* package ‘nethet’ ... ** using staged installation ** libs using C compiler: ‘gcc (GCC) 10.3.1’ gcc -I"/home/biocbuild/R/R-beta-2024-04-15_r86425/include" -DNDEBUG -I/usr/local/include -fPIC -g -O2 -Wall -c betamat_diffnet.c -o betamat_diffnet.o gcc -shared -L/home/biocbuild/R/R-beta-2024-04-15_r86425/lib -L/usr/local/lib -o nethet.so betamat_diffnet.o -L/home/biocbuild/R/R-beta-2024-04-15_r86425/lib -lR installing to /home/biocbuild/R/R-beta-2024-04-15_r86425/site-library/00LOCK-nethet/00new/nethet/libs ** R ** inst ** byte-compile and prepare package for lazy loading Warning: replacing previous import ‘limma::logsumexp’ by ‘mclust::logsumexp’ when loading ‘nethet’ Warning: replacing previous import ‘mclust::dmvnorm’ by ‘mvtnorm::dmvnorm’ when loading ‘nethet’ Warning: replacing previous import ‘multtest::update’ by ‘stats::update’ when loading ‘nethet’ ** help *** installing help indices ** building package indices ** installing vignettes ** testing if installed package can be loaded from temporary location Warning: replacing previous import ‘limma::logsumexp’ by ‘mclust::logsumexp’ when loading ‘nethet’ Warning: replacing previous import ‘mclust::dmvnorm’ by ‘mvtnorm::dmvnorm’ when loading ‘nethet’ Warning: replacing previous import ‘multtest::update’ by ‘stats::update’ when loading ‘nethet’ ** checking absolute paths in shared objects and dynamic libraries ** testing if installed package can be loaded from final location Warning: replacing previous import ‘limma::logsumexp’ by ‘mclust::logsumexp’ when loading ‘nethet’ Warning: replacing previous import ‘mclust::dmvnorm’ by ‘mvtnorm::dmvnorm’ when loading ‘nethet’ Warning: replacing previous import ‘multtest::update’ by ‘stats::update’ when loading ‘nethet’ ** testing if installed package keeps a record of temporary installation path * DONE (nethet)
nethet.Rcheck/tests/testthat.Rout
R version 4.4.0 beta (2024-04-15 r86425) -- "Puppy Cup"
Copyright (C) 2024 The R Foundation for Statistical Computing
Platform: aarch64-unknown-linux-gnu
R is free software and comes with ABSOLUTELY NO WARRANTY.
You are welcome to redistribute it under certain conditions.
Type 'license()' or 'licence()' for distribution details.
R is a collaborative project with many contributors.
Type 'contributors()' for more information and
'citation()' on how to cite R or R packages in publications.
Type 'demo()' for some demos, 'help()' for on-line help, or
'help.start()' for an HTML browser interface to help.
Type 'q()' to quit R.
> library(testthat)
> library(nethet)
Warning messages:
1: replacing previous import 'limma::logsumexp' by 'mclust::logsumexp' when loading 'nethet'
2: replacing previous import 'mclust::dmvnorm' by 'mvtnorm::dmvnorm' when loading 'nethet'
3: replacing previous import 'multtest::update' by 'stats::update' when loading 'nethet'
>
> test_check("nethet")
[ FAIL 0 | WARN 0 | SKIP 0 | PASS 18 ]
>
> proc.time()
user system elapsed
11.768 0.560 12.336
nethet.Rcheck/nethet-Ex.timings
| name | user | system | elapsed | |
| aggpval | 0.007 | 0.000 | 0.007 | |
| bwprun_mixglasso | 3.376 | 0.012 | 3.395 | |
| diffnet_multisplit | 6.800 | 0.040 | 6.851 | |
| diffnet_singlesplit | 3.338 | 0.000 | 3.344 | |
| diffregr_multisplit | 10.357 | 0.068 | 10.445 | |
| diffregr_singlesplit | 0.738 | 0.000 | 0.740 | |
| dot_plot | 1.037 | 0.012 | 1.050 | |
| export_network | 0.217 | 0.004 | 0.222 | |
| generate_2networks | 0.045 | 0.000 | 0.046 | |
| generate_inv_cov | 0.036 | 0.024 | 0.060 | |
| ggmgsa_multisplit | 23.165 | 0.076 | 23.281 | |
| gsea.iriz | 0.012 | 0.000 | 0.013 | |
| het_cv_glasso | 38.852 | 0.040 | 38.961 | |
| invcov2parcor | 0.001 | 0.000 | 0.001 | |
| invcov2parcor_array | 0.007 | 0.000 | 0.007 | |
| logratio | 0.001 | 0.000 | 0.002 | |
| mixglasso | 26.501 | 0.119 | 26.674 | |
| plot_2networks | 0.043 | 0.000 | 0.042 | |
| scatter_plot | 1.716 | 0.004 | 1.722 | |
| screen_aic.glasso | 1.294 | 0.000 | 1.296 | |
| screen_bic.glasso | 1.273 | 0.000 | 1.275 | |
| screen_cv.glasso | 2.584 | 0.000 | 2.589 | |
| screen_cv1se.lasso | 0.157 | 0.000 | 0.157 | |
| screen_cvfix.lasso | 0.149 | 0.000 | 0.150 | |
| screen_cvmin.lasso | 0.165 | 0.000 | 0.165 | |
| screen_cvsqrt.lasso | 0.155 | 0.000 | 0.155 | |
| screen_cvtrunc.lasso | 0.166 | 0.000 | 0.166 | |
| sim_mix | 0.004 | 0.000 | 0.004 | |
| sim_mix_networks | 0.009 | 0.000 | 0.009 | |