| Back to Multiple platform build/check report for BioC 3.19: simplified long | 
 | 
This page was generated on 2024-06-11 14:42 -0400 (Tue, 11 Jun 2024).
| Hostname | OS | Arch (*) | R version | Installed pkgs | 
|---|---|---|---|---|
| nebbiolo1 | Linux (Ubuntu 22.04.3 LTS) | x86_64 | 4.4.0 (2024-04-24) -- "Puppy Cup" | 4757 | 
| palomino3 | Windows Server 2022 Datacenter | x64 | 4.4.0 (2024-04-24 ucrt) -- "Puppy Cup" | 4491 | 
| lconway | macOS 12.7.1 Monterey | x86_64 | 4.4.0 (2024-04-24) -- "Puppy Cup" | 4522 | 
| kjohnson3 | macOS 13.6.5 Ventura | arm64 | 4.4.0 (2024-04-24) -- "Puppy Cup" | 4468 | 
| Click on any hostname to see more info about the system (e.g. compilers) (*) as reported by 'uname -p', except on Windows and Mac OS X | ||||
| Package 1286/2300 | Hostname | OS / Arch | INSTALL | BUILD | CHECK | BUILD BIN | ||||||||
| miRLAB 1.34.0  (landing page) Thuc Duy Le 
 | nebbiolo1 | Linux (Ubuntu 22.04.3 LTS) / x86_64 | OK | OK | WARNINGS |  | ||||||||
| palomino3 | Windows Server 2022 Datacenter / x64 | OK | OK | WARNINGS | OK |  | ||||||||
| lconway | macOS 12.7.1 Monterey / x86_64 | OK | OK | WARNINGS | OK |  | ||||||||
| kjohnson3 | macOS 13.6.5 Ventura / arm64 | OK | OK | WARNINGS | OK |  | ||||||||
| To the developers/maintainers of the miRLAB package: - Allow up to 24 hours (and sometimes 48 hours) for your latest push to git@git.bioconductor.org:packages/miRLAB.git to reflect on this report. See Troubleshooting Build Report for more information. - Use the following Renviron settings to reproduce errors and warnings. - If 'R CMD check' started to fail recently on the Linux builder(s) over a missing dependency, add the missing dependency to 'Suggests:' in your DESCRIPTION file. See Renviron.bioc for more information. | 
| Package: miRLAB | 
| Version: 1.34.0 | 
| Command: /Library/Frameworks/R.framework/Resources/bin/R CMD check --install=check:miRLAB.install-out.txt --library=/Library/Frameworks/R.framework/Resources/library --no-vignettes --timings miRLAB_1.34.0.tar.gz | 
| StartedAt: 2024-06-09 21:34:42 -0400 (Sun, 09 Jun 2024) | 
| EndedAt: 2024-06-09 21:39:04 -0400 (Sun, 09 Jun 2024) | 
| EllapsedTime: 261.4 seconds | 
| RetCode: 0 | 
| Status: WARNINGS | 
| CheckDir: miRLAB.Rcheck | 
| Warnings: 1 | 
##############################################################################
##############################################################################
###
### Running command:
###
###   /Library/Frameworks/R.framework/Resources/bin/R CMD check --install=check:miRLAB.install-out.txt --library=/Library/Frameworks/R.framework/Resources/library --no-vignettes --timings miRLAB_1.34.0.tar.gz
###
##############################################################################
##############################################################################
* using log directory ‘/Users/biocbuild/bbs-3.19-bioc/meat/miRLAB.Rcheck’
* using R version 4.4.0 (2024-04-24)
* using platform: x86_64-apple-darwin20
* R was compiled by
    Apple clang version 14.0.0 (clang-1400.0.29.202)
    GNU Fortran (GCC) 12.2.0
* running under: macOS Monterey 12.7.1
* using session charset: UTF-8
* using option ‘--no-vignettes’
* checking for file ‘miRLAB/DESCRIPTION’ ... OK
* checking extension type ... Package
* this is package ‘miRLAB’ version ‘1.34.0’
* checking package namespace information ... OK
* checking package dependencies ... OK
* checking if this is a source package ... OK
* checking if there is a namespace ... OK
* checking for hidden files and directories ... OK
* checking for portable file names ... OK
* checking for sufficient/correct file permissions ... OK
* checking whether package ‘miRLAB’ can be installed ... WARNING
Found the following significant warnings:
  Note: possible error in 'GDCquery(project = project, ': unused arguments (file.type = file_type, legacy = TRUE) 
See ‘/Users/biocbuild/bbs-3.19-bioc/meat/miRLAB.Rcheck/00install.out’ for details.
Information on the location(s) of code generating the ‘Note’s can be
obtained by re-running with environment variable R_KEEP_PKG_SOURCE set
to ‘yes’.
* checking installed package size ... OK
* checking package directory ... OK
* checking ‘build’ directory ... OK
* checking DESCRIPTION meta-information ... OK
* checking top-level files ... OK
* checking for left-over files ... OK
* checking index information ... OK
* checking package subdirectories ... OK
* checking code files for non-ASCII characters ... OK
* checking R files for syntax errors ... OK
* checking whether the package can be loaded ... OK
* checking whether the package can be loaded with stated dependencies ... OK
* checking whether the package can be unloaded cleanly ... OK
* checking whether the namespace can be loaded with stated dependencies ... OK
* checking whether the namespace can be unloaded cleanly ... OK
* checking dependencies in R code ... OK
* checking S3 generic/method consistency ... OK
* checking replacement functions ... OK
* checking foreign function calls ... OK
* checking R code for possible problems ... NOTE
TCGAdownload: possible error in GDCquery(project = project,
  data.category = data_category, data.type = data_type, platform =
  "Illumina HiSeq", file.type = file_type, legacy = TRUE, access =
  "open", experimental.strategy = experimental_strategy, ): unused
  arguments (file.type = file_type, legacy = TRUE)
TCGAdownload: possible error in GDCquery(project = project,
  data.category = data_category, data.type = data_type, file.type =
  file_type, legacy = TRUE, access = "open", experimental.strategy =
  experimental_strategy, sample.type = sample_type, barcode =
  getcases): unused arguments (file.type = file_type, legacy = TRUE)
* checking Rd files ... OK
* checking Rd metadata ... OK
* checking Rd cross-references ... OK
* checking for missing documentation entries ... OK
* checking for code/documentation mismatches ... OK
* checking Rd \usage sections ... OK
* checking Rd contents ... OK
* checking for unstated dependencies in examples ... OK
* checking files in ‘vignettes’ ... OK
* checking examples ... OK
* checking for unstated dependencies in ‘tests’ ... OK
* checking tests ...
  Running ‘runTests.R’
 OK
* checking for unstated dependencies in vignettes ... OK
* checking package vignettes ... OK
* checking running R code from vignettes ... SKIPPED
* checking re-building of vignette outputs ... SKIPPED
* checking PDF version of manual ... OK
* DONE
Status: 1 WARNING, 1 NOTE
See
  ‘/Users/biocbuild/bbs-3.19-bioc/meat/miRLAB.Rcheck/00check.log’
for details.
miRLAB.Rcheck/00install.out
############################################################################## ############################################################################## ### ### Running command: ### ### /Library/Frameworks/R.framework/Resources/bin/R CMD INSTALL miRLAB ### ############################################################################## ############################################################################## * installing to library ‘/Library/Frameworks/R.framework/Versions/4.4-x86_64/Resources/library’ * installing *source* package ‘miRLAB’ ... ** using staged installation ** R ** inst ** byte-compile and prepare package for lazy loading Note: possible error in 'GDCquery(project = project, ': unused arguments (file.type = file_type, legacy = TRUE) Note: possible error in 'GDCquery(project = project, ': unused arguments (file.type = file_type, legacy = TRUE) ** help *** installing help indices ** building package indices ** installing vignettes ** testing if installed package can be loaded from temporary location ** testing if installed package can be loaded from final location ** testing if installed package keeps a record of temporary installation path * DONE (miRLAB)
miRLAB.Rcheck/tests/runTests.Rout
R version 4.4.0 (2024-04-24) -- "Puppy Cup"
Copyright (C) 2024 The R Foundation for Statistical Computing
Platform: x86_64-apple-darwin20
R is free software and comes with ABSOLUTELY NO WARRANTY.
You are welcome to redistribute it under certain conditions.
Type 'license()' or 'licence()' for distribution details.
R is a collaborative project with many contributors.
Type 'contributors()' for more information and
'citation()' on how to cite R or R packages in publications.
Type 'demo()' for some demos, 'help()' for on-line help, or
'help.start()' for an HTML browser interface to help.
Type 'q()' to quit R.
> BiocGenerics:::testPackage("miRLAB")
Loading required package: amap
RUNIT TEST PROTOCOL -- Sun Jun  9 21:38:54 2024 
*********************************************** 
Number of test functions: 1 
Number of errors: 0 
Number of failures: 0 
 
1 Test Suite : 
miRLAB RUnit Tests - 1 test function, 0 errors, 0 failures
Number of test functions: 1 
Number of errors: 0 
Number of failures: 0 
> 
> proc.time()
   user  system elapsed 
 11.872   0.761  12.667 
miRLAB.Rcheck/miRLAB-Ex.timings
| name | user | system | elapsed | |
| Borda | 0.114 | 0.007 | 0.123 | |
| BordaTopk | 0.046 | 0.003 | 0.049 | |
| Dcov | 0.016 | 0.004 | 0.019 | |
| Elastic | 0.056 | 0.003 | 0.060 | |
| Extopk | 0.005 | 0.001 | 0.006 | |
| GOBPenrichment | 0 | 0 | 0 | |
| Hoeffding | 0.021 | 0.002 | 0.022 | |
| IDA | 0.041 | 0.002 | 0.043 | |
| ImputeNormData | 0.009 | 0.002 | 0.010 | |
| KEGGenrichment | 0 | 0 | 0 | |
| Kendall | 0.007 | 0.001 | 0.008 | |
| Lasso | 0.040 | 0.002 | 0.042 | |
| MI | 0.068 | 0.004 | 0.072 | |
| Pearson | 0.005 | 0.000 | 0.006 | |
| RDC | 0.097 | 0.003 | 0.101 | |
| Read | 0.002 | 0.000 | 0.004 | |
| ReadExtResult | 0 | 0 | 0 | |
| Spearman | 0.007 | 0.002 | 0.009 | |
| Standardise | 0 | 0 | 0 | |
| ValidateAll | 0.000 | 0.000 | 0.001 | |
| Validation | 0.017 | 0.003 | 0.020 | |
| ValidationT | 0.001 | 0.001 | 0.001 | |
| Zscore | 0.008 | 0.001 | 0.010 | |
| bRank | 0.009 | 0.001 | 0.011 | |
| convert | 0.018 | 0.002 | 0.021 | |
| filterAndCompare | 0 | 0 | 0 | |
| readHeader | 0.003 | 0.001 | 0.004 | |