| Back to Multiple platform build/check report for BioC 3.19: simplified long | 
 | 
This page was generated on 2024-05-09 11:41:02 -0400 (Thu, 09 May 2024).
| Hostname | OS | Arch (*) | R version | Installed pkgs | 
|---|---|---|---|---|
| nebbiolo1 | Linux (Ubuntu 22.04.3 LTS) | x86_64 | 4.4.0 (2024-04-24) -- "Puppy Cup" | 4748 | 
| palomino3 | Windows Server 2022 Datacenter | x64 | 4.4.0 (2024-04-24 ucrt) -- "Puppy Cup" | 4484 | 
| lconway | macOS 12.7.1 Monterey | x86_64 | 4.4.0 (2024-04-24) -- "Puppy Cup" | 4514 | 
| kunpeng2 | Linux (openEuler 22.03 LTS-SP1) | aarch64 | 4.4.0 beta (2024-04-15 r86425) -- "Puppy Cup" | 4480 | 
| Click on any hostname to see more info about the system (e.g. compilers) (*) as reported by 'uname -p', except on Windows and Mac OS X | ||||
| Package 1151/2300 | Hostname | OS / Arch | INSTALL | BUILD | CHECK | BUILD BIN | ||||||||
| Gustavo H. Esteves 
 | nebbiolo1 | Linux (Ubuntu 22.04.3 LTS) / x86_64 | OK | OK | ERROR | |||||||||
| palomino3 | Windows Server 2022 Datacenter / x64 | OK | ERROR | skipped | skipped | |||||||||
| lconway | macOS 12.7.1 Monterey / x86_64 | OK | OK | OK | OK |  | ||||||||
| kunpeng2 | Linux (openEuler 22.03 LTS-SP1) / aarch64 | OK | OK | ERROR | ||||||||||
| kjohnson3 | macOS 13.6.5 Ventura / arm64 | see weekly results here | ||||||||||||
| To the developers/maintainers of the maigesPack package: - Allow up to 24 hours (and sometimes 48 hours) for your latest push to git@git.bioconductor.org:packages/maigesPack.git to reflect on this report. See Troubleshooting Build Report for more information. - Use the following Renviron settings to reproduce errors and warnings. - If 'R CMD check' started to fail recently on the Linux builder(s) over a missing dependency, add the missing dependency to 'Suggests:' in your DESCRIPTION file. See Renviron.bioc for more information. - See Martin Grigorov's blog post for how to debug Linux ARM64 related issues on a x86_64 host. | 
| Package: maigesPack | 
| Version: 1.68.0 | 
| Command: /home/biocbuild/R/R-beta-2024-04-15_r86425/bin/R CMD check --install=check:maigesPack.install-out.txt --library=/home/biocbuild/R/R-beta-2024-04-15_r86425/site-library --no-vignettes --timings maigesPack_1.68.0.tar.gz | 
| StartedAt: 2024-05-09 08:58:40 -0000 (Thu, 09 May 2024) | 
| EndedAt: 2024-05-09 09:00:23 -0000 (Thu, 09 May 2024) | 
| EllapsedTime: 103.3 seconds | 
| RetCode: 1 | 
| Status: ERROR | 
| CheckDir: maigesPack.Rcheck | 
| Warnings: NA | 
##############################################################################
##############################################################################
###
### Running command:
###
###   /home/biocbuild/R/R-beta-2024-04-15_r86425/bin/R CMD check --install=check:maigesPack.install-out.txt --library=/home/biocbuild/R/R-beta-2024-04-15_r86425/site-library --no-vignettes --timings maigesPack_1.68.0.tar.gz
###
##############################################################################
##############################################################################
* using log directory ‘/home/biocbuild/bbs-3.19-bioc/meat/maigesPack.Rcheck’
* using R version 4.4.0 beta (2024-04-15 r86425)
* using platform: aarch64-unknown-linux-gnu
* R was compiled by
    gcc (GCC) 10.3.1
    GNU Fortran (GCC) 10.3.1
* running under: openEuler 22.03 (LTS-SP1)
* using session charset: UTF-8
* using option ‘--no-vignettes’
* checking for file ‘maigesPack/DESCRIPTION’ ... OK
* this is package ‘maigesPack’ version ‘1.68.0’
* checking package namespace information ... OK
* checking package dependencies ... OK
* checking if this is a source package ... OK
* checking if there is a namespace ... OK
* checking for hidden files and directories ... NOTE
Found the following hidden files and directories:
  .BBSoptions
These were most likely included in error. See section ‘Package
structure’ in the ‘Writing R Extensions’ manual.
* checking for portable file names ... OK
* checking for sufficient/correct file permissions ... OK
* checking whether package ‘maigesPack’ can be installed ... OK
* used C compiler: ‘gcc (GCC) 10.3.1’
* checking installed package size ... OK
* checking package directory ... OK
* checking ‘build’ directory ... OK
* checking DESCRIPTION meta-information ... NOTE
Malformed Description field: should contain one or more complete sentences.
* checking top-level files ... OK
* checking for left-over files ... OK
* checking index information ... OK
* checking package subdirectories ... OK
* checking code files for non-ASCII characters ... OK
* checking R files for syntax errors ... OK
* checking whether the package can be loaded ... OK
* checking whether the package can be loaded with stated dependencies ... OK
* checking whether the package can be unloaded cleanly ... OK
* checking whether the namespace can be loaded with stated dependencies ... OK
* checking whether the namespace can be unloaded cleanly ... OK
* checking loading without being on the library search path ... OK
* checking whether startup messages can be suppressed ... OK
* checking dependencies in R code ... NOTE
'library' or 'require' calls in package code:
  ‘OLIN’ ‘annotate’ ‘rgl’
  Please use :: or requireNamespace() instead.
  See section 'Suggested packages' in the 'Writing R Extensions' manual.
* checking S3 generic/method consistency ... OK
* checking replacement functions ... OK
* checking foreign function calls ... OK
* checking R code for possible problems ... NOTE
activeMod: no visible global function definition for ‘sessionInfo’
activeModScoreHTML: no visible binding for global variable ‘data’
activeNet: no visible global function definition for ‘sessionInfo’
activeNetScoreHTML: no visible binding for global variable ‘data’
blackBlue: no visible global function definition for ‘col2rgb’
blackBlue: no visible global function definition for ‘rgb’
classifyKNN: no visible global function definition for ‘sessionInfo’
classifyKNNsc: no visible global function definition for ‘sessionInfo’
classifyLDA: no visible global function definition for ‘sessionInfo’
classifyLDAsc: no visible global function definition for ‘sessionInfo’
classifySVM: no visible global function definition for ‘sessionInfo’
classifySVMsc: no visible global function definition for ‘sessionInfo’
createMaigesRaw: no visible global function definition for
  ‘sessionInfo’
createTDMS: no visible global function definition for ‘write.table’
deGenes2by2BootT: no visible global function definition for
  ‘sessionInfo’
deGenes2by2Ttest: no visible global function definition for
  ‘sessionInfo’
deGenes2by2Wilcox: no visible global function definition for
  ‘sessionInfo’
deGenesANOVA: no visible global function definition for ‘sessionInfo’
designANOVA: no visible global function definition for ‘sessionInfo’
greenRed: no visible global function definition for ‘col2rgb’
greenRed: no visible global function definition for ‘rgb’
loadData: no visible global function definition for ‘read.table’
loadData: no visible global function definition for ‘sessionInfo’
normLoc: no visible global function definition for ‘sessionInfo’
normOLIN: no visible global function definition for ‘sessionInfo’
normRepLoess: no visible global function definition for ‘sessionInfo’
normScaleLimma: no visible global function definition for ‘sessionInfo’
normScaleMarray: no visible global function definition for
  ‘sessionInfo’
print.maiges: no visible global function definition for ‘str’
print.maigesANOVA: no visible global function definition for ‘str’
print.maigesPreRaw: no visible global function definition for ‘str’
print.maigesRaw: no visible global function definition for ‘str’
relNet2TGF.maigesRelNetB: no visible global function definition for
  ‘write.table’
relNet2TGF.maigesRelNetM: no visible global function definition for
  ‘write.table’
relNetworkB: no visible global function definition for ‘sessionInfo’
relNetworkM: no visible global function definition for ‘sessionInfo’
selSpots: no visible global function definition for ‘sessionInfo’
summarizeReplicates: no visible global function definition for
  ‘sessionInfo’
tableClass: no visible global function definition for ‘write.table’
tablesDE: no visible global function definition for ‘setRepository’
tablesDE: no visible global function definition for ‘write.table’
Undefined global functions or variables:
  col2rgb data read.table rgb sessionInfo setRepository str write.table
Consider adding
  importFrom("grDevices", "col2rgb", "rgb")
  importFrom("utils", "data", "read.table", "sessionInfo", "str",
             "write.table")
to your NAMESPACE file.
* checking Rd files ... NOTE
checkRd: (-1) addPaths.Rd:11: Escaped LaTeX specials: \#
checkRd: (-1) loadData.Rd:51: Escaped LaTeX specials: \_
* checking Rd metadata ... OK
* checking Rd cross-references ... OK
* checking for missing documentation entries ... OK
* checking for code/documentation mismatches ... OK
* checking Rd \usage sections ... OK
* checking Rd contents ... OK
* checking for unstated dependencies in examples ... OK
* checking contents of ‘data’ directory ... OK
* checking data for non-ASCII characters ... OK
* checking data for ASCII and uncompressed saves ... OK
* checking line endings in C/C++/Fortran sources/headers ... OK
* checking compiled code ... NOTE
Note: information on .o files is not available
* checking files in ‘vignettes’ ... OK
* checking examples ... ERROR
Running examples in ‘maigesPack-Ex.R’ failed
The error most likely occurred in:
> base::assign(".ptime", proc.time(), pos = "CheckExEnv")
> ### Name: normScaleLimma
> ### Title: Scale adjust a cDNA Microarray Object
> ### Aliases: normScaleLimma
> ### Keywords: classes
> 
> ### ** Examples
> 
> ## Loading the dataset
> data(gastro)
> 
> ## Doing the scale adjustment from median-absolute-value method (from
> ## limma)
> gastro.norm = normScaleLimma(gastro.norm, method="scale")
> boxplot(gastro.norm) ## To see the efect of adjustment
> 
> ## To do VSN scale adjustment (from vsn package) use the command. Be
> ## carefull that this method adjust the variance along A values and not
> ## between chips!!
> gastro.norm = normScaleLimma(gastro.raw2, method="vsn")
Error in normalizeVSN(toNorm) : 
  vsn package required but is not installed (or can't be loaded)
Calls: normScaleLimma -> normalizeVSN
Execution halted
* checking for unstated dependencies in vignettes ... OK
* checking package vignettes ... OK
* checking running R code from vignettes ... SKIPPED
* checking re-building of vignette outputs ... SKIPPED
* checking PDF version of manual ... OK
* DONE
Status: 1 ERROR, 6 NOTEs
See
  ‘/home/biocbuild/bbs-3.19-bioc/meat/maigesPack.Rcheck/00check.log’
for details.
maigesPack.Rcheck/00install.out
############################################################################## ############################################################################## ### ### Running command: ### ### /home/biocbuild/R/R-beta-2024-04-15_r86425/bin/R CMD INSTALL maigesPack ### ############################################################################## ############################################################################## * installing to library ‘/home/biocbuild/R/R-beta-2024-04-15_r86425/site-library’ * installing *source* package ‘maigesPack’ ... ** using staged installation ** libs using C compiler: ‘gcc (GCC) 10.3.1’ gcc -I"/home/biocbuild/R/R-beta-2024-04-15_r86425/include" -DNDEBUG -I/usr/local/include -fPIC -g -O2 -Wall -c Minfo.c -o Minfo.o gcc -I"/home/biocbuild/R/R-beta-2024-04-15_r86425/include" -DNDEBUG -I/usr/local/include -fPIC -g -O2 -Wall -c bootstrapT.c -o bootstrapT.o gcc -I"/home/biocbuild/R/R-beta-2024-04-15_r86425/include" -DNDEBUG -I/usr/local/include -fPIC -g -O2 -Wall -c register.c -o register.o gcc -I"/home/biocbuild/R/R-beta-2024-04-15_r86425/include" -DNDEBUG -I/usr/local/include -fPIC -g -O2 -Wall -c robustCorr.c -o robustCorr.o gcc -I"/home/biocbuild/R/R-beta-2024-04-15_r86425/include" -DNDEBUG -I/usr/local/include -fPIC -g -O2 -Wall -c stats.c -o stats.o gcc -shared -L/home/biocbuild/R/R-beta-2024-04-15_r86425/lib -L/usr/local/lib -o maigesPack.so Minfo.o bootstrapT.o register.o robustCorr.o stats.o -L/home/biocbuild/R/R-beta-2024-04-15_r86425/lib -lR installing to /home/biocbuild/R/R-beta-2024-04-15_r86425/site-library/00LOCK-maigesPack/00new/maigesPack/libs ** R ** data ** byte-compile and prepare package for lazy loading ** help *** installing help indices ** building package indices ** installing vignettes ** testing if installed package can be loaded from temporary location Warning in fun(libname, pkgname) : Package 'maigesPack' is deprecated and will be removed from Bioconductor version 3.20 ** checking absolute paths in shared objects and dynamic libraries ** testing if installed package can be loaded from final location Warning in fun(libname, pkgname) : Package 'maigesPack' is deprecated and will be removed from Bioconductor version 3.20 ** testing if installed package keeps a record of temporary installation path * DONE (maigesPack)
maigesPack.Rcheck/maigesPack-Ex.timings
| name | user | system | elapsed | |
| MI | 0.003 | 0.000 | 0.003 | |
| activeMod | 1.646 | 0.028 | 1.678 | |
| activeModScoreHTML | 0.742 | 0.004 | 0.748 | |
| activeNet | 3.520 | 0.000 | 3.526 | |
| activeNetScoreHTML | 3.459 | 0.004 | 3.471 | |
| addGeneGrps | 0 | 0 | 0 | |
| addPaths | 0 | 0 | 0 | |
| bootstrapCor | 0.038 | 0.000 | 0.038 | |
| bootstrapMI | 0.162 | 0.000 | 0.162 | |
| bootstrapT | 0.003 | 0.000 | 0.003 | |
| boxplot-methods | 2.940 | 0.132 | 3.077 | |
| bracketMethods | 0.145 | 0.000 | 0.146 | |
| calcA | 0.093 | 0.040 | 0.133 | |
| calcW | 0.106 | 0.028 | 0.135 | |
| classifyKNN | 0.208 | 0.004 | 0.212 | |
| classifyKNNsc | 0.298 | 0.004 | 0.302 | |
| classifyLDA | 0.743 | 0.000 | 0.744 | |
| classifyLDAsc | 1.274 | 0.000 | 1.276 | |
| classifySVM | 0.453 | 0.000 | 0.455 | |
| classifySVMsc | 0.742 | 0.000 | 0.744 | |
| coerce-methods | 0.088 | 0.004 | 0.092 | |
| compCorr | 0 | 0 | 0 | |
| createMaigesRaw | 0.188 | 0.004 | 0.192 | |
| deGenes2by2BootT | 0.394 | 0.004 | 0.399 | |
| deGenes2by2Ttest | 0.214 | 0.004 | 0.219 | |
| deGenes2by2Wilcox | 0.205 | 0.000 | 0.205 | |
| deGenesANOVA | 0.146 | 0.004 | 0.150 | |
| designANOVA | 0.091 | 0.000 | 0.091 | |
| dim-methods | 0.052 | 0.004 | 0.055 | |
| getLabels | 0.058 | 0.008 | 0.066 | |
| hierM | 1.118 | 0.012 | 1.041 | |
| hierMde | 1.612 | 0.040 | 1.654 | |
| image-methods | 1.429 | 0.051 | 1.483 | |
| kmeansM | 1.130 | 0.024 | 1.131 | |
| kmeansMde | 0.291 | 0.012 | 0.303 | |
| loadData | 0 | 0 | 0 | |
| normLoc | 1.214 | 0.004 | 1.221 | |
| normOLIN | 0.056 | 0.000 | 0.056 | |
| normRepLoess | 0.063 | 0.000 | 0.063 | |