| Back to Multiple platform build/check report for BioC 3.19: simplified long | 
 | 
This page was generated on 2024-06-11 14:43 -0400 (Tue, 11 Jun 2024).
| Hostname | OS | Arch (*) | R version | Installed pkgs | 
|---|---|---|---|---|
| nebbiolo1 | Linux (Ubuntu 22.04.3 LTS) | x86_64 | 4.4.0 (2024-04-24) -- "Puppy Cup" | 4757 | 
| palomino3 | Windows Server 2022 Datacenter | x64 | 4.4.0 (2024-04-24 ucrt) -- "Puppy Cup" | 4491 | 
| lconway | macOS 12.7.1 Monterey | x86_64 | 4.4.0 (2024-04-24) -- "Puppy Cup" | 4522 | 
| kjohnson3 | macOS 13.6.5 Ventura | arm64 | 4.4.0 (2024-04-24) -- "Puppy Cup" | 4468 | 
| Click on any hostname to see more info about the system (e.g. compilers) (*) as reported by 'uname -p', except on Windows and Mac OS X | ||||
| Package 804/2300 | Hostname | OS / Arch | INSTALL | BUILD | CHECK | BUILD BIN | ||||||||
| genefu 2.36.0  (landing page) Benjamin Haibe-Kains 
 | nebbiolo1 | Linux (Ubuntu 22.04.3 LTS) / x86_64 | OK | OK | WARNINGS |  | ||||||||
| palomino3 | Windows Server 2022 Datacenter / x64 | OK | OK | WARNINGS | OK |  | ||||||||
| lconway | macOS 12.7.1 Monterey / x86_64 | OK | OK | WARNINGS | OK |  | ||||||||
| kjohnson3 | macOS 13.6.5 Ventura / arm64 | OK | OK | WARNINGS | OK |  | ||||||||
| To the developers/maintainers of the genefu package: - Allow up to 24 hours (and sometimes 48 hours) for your latest push to git@git.bioconductor.org:packages/genefu.git to reflect on this report. See Troubleshooting Build Report for more information. - Use the following Renviron settings to reproduce errors and warnings. - If 'R CMD check' started to fail recently on the Linux builder(s) over a missing dependency, add the missing dependency to 'Suggests:' in your DESCRIPTION file. See Renviron.bioc for more information. | 
| Package: genefu | 
| Version: 2.36.0 | 
| Command: /Library/Frameworks/R.framework/Resources/bin/R CMD check --install=check:genefu.install-out.txt --library=/Library/Frameworks/R.framework/Resources/library --no-vignettes --timings genefu_2.36.0.tar.gz | 
| StartedAt: 2024-06-10 16:33:17 -0400 (Mon, 10 Jun 2024) | 
| EndedAt: 2024-06-10 16:36:36 -0400 (Mon, 10 Jun 2024) | 
| EllapsedTime: 199.0 seconds | 
| RetCode: 0 | 
| Status: WARNINGS | 
| CheckDir: genefu.Rcheck | 
| Warnings: 1 | 
##############################################################################
##############################################################################
###
### Running command:
###
###   /Library/Frameworks/R.framework/Resources/bin/R CMD check --install=check:genefu.install-out.txt --library=/Library/Frameworks/R.framework/Resources/library --no-vignettes --timings genefu_2.36.0.tar.gz
###
##############################################################################
##############################################################################
* using log directory ‘/Users/biocbuild/bbs-3.19-bioc/meat/genefu.Rcheck’
* using R version 4.4.0 (2024-04-24)
* using platform: aarch64-apple-darwin20
* R was compiled by
    Apple clang version 14.0.0 (clang-1400.0.29.202)
    GNU Fortran (GCC) 12.2.0
* running under: macOS Ventura 13.6.5
* using session charset: UTF-8
* using option ‘--no-vignettes’
* checking for file ‘genefu/DESCRIPTION’ ... OK
* checking extension type ... Package
* this is package ‘genefu’ version ‘2.36.0’
* package encoding: UTF-8
* checking package namespace information ... OK
* checking package dependencies ... OK
* checking if this is a source package ... OK
* checking if there is a namespace ... OK
* checking for hidden files and directories ... OK
* checking for portable file names ... OK
* checking for sufficient/correct file permissions ... OK
* checking whether package ‘genefu’ can be installed ... WARNING
Found the following significant warnings:
  Warning: replacing previous import ‘limma::logsumexp’ by ‘mclust::logsumexp’ when loading ‘genefu’
See ‘/Users/biocbuild/bbs-3.19-bioc/meat/genefu.Rcheck/00install.out’ for details.
* checking installed package size ... NOTE
  installed size is  5.2Mb
  sub-directories of 1Mb or more:
    data   4.0Mb
* checking package directory ... OK
* checking ‘build’ directory ... OK
* checking DESCRIPTION meta-information ... OK
* checking top-level files ... OK
* checking for left-over files ... OK
* checking index information ... OK
* checking package subdirectories ... OK
* checking code files for non-ASCII characters ... OK
* checking R files for syntax errors ... OK
* checking whether the package can be loaded ... OK
* checking whether the package can be loaded with stated dependencies ... OK
* checking whether the package can be unloaded cleanly ... OK
* checking whether the namespace can be loaded with stated dependencies ... OK
* checking whether the namespace can be unloaded cleanly ... OK
* checking dependencies in R code ... NOTE
Packages in Depends field not imported from:
  ‘AIMS’ ‘biomaRt’ ‘iC10’
  These packages need to be imported from (in the NAMESPACE file)
  for when this namespace is loaded but not attached.
Unexported objects imported by ':::' calls:
  ‘mclust:::grid1’ ‘mclust:::grid2’
  See the note in ?`:::` about the use of this operator.
* checking S3 generic/method consistency ... OK
* checking replacement functions ... OK
* checking foreign function calls ... OK
* checking R code for possible problems ... OK
* checking Rd files ... NOTE
checkRd: (-1) fuzzy.ttest.Rd:41: Lost braces; missing escapes or markup?
    41 | in w1 and w2 should lay in [0,1] and \verb{0 <= (w1[i] + w2[i]) <= 1} for i in {0,1,...,n} where
       |                                                                                ^
* checking Rd metadata ... OK
* checking Rd cross-references ... OK
* checking for missing documentation entries ... OK
* checking for code/documentation mismatches ... OK
* checking Rd \usage sections ... OK
* checking Rd contents ... OK
* checking for unstated dependencies in examples ... OK
* checking contents of ‘data’ directory ... OK
* checking data for non-ASCII characters ... OK
* checking data for ASCII and uncompressed saves ... OK
* checking files in ‘vignettes’ ... OK
* checking examples ... OK
* checking for unstated dependencies in vignettes ... OK
* checking package vignettes ... OK
* checking running R code from vignettes ... SKIPPED
* checking re-building of vignette outputs ... SKIPPED
* checking PDF version of manual ... OK
* DONE
Status: 1 WARNING, 3 NOTEs
See
  ‘/Users/biocbuild/bbs-3.19-bioc/meat/genefu.Rcheck/00check.log’
for details.
genefu.Rcheck/00install.out
############################################################################## ############################################################################## ### ### Running command: ### ### /Library/Frameworks/R.framework/Resources/bin/R CMD INSTALL genefu ### ############################################################################## ############################################################################## * installing to library ‘/Library/Frameworks/R.framework/Versions/4.4-arm64/Resources/library’ * installing *source* package ‘genefu’ ... ** using staged installation ** R ** data ** inst ** byte-compile and prepare package for lazy loading Warning: replacing previous import ‘limma::logsumexp’ by ‘mclust::logsumexp’ when loading ‘genefu’ ** help *** installing help indices ** building package indices ** installing vignettes ** testing if installed package can be loaded from temporary location Warning: replacing previous import ‘limma::logsumexp’ by ‘mclust::logsumexp’ when loading ‘genefu’ ** testing if installed package can be loaded from final location Warning: replacing previous import ‘limma::logsumexp’ by ‘mclust::logsumexp’ when loading ‘genefu’ ** testing if installed package keeps a record of temporary installation path * DONE (genefu)
genefu.Rcheck/genefu-Ex.timings
| name | user | system | elapsed | |
| bimod | 0.242 | 0.016 | 0.257 | |
| boxplotplus2 | 0.007 | 0.001 | 0.009 | |
| claudinLow | 0.662 | 0.017 | 0.891 | |
| compareProtoCor | 1.945 | 0.027 | 2.893 | |
| compute.pairw.cor.meta | 2.157 | 0.034 | 3.337 | |
| compute.proto.cor.meta | 1.866 | 0.022 | 2.513 | |
| cordiff.dep | 0.121 | 0.006 | 0.203 | |
| endoPredict | 0.124 | 0.007 | 0.203 | |
| fuzzy.ttest | 0.090 | 0.009 | 0.099 | |
| gene70 | 0.324 | 0.019 | 0.537 | |
| gene76 | 0.127 | 0.007 | 0.149 | |
| geneid.map | 0.116 | 0.008 | 0.132 | |
| genius | 0.235 | 0.020 | 0.347 | |
| ggi | 0.113 | 0.007 | 0.121 | |
| ihc4 | 0.103 | 0.006 | 0.134 | |
| intrinsic.cluster | 0.414 | 0.020 | 0.688 | |
| intrinsic.cluster.predict | 0.159 | 0.011 | 0.172 | |
| map.datasets | 1.822 | 0.020 | 1.974 | |
| molecular.subtyping | 3.006 | 0.130 | 4.823 | |
| npi | 0.097 | 0.006 | 0.104 | |
| oncotypedx | 0.117 | 0.008 | 0.211 | |
| ovcAngiogenic | 0.179 | 0.016 | 0.331 | |
| ovcCrijns | 0.119 | 0.008 | 0.227 | |
| ovcTCGA | 0.241 | 0.009 | 0.435 | |
| ovcYoshihara | 0.118 | 0.007 | 0.198 | |
| pik3cags | 0.106 | 0.007 | 0.117 | |
| power.cor | 0 | 0 | 0 | |
| ps.cluster | 0.368 | 0.017 | 0.437 | |
| read.m.file | 0.025 | 0.004 | 0.041 | |
| rename.duplicate | 0.002 | 0.000 | 0.002 | |
| rescale | 0.238 | 0.011 | 0.265 | |
| rorS | 0.176 | 0.009 | 0.234 | |
| setcolclass.df | 0.002 | 0.000 | 0.002 | |
| sig.score | 0.115 | 0.009 | 0.123 | |
| spearmanCI | 0.001 | 0.001 | 0.001 | |
| st.gallen | 0.098 | 0.005 | 0.104 | |
| stab.fs | 0.138 | 0.010 | 0.165 | |
| stab.fs.ranking | 0.556 | 0.047 | 0.638 | |
| strescR | 0.001 | 0.000 | 0.001 | |
| subtype.cluster | 0.647 | 0.045 | 0.728 | |
| subtype.cluster.predict | 0.320 | 0.021 | 0.450 | |
| tamr13 | 0.149 | 0.009 | 0.241 | |
| tbrm | 0.001 | 0.000 | 0.000 | |
| weighted.meanvar | 0.001 | 0.001 | 0.003 | |
| write.m.file | 0.004 | 0.004 | 0.011 | |