| Back to Multiple platform build/check report for BioC 3.19: simplified long | 
 | 
This page was generated on 2024-10-18 20:39 -0400 (Fri, 18 Oct 2024).
| Hostname | OS | Arch (*) | R version | Installed pkgs | 
|---|---|---|---|---|
| nebbiolo1 | Linux (Ubuntu 22.04.3 LTS) | x86_64 | 4.4.1 (2024-06-14) -- "Race for Your Life" | 4763 | 
| palomino7 | Windows Server 2022 Datacenter | x64 | 4.4.1 (2024-06-14 ucrt) -- "Race for Your Life" | 4500 | 
| merida1 | macOS 12.7.5 Monterey | x86_64 | 4.4.1 (2024-06-14) -- "Race for Your Life" | 4530 | 
| kjohnson1 | macOS 13.6.6 Ventura | arm64 | 4.4.1 (2024-06-14) -- "Race for Your Life" | 4480 | 
| Click on any hostname to see more info about the system (e.g. compilers) (*) as reported by 'uname -p', except on Windows and Mac OS X | ||||
| Package 727/2300 | Hostname | OS / Arch | INSTALL | BUILD | CHECK | BUILD BIN | ||||||||
| flagme 1.60.0  (landing page) Mark Robinson 
 | nebbiolo1 | Linux (Ubuntu 22.04.3 LTS) / x86_64 | OK | OK | WARNINGS |  | ||||||||
| palomino7 | Windows Server 2022 Datacenter / x64 | OK | OK | WARNINGS | OK |  | ||||||||
| merida1 | macOS 12.7.5 Monterey / x86_64 | OK | OK | WARNINGS | OK |  | ||||||||
| kjohnson1 | macOS 13.6.6 Ventura / arm64 | OK | OK | WARNINGS | OK |  | ||||||||
| To the developers/maintainers of the flagme package: - Allow up to 24 hours (and sometimes 48 hours) for your latest push to git@git.bioconductor.org:packages/flagme.git to reflect on this report. See Troubleshooting Build Report for more information. - Use the following Renviron settings to reproduce errors and warnings. - If 'R CMD check' started to fail recently on the Linux builder(s) over a missing dependency, add the missing dependency to 'Suggests:' in your DESCRIPTION file. See Renviron.bioc for more information. | 
| Package: flagme | 
| Version: 1.60.0 | 
| Command: E:\biocbuild\bbs-3.19-bioc\R\bin\R.exe CMD check --no-multiarch --install=check:flagme.install-out.txt --library=E:\biocbuild\bbs-3.19-bioc\R\library --no-vignettes --timings flagme_1.60.0.tar.gz | 
| StartedAt: 2024-10-17 01:30:21 -0400 (Thu, 17 Oct 2024) | 
| EndedAt: 2024-10-17 01:51:48 -0400 (Thu, 17 Oct 2024) | 
| EllapsedTime: 1287.6 seconds | 
| RetCode: 0 | 
| Status: WARNINGS | 
| CheckDir: flagme.Rcheck | 
| Warnings: 2 | 
##############################################################################
##############################################################################
###
### Running command:
###
###   E:\biocbuild\bbs-3.19-bioc\R\bin\R.exe CMD check --no-multiarch --install=check:flagme.install-out.txt --library=E:\biocbuild\bbs-3.19-bioc\R\library --no-vignettes --timings flagme_1.60.0.tar.gz
###
##############################################################################
##############################################################################
* using log directory 'E:/biocbuild/bbs-3.19-bioc/meat/flagme.Rcheck'
* using R version 4.4.1 (2024-06-14 ucrt)
* using platform: x86_64-w64-mingw32
* R was compiled by
    gcc.exe (GCC) 13.2.0
    GNU Fortran (GCC) 13.2.0
* running under: Windows Server 2022 x64 (build 20348)
* using session charset: UTF-8
* using option '--no-vignettes'
* checking for file 'flagme/DESCRIPTION' ... OK
* this is package 'flagme' version '1.60.0'
* package encoding: UTF-8
* checking package namespace information ... OK
* checking package dependencies ... OK
* checking if this is a source package ... OK
* checking if there is a namespace ... OK
* checking for hidden files and directories ... OK
* checking for portable file names ... OK
* checking whether package 'flagme' can be installed ... OK
* used C compiler: 'gcc.exe (GCC) 13.2.0'
* checking installed package size ... OK
* checking package directory ... OK
* checking 'build' directory ... OK
* checking DESCRIPTION meta-information ... OK
* checking top-level files ... OK
* checking for left-over files ... OK
* checking index information ... OK
* checking package subdirectories ... OK
* checking code files for non-ASCII characters ... OK
* checking R files for syntax errors ... OK
* checking whether the package can be loaded ... OK
* checking whether the package can be loaded with stated dependencies ... OK
* checking whether the package can be unloaded cleanly ... OK
* checking whether the namespace can be loaded with stated dependencies ... OK
* checking whether the namespace can be unloaded cleanly ... OK
* checking whether startup messages can be suppressed ... OK
* checking dependencies in R code ... NOTE
Unexported object imported by a ':::' call: 'xcms:::rectUnique'
  See the note in ?`:::` about the use of this operator.
* checking S3 generic/method consistency ... OK
* checking replacement functions ... OK
* checking foreign function calls ... OK
* checking R code for possible problems ... NOTE
addXCMSPeaks: no visible global function definition for 'bpparam'
addXCMSPeaks: no visible global function definition for 'sampnames'
addXCMSPeaks : <anonymous> : <anonymous>: no visible global function
  definition for 'setNames'
importSpec : <anonymous>: no visible global function definition for
  'setNames'
Undefined global functions or variables:
  bpparam sampnames setNames
Consider adding
  importFrom("stats", "setNames")
to your NAMESPACE file.
* checking Rd files ... OK
* checking Rd metadata ... OK
* checking Rd cross-references ... WARNING
Missing link or links in Rd file 'addXCMSPeaks.Rd':
  '[xcms]{findPeaks-matchedFilter}' '[xcms]{findPeaks-centWave}'
  '[xcms]{peaksDataset}'
Missing link or links in Rd file 'plotAlignment-peaksAlignment-method.Rd':
  'plotAlignment'
Missing link or links in Rd file 'plotClustAlignment-clusterAlignment-method.Rd':
  'plotAlignment'
See section 'Cross-references' in the 'Writing R Extensions' manual.
* checking for missing documentation entries ... WARNING
Undocumented code objects:
  'plotAlignment' 'plotChrom' 'plotClustAlignment'
Undocumented S4 methods:
  generic 'show' and siglist 'betweenAlignment'
All user-level objects in a package (including S4 classes and methods)
should have documentation entries.
See chapter 'Writing R documentation files' in the 'Writing R
Extensions' manual.
* checking for code/documentation mismatches ... OK
* checking Rd \usage sections ... OK
* checking Rd contents ... OK
* checking for unstated dependencies in examples ... OK
* checking line endings in C/C++/Fortran sources/headers ... OK
* checking compiled code ... NOTE
Note: information on .o files for x64 is not available
File 'E:/biocbuild/bbs-3.19-bioc/R/library/flagme/libs/x64/flagme.dll':
  Found '_exit', possibly from '_exit' (C)
  Found 'abort', possibly from 'abort' (C), 'runtime' (Fortran)
Compiled code should not call entry points which might terminate R nor
write to stdout/stderr instead of to the console, nor use Fortran I/O
nor system RNGs nor [v]sprintf. The detected symbols are linked into
the code but might come from libraries and not actually be called.
See 'Writing portable packages' in the 'Writing R Extensions' manual.
* checking sizes of PDF files under 'inst/doc' ... OK
* checking files in 'vignettes' ... OK
* checking examples ... OK
Examples with CPU (user + system) or elapsed time > 5s
                                            user system elapsed
plotAlignedFrags                           42.73   2.16  102.00
addXCMSPeaks                               26.78   1.14   84.81
retFatMatrix                               24.83   1.28   81.75
peaksAlignment-class                       23.44   1.57   79.36
dynRT                                      23.64   1.36   81.03
corPrt                                     23.50   1.28   85.20
plotAlignment-peaksAlignment-method        21.83   1.41   76.83
plotFrags                                  21.89   1.32   77.46
progressiveAlignment-class                 21.87   1.34   77.53
ndpRT                                      21.95   1.24   80.08
imputePeaks                                11.91   0.57   14.43
rmaFitUnit                                  9.11   0.58    9.69
gatherInfo                                  9.11   0.29    9.39
plotChrom-peaksDataset-method               8.58   0.59    9.15
multipleAlignment-class                     8.58   0.26    8.84
calcTimeDiffs                               7.70   0.63    8.92
dp                                          7.30   0.47    7.79
clusterAlignment                            7.50   0.23    7.72
addAMDISPeaks                               7.42   0.19    9.28
plotClustAlignment-clusterAlignment-method  6.43   0.27    6.68
normDotProduct                              6.26   0.40    6.65
peaksDataset                                6.16   0.29    6.44
plotImage                                   5.43   0.18    5.60
addChromaTOFPeaks                           5.19   0.22    5.39
* checking for unstated dependencies in vignettes ... OK
* checking package vignettes ... OK
* checking running R code from vignettes ... SKIPPED
* checking re-building of vignette outputs ... SKIPPED
* checking PDF version of manual ... OK
* DONE
Status: 2 WARNINGs, 3 NOTEs
See
  'E:/biocbuild/bbs-3.19-bioc/meat/flagme.Rcheck/00check.log'
for details.
flagme.Rcheck/00install.out
##############################################################################
##############################################################################
###
### Running command:
###
###   E:\biocbuild\bbs-3.19-bioc\R\bin\R.exe CMD INSTALL flagme
###
##############################################################################
##############################################################################
* installing to library 'E:/biocbuild/bbs-3.19-bioc/R/library'
* installing *source* package 'flagme' ...
** using staged installation
** libs
using C compiler: 'gcc.exe (GCC) 13.2.0'
gcc  -I"E:/biocbuild/bbs-3.19-bioc/R/include" -DNDEBUG     -I"C:/rtools44/x86_64-w64-mingw32.static.posix/include"     -O2 -Wall  -mfpmath=sse -msse2 -mstackrealign  -c dp.c -o dp.o
dp.c: In function 'dp':
dp.c:264:35: warning: 'tb' may be used uninitialized [-Wmaybe-uninitialized]
  264 |           phi[(i+1)+(j+1)*(nr+1)] = tb;
      |           ~~~~~~~~~~~~~~~~~~~~~~~~^~~~
dp.c:217:30: note: 'tb' was declared here
  217 |   int i,j, nr=*nr_, nc=*nc_, tb, count=0, done=0;
      |                              ^~
dp.c:263:33: warning: 'cur_min' may be used uninitialized [-Wmaybe-uninitialized]
  263 |           D[(i+1)+(j+1)*(nr+1)] = cur_min;
      |           ~~~~~~~~~~~~~~~~~~~~~~^~~~~~~~~
dp.c:218:21: note: 'cur_min' was declared here
  218 |   double gap=*gap_, cur_min, a, b, c;
      |                     ^~~~~~~
gcc  -I"E:/biocbuild/bbs-3.19-bioc/R/include" -DNDEBUG     -I"C:/rtools44/x86_64-w64-mingw32.static.posix/include"     -O2 -Wall  -mfpmath=sse -msse2 -mstackrealign  -c init.c -o init.o
gcc  -I"E:/biocbuild/bbs-3.19-bioc/R/include" -DNDEBUG     -I"C:/rtools44/x86_64-w64-mingw32.static.posix/include"     -O2 -Wall  -mfpmath=sse -msse2 -mstackrealign  -c pearson.c -o pearson.o
gcc -shared -s -static-libgcc -o flagme.dll tmp.def dp.o init.o pearson.o -LC:/rtools44/x86_64-w64-mingw32.static.posix/lib/x64 -LC:/rtools44/x86_64-w64-mingw32.static.posix/lib -LE:/biocbuild/bbs-3.19-bioc/R/bin/x64 -lR
installing to E:/biocbuild/bbs-3.19-bioc/R/library/00LOCK-flagme/00new/flagme/libs/x64
** R
** inst
** byte-compile and prepare package for lazy loading
** help
*** installing help indices
** building package indices
** installing vignettes
** testing if installed package can be loaded from temporary location
** testing if installed package can be loaded from final location
** testing if installed package keeps a record of temporary installation path
* DONE (flagme)
flagme.Rcheck/flagme-Ex.timings
| name | user | system | elapsed | |
| addAMDISPeaks | 7.42 | 0.19 | 9.28 | |
| addChromaTOFPeaks | 5.19 | 0.22 | 5.39 | |
| addXCMSPeaks | 26.78 | 1.14 | 84.81 | |
| betweenAlignment | 0 | 0 | 0 | |
| calcTimeDiffs | 7.70 | 0.63 | 8.92 | |
| clusterAlignment | 7.50 | 0.23 | 7.72 | |
| corPrt | 23.50 | 1.28 | 85.20 | |
| dp | 7.30 | 0.47 | 7.79 | |
| dynRT | 23.64 | 1.36 | 81.03 | |
| gatherInfo | 9.11 | 0.29 | 9.39 | |
| imputePeaks | 11.91 | 0.57 | 14.43 | |
| multipleAlignment-class | 8.58 | 0.26 | 8.84 | |
| ndpRT | 21.95 | 1.24 | 80.08 | |
| normDotProduct | 6.26 | 0.40 | 6.65 | |
| parseChromaTOF | 3.57 | 0.03 | 3.66 | |
| parseELU | 2.61 | 0.03 | 2.66 | |
| peaksAlignment-class | 23.44 | 1.57 | 79.36 | |
| peaksDataset | 6.16 | 0.29 | 6.44 | |
| plotAlignedFrags | 42.73 | 2.16 | 102.00 | |
| plotAlignment-peaksAlignment-method | 21.83 | 1.41 | 76.83 | |
| plotChrom-peaksDataset-method | 8.58 | 0.59 | 9.15 | |
| plotClustAlignment-clusterAlignment-method | 6.43 | 0.27 | 6.68 | |
| plotFrags | 21.89 | 1.32 | 77.46 | |
| plotImage | 5.43 | 0.18 | 5.60 | |
| progressiveAlignment-class | 21.87 | 1.34 | 77.53 | |
| retFatMatrix | 24.83 | 1.28 | 81.75 | |
| rmaFitUnit | 9.11 | 0.58 | 9.69 | |