| Back to Multiple platform build/check report for BioC 3.19: simplified long |
|
This page was generated on 2024-05-09 11:40:42 -0400 (Thu, 09 May 2024).
| Hostname | OS | Arch (*) | R version | Installed pkgs |
|---|---|---|---|---|
| nebbiolo1 | Linux (Ubuntu 22.04.3 LTS) | x86_64 | 4.4.0 (2024-04-24) -- "Puppy Cup" | 4748 |
| palomino3 | Windows Server 2022 Datacenter | x64 | 4.4.0 (2024-04-24 ucrt) -- "Puppy Cup" | 4484 |
| lconway | macOS 12.7.1 Monterey | x86_64 | 4.4.0 (2024-04-24) -- "Puppy Cup" | 4514 |
| kunpeng2 | Linux (openEuler 22.03 LTS-SP1) | aarch64 | 4.4.0 beta (2024-04-15 r86425) -- "Puppy Cup" | 4480 |
| Click on any hostname to see more info about the system (e.g. compilers) (*) as reported by 'uname -p', except on Windows and Mac OS X | ||||
| Package 413/2300 | Hostname | OS / Arch | INSTALL | BUILD | CHECK | BUILD BIN | ||||||||
| coMET 1.36.0 (landing page) Tiphaine Martin
| nebbiolo1 | Linux (Ubuntu 22.04.3 LTS) / x86_64 | OK | OK | ERROR | |||||||||
| palomino3 | Windows Server 2022 Datacenter / x64 | OK | OK | ERROR | OK | |||||||||
| lconway | macOS 12.7.1 Monterey / x86_64 | OK | OK | ERROR | OK | |||||||||
| kunpeng2 | Linux (openEuler 22.03 LTS-SP1) / aarch64 | OK | OK | WARNINGS | ||||||||||
| kjohnson3 | macOS 13.6.5 Ventura / arm64 | see weekly results here | ||||||||||||
|
To the developers/maintainers of the coMET package: - Allow up to 24 hours (and sometimes 48 hours) for your latest push to git@git.bioconductor.org:packages/coMET.git to reflect on this report. See Troubleshooting Build Report for more information. - Use the following Renviron settings to reproduce errors and warnings. - If 'R CMD check' started to fail recently on the Linux builder(s) over a missing dependency, add the missing dependency to 'Suggests:' in your DESCRIPTION file. See Renviron.bioc for more information. - See Martin Grigorov's blog post for how to debug Linux ARM64 related issues on a x86_64 host. |
| Package: coMET |
| Version: 1.36.0 |
| Command: /home/biocbuild/R/R-beta-2024-04-15_r86425/bin/R CMD check --install=check:coMET.install-out.txt --library=/home/biocbuild/R/R-beta-2024-04-15_r86425/site-library --no-vignettes --timings coMET_1.36.0.tar.gz |
| StartedAt: 2024-05-09 06:05:36 -0000 (Thu, 09 May 2024) |
| EndedAt: 2024-05-09 06:16:37 -0000 (Thu, 09 May 2024) |
| EllapsedTime: 661.2 seconds |
| RetCode: 0 |
| Status: WARNINGS |
| CheckDir: coMET.Rcheck |
| Warnings: 1 |
##############################################################################
##############################################################################
###
### Running command:
###
### /home/biocbuild/R/R-beta-2024-04-15_r86425/bin/R CMD check --install=check:coMET.install-out.txt --library=/home/biocbuild/R/R-beta-2024-04-15_r86425/site-library --no-vignettes --timings coMET_1.36.0.tar.gz
###
##############################################################################
##############################################################################
* using log directory ‘/home/biocbuild/bbs-3.19-bioc/meat/coMET.Rcheck’
* using R version 4.4.0 beta (2024-04-15 r86425)
* using platform: aarch64-unknown-linux-gnu
* R was compiled by
gcc (GCC) 10.3.1
GNU Fortran (GCC) 10.3.1
* running under: openEuler 22.03 (LTS-SP1)
* using session charset: UTF-8
* using option ‘--no-vignettes’
* checking for file ‘coMET/DESCRIPTION’ ... OK
* checking extension type ... Package
* this is package ‘coMET’ version ‘1.36.0’
* checking package namespace information ... OK
* checking package dependencies ... OK
* checking if this is a source package ... OK
* checking if there is a namespace ... OK
* checking for hidden files and directories ... OK
* checking for portable file names ... OK
* checking for sufficient/correct file permissions ... OK
* checking whether package ‘coMET’ can be installed ... WARNING
Found the following significant warnings:
Warning: replacing previous import 'utils::findMatches' by 'S4Vectors::findMatches' when loading 'coMET'
See ‘/home/biocbuild/bbs-3.19-bioc/meat/coMET.Rcheck/00install.out’ for details.
* checking installed package size ... NOTE
installed size is 19.0Mb
sub-directories of 1Mb or more:
data 7.6Mb
extdata 10.7Mb
* checking package directory ... OK
* checking ‘build’ directory ... OK
* checking DESCRIPTION meta-information ... OK
* checking top-level files ... NOTE
File
LICENSE
is not mentioned in the DESCRIPTION file.
* checking for left-over files ... OK
* checking index information ... OK
* checking package subdirectories ... OK
* checking code files for non-ASCII characters ... OK
* checking R files for syntax errors ... OK
* checking whether the package can be loaded ... OK
* checking whether the package can be loaded with stated dependencies ... OK
* checking whether the package can be unloaded cleanly ... OK
* checking whether the namespace can be loaded with stated dependencies ... OK
* checking whether the namespace can be unloaded cleanly ... OK
* checking loading without being on the library search path ... OK
* checking dependencies in R code ... OK
* checking S3 generic/method consistency ... OK
* checking replacement functions ... OK
* checking foreign function calls ... OK
* checking R code for possible problems ... NOTE
draw.plot.annotation : <anonymous>: no visible global function
definition for 'ggplotGrob'
draw.plot.annotation: no visible global function definition for
'viewTracks'
draw.plot.annotation: no visible global function definition for
'trackList'
eQTL: no visible binding for global variable 'chromosome_stop'
eQTL: no visible binding for global variable 'chromosome_start'
eQTL: no visible binding for global variable 'chromosome_name'
eQTL_GTEx: no visible binding for global variable 'snp_pos'
eQTL_GTEx: no visible binding for global variable 'snp_chrom'
eQTL_GTEx: no visible binding for global variable 'gene_start'
eQTL_GTEx: no visible binding for global variable 'gene_stop'
eQTL_GTEx: no visible binding for global variable 'gene_chr'
geneExpression_GTEx: no visible global function definition for 'as'
metQTL: no visible binding for global variable 'chromosome_stop'
metQTL: no visible binding for global variable 'chromosome_start'
metQTL: no visible binding for global variable 'chromosome_name'
pizza: no visible global function definition for 'par'
pizza: no visible global function definition for 'plot.new'
pizza: no visible global function definition for 'plot.window'
pizza: no visible global function definition for 'polygon'
pizza: no visible global function definition for 'lines'
pizza: no visible global function definition for 'text'
psiQTL_GTEx: no visible binding for global variable 'pos_snp'
psiQTL_GTEx: no visible binding for global variable 'chr_snp'
psiQTL_GTEx: no visible binding for global variable 'pos_middle_exon'
psiQTL_GTEx: no visible binding for global variable 'chr_exon'
Undefined global functions or variables:
as chr_exon chr_snp chromosome_name chromosome_start chromosome_stop
gene_chr gene_start gene_stop ggplotGrob lines par plot.new
plot.window polygon pos_middle_exon pos_snp snp_chrom snp_pos text
trackList viewTracks
Consider adding
importFrom("graphics", "lines", "par", "plot.new", "plot.window",
"polygon", "text")
importFrom("methods", "as")
to your NAMESPACE file (and ensure that your DESCRIPTION Imports field
contains 'methods').
* checking Rd files ... NOTE
checkRd: (-1) ChIPTF_ENCODE.Rd:36: Escaped LaTeX specials: \#
* checking Rd metadata ... OK
* checking Rd cross-references ... OK
* checking for missing documentation entries ... OK
* checking for code/documentation mismatches ... OK
* checking Rd \usage sections ... NOTE
Objects in \usage without \alias in Rd file 'check.configVar.cometlist.Rd':
‘check.configVar.cometlist’
Functions with \usage entries need to have the appropriate \alias
entries, and all their arguments documented.
The \usage entries must correspond to syntactically valid R code.
See chapter ‘Writing R documentation files’ in the ‘Writing R
Extensions’ manual.
* checking Rd contents ... OK
* checking for unstated dependencies in examples ... OK
* checking contents of ‘data’ directory ... OK
* checking data for non-ASCII characters ... OK
* checking data for ASCII and uncompressed saves ... OK
* checking files in ‘vignettes’ ... OK
* checking examples ... OK
Examples with CPU (user + system) or elapsed time > 5s
user system elapsed
comet.web 10.923 1.687 38.046
coMET-package 9.030 1.146 31.638
HistoneAll_UCSC 6.239 0.084 6.339
chromatinHMMAll_UCSC 6.276 0.020 6.313
imprintedGenes_GTEx 5.245 0.191 5.451
* checking for unstated dependencies in ‘tests’ ... OK
* checking tests ...
Running ‘runTests.R’
OK
* checking for unstated dependencies in vignettes ... OK
* checking package vignettes ... OK
* checking running R code from vignettes ... SKIPPED
* checking re-building of vignette outputs ... SKIPPED
* checking PDF version of manual ... OK
* DONE
Status: 1 WARNING, 5 NOTEs
See
‘/home/biocbuild/bbs-3.19-bioc/meat/coMET.Rcheck/00check.log’
for details.
coMET.Rcheck/00install.out
############################################################################## ############################################################################## ### ### Running command: ### ### /home/biocbuild/R/R-beta-2024-04-15_r86425/bin/R CMD INSTALL coMET ### ############################################################################## ############################################################################## * installing to library ‘/home/biocbuild/R/R-beta-2024-04-15_r86425/site-library’ * installing *source* package ‘coMET’ ... ** using staged installation ** R ** data ** inst ** byte-compile and prepare package for lazy loading Warning: replacing previous import 'utils::findMatches' by 'S4Vectors::findMatches' when loading 'coMET' ** help *** installing help indices ** building package indices ** installing vignettes ** testing if installed package can be loaded from temporary location Warning: replacing previous import 'utils::findMatches' by 'S4Vectors::findMatches' when loading 'coMET' ** testing if installed package can be loaded from final location Warning: replacing previous import 'utils::findMatches' by 'S4Vectors::findMatches' when loading 'coMET' ** testing if installed package keeps a record of temporary installation path * DONE (coMET)
coMET.Rcheck/tests/runTests.Rout
R version 4.4.0 beta (2024-04-15 r86425) -- "Puppy Cup"
Copyright (C) 2024 The R Foundation for Statistical Computing
Platform: aarch64-unknown-linux-gnu
R is free software and comes with ABSOLUTELY NO WARRANTY.
You are welcome to redistribute it under certain conditions.
Type 'license()' or 'licence()' for distribution details.
R is a collaborative project with many contributors.
Type 'contributors()' for more information and
'citation()' on how to cite R or R packages in publications.
Type 'demo()' for some demos, 'help()' for on-line help, or
'help.start()' for an HTML browser interface to help.
Type 'q()' to quit R.
> require("coMET") || stop("unable to load Package:coMET")
Loading required package: coMET
Loading required package: grid
Loading required package: biomaRt
Loading required package: Gviz
Loading required package: S4Vectors
Loading required package: stats4
Loading required package: BiocGenerics
Attaching package: 'BiocGenerics'
The following objects are masked from 'package:stats':
IQR, mad, sd, var, xtabs
The following objects are masked from 'package:base':
Filter, Find, Map, Position, Reduce, anyDuplicated, aperm, append,
as.data.frame, basename, cbind, colnames, dirname, do.call,
duplicated, eval, evalq, get, grep, grepl, intersect, is.unsorted,
lapply, mapply, match, mget, order, paste, pmax, pmax.int, pmin,
pmin.int, rank, rbind, rownames, sapply, setdiff, table, tapply,
union, unique, unsplit, which.max, which.min
Attaching package: 'S4Vectors'
The following object is masked from 'package:utils':
findMatches
The following objects are masked from 'package:base':
I, expand.grid, unname
Loading required package: IRanges
Loading required package: GenomicRanges
Loading required package: GenomeInfoDb
Loading required package: psych
Attaching package: 'psych'
The following object is masked from 'package:GenomicRanges':
distance
The following objects are masked from 'package:IRanges':
distance, reflect
[1] TRUE
Warning message:
replacing previous import 'utils::findMatches' by 'S4Vectors::findMatches' when loading 'coMET'
> BiocGenerics:::testPackage("coMET")
RUNIT TEST PROTOCOL -- Thu May 9 06:16:32 2024
***********************************************
Number of test functions: 1
Number of errors: 0
Number of failures: 0
1 Test Suite :
coMET RUnit Tests - 1 test function, 0 errors, 0 failures
Number of test functions: 1
Number of errors: 0
Number of failures: 0
>
> proc.time()
user system elapsed
20.185 1.104 21.326
coMET.Rcheck/coMET-Ex.timings
| name | user | system | elapsed | |
| COSMIC_UCSC | 2.485 | 0.108 | 2.599 | |
| ChIPTF_ENCODE | 1.054 | 0.032 | 1.089 | |
| ClinVarCnv_UCSC | 0.583 | 0.020 | 0.604 | |
| ClinVarMain_UCSC | 0.612 | 0.000 | 0.614 | |
| CoreillCNV_UCSC | 0.607 | 0.000 | 0.609 | |
| DNAse_UCSC | 0.001 | 0.000 | 0.001 | |
| DNaseI_FANTOM | 0.852 | 0.012 | 0.866 | |
| DNaseI_RoadMap | 0.269 | 0.000 | 0.270 | |
| GAD_UCSC | 0.631 | 0.000 | 0.632 | |
| GWAScatalog_UCSC | 0.526 | 0.004 | 0.531 | |
| GeneReviews_UCSC | 0.794 | 0.004 | 0.801 | |
| HiCdata2matrix | 0.033 | 0.004 | 0.037 | |
| HistoneAll_UCSC | 6.239 | 0.084 | 6.339 | |
| HistoneOne_UCSC | 0.523 | 0.000 | 0.525 | |
| ISCA_UCSC | 0.637 | 0.000 | 0.639 | |
| TFBS_FANTOM | 0.603 | 0.000 | 0.604 | |
| bindingMotifsBiomart_ENSEMBL | 0.199 | 0.008 | 0.208 | |
| chrUCSC2ENSEMBL | 0 | 0 | 0 | |
| chromHMM_RoadMap | 0.989 | 0.028 | 1.019 | |
| chromatinHMMAll_UCSC | 6.276 | 0.020 | 6.313 | |
| chromatinHMMOne_UCSC | 0.631 | 0.004 | 0.637 | |
| coMET-package | 9.030 | 1.146 | 31.638 | |
| col2HSV | 0.001 | 0.000 | 0.001 | |
| comet | 4.232 | 0.192 | 4.433 | |
| comet.list | 1.148 | 0.067 | 1.221 | |
| comet.web | 10.923 | 1.687 | 38.046 | |
| complementary | 0.032 | 0.004 | 0.035 | |
| cpgIslands_UCSC | 0.218 | 0.032 | 0.250 | |
| dgfootprints_RoadMap | 1.092 | 0.103 | 1.198 | |
| eQTL | 2.320 | 0.296 | 2.621 | |
| eQTL_GTEx | 1.915 | 0.231 | 2.153 | |
| gcContent_UCSC | 1.753 | 0.268 | 2.026 | |
| genesName_ENSEMBL | 0.003 | 0.000 | 0.003 | |
| genes_ENSEMBL | 1.170 | 0.024 | 1.197 | |
| imprintedGenes_GTEx | 5.245 | 0.191 | 5.451 | |
| interestGenes_ENSEMBL | 0.986 | 0.032 | 1.020 | |
| interestTranscript_ENSEMBL | 1.178 | 0.024 | 1.205 | |
| knownGenes_UCSC | 1.349 | 0.012 | 1.363 | |
| metQTL | 1.871 | 0.035 | 1.911 | |
| miRNATargetRegionsBiomart_ENSEMBL | 0.071 | 0.007 | 0.079 | |
| otherRegulatoryRegionsBiomart_ENSEMBL | 0.146 | 0.009 | 0.154 | |
| pizza | 0.009 | 0.000 | 0.009 | |
| psiQTL_GTEx | 1.643 | 0.015 | 1.662 | |
| refGenes_UCSC | 1.363 | 0.009 | 1.374 | |
| regulationBiomart_ENSEMBL | 0.494 | 0.003 | 0.498 | |
| regulatoryEvidenceBiomart_ENSEMBL | 0.202 | 0.000 | 0.202 | |
| regulatoryFeaturesBiomart_ENSEMBL | 0.228 | 0.007 | 0.236 | |
| regulatorySegmentsBiomart_ENSEMBL | 0.204 | 0.008 | 0.212 | |
| repeatMasker_UCSC | 0.744 | 0.003 | 0.750 | |
| segmentalDups_UCSC | 0.590 | 0.044 | 0.636 | |
| setColors | 0.001 | 0.000 | 0.001 | |
| snpBiomart_ENSEMBL | 0.602 | 0.040 | 0.643 | |
| snpLocations_UCSC | 1.659 | 0.024 | 1.687 | |
| structureBiomart_ENSEMBL | 0.644 | 0.000 | 0.644 | |
| transcript_ENSEMBL | 1.840 | 0.008 | 1.852 | |
| xenorefGenes_UCSC | 0.848 | 0.012 | 0.861 | |