| Back to Multiple platform build/check report for BioC 3.19: simplified long | 
 | 
This page was generated on 2024-05-08 11:41:30 -0400 (Wed, 08 May 2024).
| Hostname | OS | Arch (*) | R version | Installed pkgs | 
|---|---|---|---|---|
| nebbiolo1 | Linux (Ubuntu 22.04.3 LTS) | x86_64 | 4.4.0 (2024-04-24) -- "Puppy Cup" | 4707 | 
| palomino3 | Windows Server 2022 Datacenter | x64 | 4.4.0 (2024-04-24 ucrt) -- "Puppy Cup" | 4484 | 
| lconway | macOS 12.7.1 Monterey | x86_64 | 4.4.0 (2024-04-24) -- "Puppy Cup" | 4514 | 
| kunpeng2 | Linux (openEuler 22.03 LTS-SP1) | aarch64 | 4.4.0 beta (2024-04-15 r86425) -- "Puppy Cup" | 4480 | 
| Click on any hostname to see more info about the system (e.g. compilers) (*) as reported by 'uname -p', except on Windows and Mac OS X | ||||
| Package 2174/2300 | Hostname | OS / Arch | INSTALL | BUILD | CHECK | BUILD BIN | ||||||||
| Jialin Ma 
 | nebbiolo1 | Linux (Ubuntu 22.04.3 LTS) / x86_64 | OK | OK | ERROR | |||||||||
| palomino3 | Windows Server 2022 Datacenter / x64 | OK | OK | ERROR | OK | |||||||||
| lconway | macOS 12.7.1 Monterey / x86_64 | OK | OK | ERROR | OK | |||||||||
| kunpeng2 | Linux (openEuler 22.03 LTS-SP1) / aarch64 | OK | OK | ERROR | ||||||||||
| kjohnson3 | macOS 13.6.5 Ventura / arm64 | see weekly results here | ||||||||||||
| To the developers/maintainers of the TnT package: - Allow up to 24 hours (and sometimes 48 hours) for your latest push to git@git.bioconductor.org:packages/TnT.git to reflect on this report. See Troubleshooting Build Report for more information. - Use the following Renviron settings to reproduce errors and warnings. - If 'R CMD check' started to fail recently on the Linux builder(s) over a missing dependency, add the missing dependency to 'Suggests:' in your DESCRIPTION file. See Renviron.bioc for more information. - See Martin Grigorov's blog post for how to debug Linux ARM64 related issues on a x86_64 host. | 
| Package: TnT | 
| Version: 1.26.0 | 
| Command: /home/biocbuild/R/R-beta-2024-04-15_r86425/bin/R CMD check --install=check:TnT.install-out.txt --library=/home/biocbuild/R/R-beta-2024-04-15_r86425/site-library --no-vignettes --timings TnT_1.26.0.tar.gz | 
| StartedAt: 2024-05-08 12:46:11 -0000 (Wed, 08 May 2024) | 
| EndedAt: 2024-05-08 12:48:11 -0000 (Wed, 08 May 2024) | 
| EllapsedTime: 120.3 seconds | 
| RetCode: 1 | 
| Status: ERROR | 
| CheckDir: TnT.Rcheck | 
| Warnings: NA | 
##############################################################################
##############################################################################
###
### Running command:
###
###   /home/biocbuild/R/R-beta-2024-04-15_r86425/bin/R CMD check --install=check:TnT.install-out.txt --library=/home/biocbuild/R/R-beta-2024-04-15_r86425/site-library --no-vignettes --timings TnT_1.26.0.tar.gz
###
##############################################################################
##############################################################################
* using log directory ‘/home/biocbuild/bbs-3.19-bioc/meat/TnT.Rcheck’
* using R version 4.4.0 beta (2024-04-15 r86425)
* using platform: aarch64-unknown-linux-gnu
* R was compiled by
    gcc (GCC) 10.3.1
    GNU Fortran (GCC) 10.3.1
* running under: openEuler 22.03 (LTS-SP1)
* using session charset: UTF-8
* using option ‘--no-vignettes’
* checking for file ‘TnT/DESCRIPTION’ ... OK
* this is package ‘TnT’ version ‘1.26.0’
* package encoding: UTF-8
* checking package namespace information ... OK
* checking package dependencies ... OK
* checking if this is a source package ... OK
* checking if there is a namespace ... OK
* checking for hidden files and directories ... OK
* checking for portable file names ... OK
* checking for sufficient/correct file permissions ... OK
* checking whether package ‘TnT’ can be installed ... OK
* checking installed package size ... OK
* checking package directory ... OK
* checking ‘build’ directory ... OK
* checking DESCRIPTION meta-information ... OK
* checking top-level files ... OK
* checking for left-over files ... OK
* checking index information ... OK
* checking package subdirectories ... OK
* checking code files for non-ASCII characters ... OK
* checking R files for syntax errors ... OK
* checking whether the package can be loaded ... OK
* checking whether the package can be loaded with stated dependencies ... OK
* checking whether the package can be unloaded cleanly ... OK
* checking whether the namespace can be loaded with stated dependencies ... OK
* checking whether the namespace can be unloaded cleanly ... OK
* checking loading without being on the library search path ... OK
* checking whether startup messages can be suppressed ... OK
* checking dependencies in R code ... OK
* checking S3 generic/method consistency ... OK
* checking replacement functions ... OK
* checking foreign function calls ... OK
* checking R code for possible problems ... OK
* checking Rd files ... OK
* checking Rd metadata ... OK
* checking Rd cross-references ... OK
* checking for missing documentation entries ... OK
* checking for code/documentation mismatches ... OK
* checking Rd \usage sections ... OK
* checking Rd contents ... OK
* checking for unstated dependencies in examples ... OK
* checking files in ‘vignettes’ ... OK
* checking examples ... ERROR
Running examples in ‘TnT-Ex.R’ failed
The error most likely occurred in:
> base::assign(".ptime", proc.time(), pos = "CheckExEnv")
> ### Name: seqinfo
> ### Title: Seqinfo of TnTTrack and TnTBoard
> ### Aliases: seqinfo seqinfo<-,RangeBasedTrack-method
> ###   seqinfo,RangeBasedTrack-method seqlevelsInUse,RangeBasedTrack-method
> ###   seqinfo,TnTBoard-method seqinfo,CompositeTrack-method
> ###   seqinfo<-,CompositeTrack-method seqlevelsInUse,CompositeTrack-method
> 
> ### ** Examples
> 
> btrack1 <- BlockTrack(GRanges("chr1", IRanges(1, 123)))
> btrack2 <- BlockTrack(GRanges("chr2", IRanges(3, 599)))
> ctrack <- merge(btrack1, btrack2)
Warning in .merge_two_Seqinfo_objects(x, y) :
  The 2 combined objects have no sequence levels in common. (Use
  suppressWarnings() to suppress this warning.)
Error in .mergeSpec(tracklist) : is.atomic(backgrounds) is not TRUE
Calls: merge ... merge_tracklist -> .merge_tracklist -> .mergeSpec -> stopifnot
Execution halted
* checking for unstated dependencies in ‘tests’ ... OK
* checking tests ...
  Running ‘testthat.R’
 ERROR
Running the tests in ‘tests/testthat.R’ failed.
Last 13 lines of output:
    1. ├─testthat::expect_warning(ct <- merge(bt, bt2), "no sequence levels in common") at test-seqinfo.R:17:5
    2. │ └─testthat:::quasi_capture(...)
    3. │   ├─testthat (local) .capture(...)
    4. │   │ └─base::withCallingHandlers(...)
    5. │   └─rlang::eval_bare(quo_get_expr(.quo), quo_get_env(.quo))
    6. ├─base::merge(bt, bt2)
    7. └─TnT::merge(bt, bt2)
    8.   └─TnT:::merge_tracklist(tracklist)
    9.     └─TnT (local) .merge_tracklist(tracklist)
   10.       └─TnT (local) .mergeSpec(tracklist)
   11.         └─base::stopifnot(is.atomic(labels), is.atomic(heights), is.atomic(backgrounds))
  
  [ FAIL 1 | WARN 0 | SKIP 0 | PASS 30 ]
  Error: Test failures
  Execution halted
* checking for unstated dependencies in vignettes ... OK
* checking package vignettes ... OK
* checking running R code from vignettes ... SKIPPED
* checking re-building of vignette outputs ... SKIPPED
* checking PDF version of manual ... OK
* DONE
Status: 2 ERRORs
See
  ‘/home/biocbuild/bbs-3.19-bioc/meat/TnT.Rcheck/00check.log’
for details.
TnT.Rcheck/00install.out
############################################################################## ############################################################################## ### ### Running command: ### ### /home/biocbuild/R/R-beta-2024-04-15_r86425/bin/R CMD INSTALL TnT ### ############################################################################## ############################################################################## * installing to library ‘/home/biocbuild/R/R-beta-2024-04-15_r86425/site-library’ * installing *source* package ‘TnT’ ... ** using staged installation ** R ** inst ** byte-compile and prepare package for lazy loading ** help *** installing help indices ** building package indices ** installing vignettes ** testing if installed package can be loaded from temporary location Warning in fun(libname, pkgname) : Package 'TnT' is deprecated and will be removed from Bioconductor version 3.20 ** testing if installed package can be loaded from final location Warning in fun(libname, pkgname) : Package 'TnT' is deprecated and will be removed from Bioconductor version 3.20 ** testing if installed package keeps a record of temporary installation path * DONE (TnT)
TnT.Rcheck/tests/testthat.Rout.fail
R version 4.4.0 beta (2024-04-15 r86425) -- "Puppy Cup"
Copyright (C) 2024 The R Foundation for Statistical Computing
Platform: aarch64-unknown-linux-gnu
R is free software and comes with ABSOLUTELY NO WARRANTY.
You are welcome to redistribute it under certain conditions.
Type 'license()' or 'licence()' for distribution details.
R is a collaborative project with many contributors.
Type 'contributors()' for more information and
'citation()' on how to cite R or R packages in publications.
Type 'demo()' for some demos, 'help()' for on-line help, or
'help.start()' for an HTML browser interface to help.
Type 'q()' to quit R.
> library(testthat)
> library(TnT)
Loading required package: GenomicRanges
Loading required package: stats4
Loading required package: BiocGenerics
Attaching package: 'BiocGenerics'
The following objects are masked from 'package:stats':
    IQR, mad, sd, var, xtabs
The following objects are masked from 'package:base':
    Filter, Find, Map, Position, Reduce, anyDuplicated, aperm, append,
    as.data.frame, basename, cbind, colnames, dirname, do.call,
    duplicated, eval, evalq, get, grep, grepl, intersect, is.unsorted,
    lapply, mapply, match, mget, order, paste, pmax, pmax.int, pmin,
    pmin.int, rank, rbind, rownames, sapply, setdiff, table, tapply,
    union, unique, unsplit, which.max, which.min
Loading required package: S4Vectors
Attaching package: 'S4Vectors'
The following object is masked from 'package:utils':
    findMatches
The following objects are masked from 'package:base':
    I, expand.grid, unname
Loading required package: IRanges
Loading required package: GenomeInfoDb
Warning message:
In fun(libname, pkgname) :
  Package 'TnT' is deprecated and will be removed from Bioconductor
  version 3.20
> 
> test_check("TnT")
[ FAIL 1 | WARN 0 | SKIP 0 | PASS 30 ]
══ Failed tests ════════════════════════════════════════════════════════════════
── Error ('test-seqinfo.R:17:5'): seqinfo of CompositeTrack ────────────────────
Error in `.mergeSpec(tracklist)`: is.atomic(backgrounds) is not TRUE
Backtrace:
     ▆
  1. ├─testthat::expect_warning(ct <- merge(bt, bt2), "no sequence levels in common") at test-seqinfo.R:17:5
  2. │ └─testthat:::quasi_capture(...)
  3. │   ├─testthat (local) .capture(...)
  4. │   │ └─base::withCallingHandlers(...)
  5. │   └─rlang::eval_bare(quo_get_expr(.quo), quo_get_env(.quo))
  6. ├─base::merge(bt, bt2)
  7. └─TnT::merge(bt, bt2)
  8.   └─TnT:::merge_tracklist(tracklist)
  9.     └─TnT (local) .merge_tracklist(tracklist)
 10.       └─TnT (local) .mergeSpec(tracklist)
 11.         └─base::stopifnot(is.atomic(labels), is.atomic(heights), is.atomic(backgrounds))
[ FAIL 1 | WARN 0 | SKIP 0 | PASS 30 ]
Error: Test failures
Execution halted
TnT.Rcheck/TnT-Ex.timings
| name | user | system | elapsed | |
| TnT-shiny | 0.273 | 0.028 | 0.303 | |
| composite-track | 0.383 | 0.000 | 0.384 | |
| knit_print.TnTBoard | 0.08 | 0.00 | 0.08 | |
| mapcol | 0.003 | 0.000 | 0.002 | |
| saveTnT | 0.708 | 0.033 | 0.756 | |