| Back to Multiple platform build/check report for BioC 3.19: simplified long |
|
This page was generated on 2024-10-18 20:38 -0400 (Fri, 18 Oct 2024).
| Hostname | OS | Arch (*) | R version | Installed pkgs |
|---|---|---|---|---|
| nebbiolo1 | Linux (Ubuntu 22.04.3 LTS) | x86_64 | 4.4.1 (2024-06-14) -- "Race for Your Life" | 4763 |
| palomino7 | Windows Server 2022 Datacenter | x64 | 4.4.1 (2024-06-14 ucrt) -- "Race for Your Life" | 4500 |
| merida1 | macOS 12.7.5 Monterey | x86_64 | 4.4.1 (2024-06-14) -- "Race for Your Life" | 4530 |
| kjohnson1 | macOS 13.6.6 Ventura | arm64 | 4.4.1 (2024-06-14) -- "Race for Your Life" | 4480 |
| Click on any hostname to see more info about the system (e.g. compilers) (*) as reported by 'uname -p', except on Windows and Mac OS X | ||||
| Package 1844/2300 | Hostname | OS / Arch | INSTALL | BUILD | CHECK | BUILD BIN | ||||||||
| RUVcorr 1.36.0 (landing page) Saskia Freytag
| nebbiolo1 | Linux (Ubuntu 22.04.3 LTS) / x86_64 | OK | OK | WARNINGS | |||||||||
| palomino7 | Windows Server 2022 Datacenter / x64 | OK | OK | WARNINGS | OK | |||||||||
| merida1 | macOS 12.7.5 Monterey / x86_64 | OK | OK | WARNINGS | OK | |||||||||
| kjohnson1 | macOS 13.6.6 Ventura / arm64 | OK | OK | WARNINGS | OK | |||||||||
|
To the developers/maintainers of the RUVcorr package: - Allow up to 24 hours (and sometimes 48 hours) for your latest push to git@git.bioconductor.org:packages/RUVcorr.git to reflect on this report. See Troubleshooting Build Report for more information. - Use the following Renviron settings to reproduce errors and warnings. - If 'R CMD check' started to fail recently on the Linux builder(s) over a missing dependency, add the missing dependency to 'Suggests:' in your DESCRIPTION file. See Renviron.bioc for more information. |
| Package: RUVcorr |
| Version: 1.36.0 |
| Command: /home/biocbuild/bbs-3.19-bioc/R/bin/R CMD check --install=check:RUVcorr.install-out.txt --library=/home/biocbuild/bbs-3.19-bioc/R/site-library --timings RUVcorr_1.36.0.tar.gz |
| StartedAt: 2024-10-17 04:38:06 -0400 (Thu, 17 Oct 2024) |
| EndedAt: 2024-10-17 04:39:30 -0400 (Thu, 17 Oct 2024) |
| EllapsedTime: 83.2 seconds |
| RetCode: 0 |
| Status: WARNINGS |
| CheckDir: RUVcorr.Rcheck |
| Warnings: 1 |
##############################################################################
##############################################################################
###
### Running command:
###
### /home/biocbuild/bbs-3.19-bioc/R/bin/R CMD check --install=check:RUVcorr.install-out.txt --library=/home/biocbuild/bbs-3.19-bioc/R/site-library --timings RUVcorr_1.36.0.tar.gz
###
##############################################################################
##############################################################################
* using log directory ‘/home/biocbuild/bbs-3.19-bioc/meat/RUVcorr.Rcheck’
* using R version 4.4.1 (2024-06-14)
* using platform: x86_64-pc-linux-gnu
* R was compiled by
gcc (Ubuntu 11.4.0-1ubuntu1~22.04) 11.4.0
GNU Fortran (Ubuntu 11.4.0-1ubuntu1~22.04) 11.4.0
* running under: Ubuntu 22.04.5 LTS
* using session charset: UTF-8
* checking for file ‘RUVcorr/DESCRIPTION’ ... OK
* checking extension type ... Package
* this is package ‘RUVcorr’ version ‘1.36.0’
* checking package namespace information ... NOTE
Found export directives that require package ‘methods’:
‘exportClasses’ ‘exportMethods’
Remove all such namespace directives (if obsolete) or ensure that the
DESCRIPTION Depends or Imports field contains ‘methods’.
* checking package dependencies ... OK
* checking if this is a source package ... OK
* checking if there is a namespace ... OK
* checking for hidden files and directories ... OK
* checking for portable file names ... OK
* checking for sufficient/correct file permissions ... OK
* checking whether package ‘RUVcorr’ can be installed ... OK
* checking installed package size ... OK
* checking package directory ... OK
* checking ‘build’ directory ... OK
* checking DESCRIPTION meta-information ... OK
* checking top-level files ... OK
* checking for left-over files ... OK
* checking index information ... OK
* checking package subdirectories ... OK
* checking code files for non-ASCII characters ... OK
* checking R files for syntax errors ... OK
* checking whether the package can be loaded ... OK
* checking whether the package can be loaded with stated dependencies ... OK
* checking whether the package can be unloaded cleanly ... OK
* checking whether the namespace can be loaded with stated dependencies ... WARNING
Warning: S4 exports specified in 'NAMESPACE' but not defined in package ‘RUVcorr’
* checking whether the namespace can be unloaded cleanly ... OK
* checking loading without being on the library search path ... OK
* checking dependencies in R code ... OK
* checking S3 generic/method consistency ... OK
* checking replacement functions ... OK
* checking foreign function calls ... OK
* checking R code for possible problems ... OK
* checking Rd files ... NOTE
checkRd: (-1) calculateThreshold.Rd:48: Lost braces in \itemize; \value handles \item{}{} directly
checkRd: (-1) calculateThreshold.Rd:49: Lost braces in \itemize; \value handles \item{}{} directly
checkRd: (-1) calculateThreshold.Rd:50: Lost braces in \itemize; \value handles \item{}{} directly
checkRd: (-1) findWeights.Rd:21: Lost braces in \itemize; \value handles \item{}{} directly
checkRd: (-1) findWeights.Rd:22: Lost braces in \itemize; \value handles \item{}{} directly
checkRd: (-1) simulateGEdata.Rd:54: Lost braces in \itemize; \value handles \item{}{} directly
checkRd: (-1) simulateGEdata.Rd:55: Lost braces in \itemize; \value handles \item{}{} directly
checkRd: (-1) simulateGEdata.Rd:56: Lost braces in \itemize; \value handles \item{}{} directly
checkRd: (-1) simulateGEdata.Rd:57: Lost braces in \itemize; \value handles \item{}{} directly
checkRd: (-1) simulateGEdata.Rd:58: Lost braces in \itemize; \value handles \item{}{} directly
* checking Rd metadata ... OK
* checking Rd cross-references ... OK
* checking for missing documentation entries ... OK
* checking for code/documentation mismatches ... OK
* checking Rd \usage sections ... NOTE
Documented arguments not in \usage in Rd file 'findIQR.Rd':
‘Vector’
Functions with \usage entries need to have the appropriate \alias
entries, and all their arguments documented.
The \usage entries must correspond to syntactically valid R code.
See chapter ‘Writing R documentation files’ in the ‘Writing R
Extensions’ manual.
* checking Rd contents ... OK
* checking for unstated dependencies in examples ... OK
* checking files in ‘vignettes’ ... OK
* checking examples ... OK
* checking for unstated dependencies in vignettes ... OK
* checking package vignettes ... OK
* checking re-building of vignette outputs ... OK
* checking PDF version of manual ... OK
* DONE
Status: 1 WARNING, 3 NOTEs
See
‘/home/biocbuild/bbs-3.19-bioc/meat/RUVcorr.Rcheck/00check.log’
for details.
RUVcorr.Rcheck/00install.out
############################################################################## ############################################################################## ### ### Running command: ### ### /home/biocbuild/bbs-3.19-bioc/R/bin/R CMD INSTALL RUVcorr ### ############################################################################## ############################################################################## * installing to library ‘/home/biocbuild/bbs-3.19-bioc/R/site-library’ * installing *source* package ‘RUVcorr’ ... ** using staged installation ** R ** inst ** byte-compile and prepare package for lazy loading ** help *** installing help indices ** building package indices ** installing vignettes ** testing if installed package can be loaded from temporary location ** testing if installed package can be loaded from final location ** testing if installed package keeps a record of temporary installation path * DONE (RUVcorr)
RUVcorr.Rcheck/RUVcorr-Ex.timings
| name | user | system | elapsed | |
| ECDFPlot | 0.671 | 0.015 | 0.686 | |
| PCAPlot | 1.503 | 0.035 | 1.539 | |
| RLEPlot | 1.238 | 0.029 | 1.266 | |
| RUVNaiveRidge | 0.447 | 0.000 | 0.449 | |
| assessQuality | 0.077 | 0.000 | 0.076 | |
| background | 0.064 | 0.001 | 0.065 | |
| calculateThreshold | 1.210 | 0.021 | 1.232 | |
| compareRanks | 0.688 | 0.012 | 0.700 | |
| correlationPlot | 0.097 | 0.004 | 0.100 | |
| eigenvaluePlot | 0.236 | 0.000 | 0.236 | |
| empNegativeControls | 0.214 | 0.027 | 0.241 | |
| findWeights | 0.276 | 0.008 | 0.283 | |
| genePlot | 0.157 | 0.000 | 0.157 | |
| histogramPlot | 0.264 | 0.004 | 0.268 | |
| is.optimizeParameters | 0 | 0 | 0 | |
| is.simulateGEdata | 0 | 0 | 0 | |
| optimizeParameters | 1.297 | 0.007 | 1.304 | |
| plot.optimizeParameters | 1.680 | 0.012 | 1.696 | |
| plotDesign | 0.547 | 0.024 | 0.573 | |
| plotThreshold | 1.075 | 0.011 | 1.088 | |
| print.simulateGEdata | 0 | 0 | 0 | |
| prioritise | 0.299 | 0.011 | 0.311 | |
| simulateGEdata | 0.315 | 0.003 | 0.319 | |
| wcor | 0.281 | 0.007 | 0.289 | |