| Back to Multiple platform build/check report for BioC 3.19: simplified long |
|
This page was generated on 2024-10-18 20:38 -0400 (Fri, 18 Oct 2024).
| Hostname | OS | Arch (*) | R version | Installed pkgs |
|---|---|---|---|---|
| nebbiolo1 | Linux (Ubuntu 22.04.3 LTS) | x86_64 | 4.4.1 (2024-06-14) -- "Race for Your Life" | 4763 |
| palomino7 | Windows Server 2022 Datacenter | x64 | 4.4.1 (2024-06-14 ucrt) -- "Race for Your Life" | 4500 |
| merida1 | macOS 12.7.5 Monterey | x86_64 | 4.4.1 (2024-06-14) -- "Race for Your Life" | 4530 |
| kjohnson1 | macOS 13.6.6 Ventura | arm64 | 4.4.1 (2024-06-14) -- "Race for Your Life" | 4480 |
| Click on any hostname to see more info about the system (e.g. compilers) (*) as reported by 'uname -p', except on Windows and Mac OS X | ||||
| Package 1777/2300 | Hostname | OS / Arch | INSTALL | BUILD | CHECK | BUILD BIN | ||||||||
| RITAN 1.28.0 (landing page) Michael Zimmermann
| nebbiolo1 | Linux (Ubuntu 22.04.3 LTS) / x86_64 | OK | OK | WARNINGS | |||||||||
| palomino7 | Windows Server 2022 Datacenter / x64 | OK | OK | WARNINGS | OK | |||||||||
| merida1 | macOS 12.7.5 Monterey / x86_64 | OK | OK | WARNINGS | OK | |||||||||
| kjohnson1 | macOS 13.6.6 Ventura / arm64 | OK | OK | WARNINGS | OK | |||||||||
|
To the developers/maintainers of the RITAN package: - Allow up to 24 hours (and sometimes 48 hours) for your latest push to git@git.bioconductor.org:packages/RITAN.git to reflect on this report. See Troubleshooting Build Report for more information. - Use the following Renviron settings to reproduce errors and warnings. - If 'R CMD check' started to fail recently on the Linux builder(s) over a missing dependency, add the missing dependency to 'Suggests:' in your DESCRIPTION file. See Renviron.bioc for more information. |
| Package: RITAN |
| Version: 1.28.0 |
| Command: /home/biocbuild/bbs-3.19-bioc/R/bin/R CMD check --install=check:RITAN.install-out.txt --library=/home/biocbuild/bbs-3.19-bioc/R/site-library --timings RITAN_1.28.0.tar.gz |
| StartedAt: 2024-10-17 04:24:56 -0400 (Thu, 17 Oct 2024) |
| EndedAt: 2024-10-17 04:31:26 -0400 (Thu, 17 Oct 2024) |
| EllapsedTime: 390.9 seconds |
| RetCode: 0 |
| Status: WARNINGS |
| CheckDir: RITAN.Rcheck |
| Warnings: 1 |
##############################################################################
##############################################################################
###
### Running command:
###
### /home/biocbuild/bbs-3.19-bioc/R/bin/R CMD check --install=check:RITAN.install-out.txt --library=/home/biocbuild/bbs-3.19-bioc/R/site-library --timings RITAN_1.28.0.tar.gz
###
##############################################################################
##############################################################################
* using log directory ‘/home/biocbuild/bbs-3.19-bioc/meat/RITAN.Rcheck’
* using R version 4.4.1 (2024-06-14)
* using platform: x86_64-pc-linux-gnu
* R was compiled by
gcc (Ubuntu 11.4.0-1ubuntu1~22.04) 11.4.0
GNU Fortran (Ubuntu 11.4.0-1ubuntu1~22.04) 11.4.0
* running under: Ubuntu 22.04.5 LTS
* using session charset: UTF-8
* checking for file ‘RITAN/DESCRIPTION’ ... OK
* checking extension type ... Package
* this is package ‘RITAN’ version ‘1.28.0’
* checking package namespace information ... OK
* checking package dependencies ... OK
* checking if this is a source package ... OK
* checking if there is a namespace ... OK
* checking for hidden files and directories ... OK
* checking for portable file names ... OK
* checking for sufficient/correct file permissions ... OK
* checking whether package ‘RITAN’ can be installed ... WARNING
Found the following significant warnings:
Warning: replacing previous import 'ensembldb::keys' by 'hash::keys' when loading 'RITAN'
Warning: replacing previous import 'ensembldb::filter' by 'stats::filter' when loading 'RITAN'
See ‘/home/biocbuild/bbs-3.19-bioc/meat/RITAN.Rcheck/00install.out’ for details.
* checking installed package size ... OK
* checking package directory ... OK
* checking ‘build’ directory ... OK
* checking DESCRIPTION meta-information ... NOTE
Package listed in more than one of Depends, Imports, Suggests, Enhances:
‘BgeeDB’
A package should be listed in only one of these fields.
* checking top-level files ... OK
* checking for left-over files ... OK
* checking index information ... OK
* checking package subdirectories ... OK
* checking code files for non-ASCII characters ... OK
* checking R files for syntax errors ... OK
* checking whether the package can be loaded ... OK
* checking whether the package can be loaded with stated dependencies ... OK
* checking whether the package can be unloaded cleanly ... OK
* checking whether the namespace can be loaded with stated dependencies ... OK
* checking whether the namespace can be unloaded cleanly ... OK
* checking loading without being on the library search path ... OK
* checking dependencies in R code ... NOTE
Namespaces in Imports field not imported from:
'BgeeDB' 'knitr'
All declared Imports should be used.
* checking S3 generic/method consistency ... OK
* checking replacement functions ... OK
* checking foreign function calls ... OK
* checking R code for possible problems ... NOTE
enrichment_symbols: no visible binding for global variable
'active_genesets'
icon_dual_between: no visible binding for global variable 'all_symbols'
icon_single_within: no visible binding for global variable
'all_symbols'
load_geneset_symbols: no visible binding for global variable
'geneset_list'
load_geneset_symbols: no visible binding for global variable
'active_genesets'
plot.term_enrichment_by_subset: no visible binding for global variable
'Var2'
plot.term_enrichment_by_subset: no visible binding for global variable
'Var1'
show_active_genesets_hist: no visible binding for global variable
'active_genesets'
term_enrichment : process_source: no visible binding for global
variable 'active_genesets'
Undefined global functions or variables:
Var1 Var2 active_genesets all_symbols geneset_list
* checking Rd files ... OK
* checking Rd metadata ... OK
* checking Rd cross-references ... OK
* checking for missing documentation entries ... OK
* checking for code/documentation mismatches ... OK
* checking Rd \usage sections ... OK
* checking Rd contents ... OK
* checking for unstated dependencies in examples ... OK
* checking contents of ‘data’ directory ... OK
* checking data for non-ASCII characters ... OK
* checking LazyData ... OK
* checking data for ASCII and uncompressed saves ... OK
* checking files in ‘vignettes’ ... OK
* checking examples ... OK
* checking for unstated dependencies in vignettes ... OK
* checking package vignettes ... OK
* checking re-building of vignette outputs ... OK
* checking PDF version of manual ... OK
* DONE
Status: 1 WARNING, 3 NOTEs
See
‘/home/biocbuild/bbs-3.19-bioc/meat/RITAN.Rcheck/00check.log’
for details.
RITAN.Rcheck/00install.out
############################################################################## ############################################################################## ### ### Running command: ### ### /home/biocbuild/bbs-3.19-bioc/R/bin/R CMD INSTALL RITAN ### ############################################################################## ############################################################################## * installing to library ‘/home/biocbuild/bbs-3.19-bioc/R/site-library’ * installing *source* package ‘RITAN’ ... ** using staged installation ** R ** data *** moving datasets to lazyload DB ** inst ** byte-compile and prepare package for lazy loading Warning: replacing previous import 'ensembldb::keys' by 'hash::keys' when loading 'RITAN' Warning: replacing previous import 'ensembldb::filter' by 'stats::filter' when loading 'RITAN' ** help *** installing help indices ** building package indices ** installing vignettes ** testing if installed package can be loaded from temporary location Warning: replacing previous import 'ensembldb::keys' by 'hash::keys' when loading 'RITAN' Warning: replacing previous import 'ensembldb::filter' by 'stats::filter' when loading 'RITAN' ** testing if installed package can be loaded from final location Warning: replacing previous import 'ensembldb::keys' by 'hash::keys' when loading 'RITAN' Warning: replacing previous import 'ensembldb::filter' by 'stats::filter' when loading 'RITAN' ** testing if installed package keeps a record of temporary installation path * DONE (RITAN)
RITAN.Rcheck/RITAN-Ex.timings
| name | user | system | elapsed | |
| as.graph | 0 | 0 | 0 | |
| check_any_net_input | 2.185 | 0.172 | 2.359 | |
| check_net_input | 0.049 | 0.000 | 0.049 | |
| enrichment_symbols | 0.693 | 0.039 | 0.731 | |
| geneset_overlap | 0.088 | 0.004 | 0.092 | |
| icon_test | 0.001 | 0.000 | 0.000 | |
| load_geneset_symbols | 0.01 | 0.00 | 0.01 | |
| network_overlap | 0.015 | 0.000 | 0.015 | |
| plot.term_enrichment | 0.796 | 0.184 | 0.981 | |
| plot.term_enrichment_by_subset | 0.014 | 0.000 | 0.015 | |
| readGMT | 0.001 | 0.000 | 0.000 | |
| readSIF | 0.000 | 0.000 | 0.001 | |
| resource_reduce | 1.971 | 0.068 | 2.039 | |
| show_active_genesets_hist | 0.017 | 0.000 | 0.017 | |
| summary.term_enrichment | 0.625 | 0.172 | 0.797 | |
| summary.term_enrichment_by_subset | 1.104 | 0.356 | 1.460 | |
| term_enrichment | 0.595 | 0.148 | 0.743 | |
| term_enrichment_by_subset | 0.013 | 0.000 | 0.013 | |
| vac1.day0vs31.de.genes | 0 | 0 | 0 | |
| vac1.day0vs56.de.genes | 0.001 | 0.000 | 0.000 | |
| vac2.day0vs31.de.genes | 0 | 0 | 0 | |
| vac2.day0vs56.de.genes | 0 | 0 | 0 | |
| writeGMT | 0 | 0 | 0 | |
| write_simple_table | 0 | 0 | 0 | |