| Back to Multiple platform build/check report for BioC 3.19: simplified long |
|
This page was generated on 2024-03-04 11:39:41 -0500 (Mon, 04 Mar 2024).
| Hostname | OS | Arch (*) | R version | Installed pkgs |
|---|---|---|---|---|
| nebbiolo1 | Linux (Ubuntu 22.04.3 LTS) | x86_64 | R Under development (unstable) (2024-01-16 r85808) -- "Unsuffered Consequences" | 4676 |
| palomino3 | Windows Server 2022 Datacenter | x64 | R Under development (unstable) (2024-01-14 r85805 ucrt) -- "Unsuffered Consequences" | 4414 |
| merida1 | macOS 12.7.1 Monterey | x86_64 | R Under development (unstable) (2024-01-16 r85808) -- "Unsuffered Consequences" | 4441 |
| kunpeng2 | Linux (openEuler 22.03 LTS-SP1) | aarch64 | R Under development (unstable) (2024-01-16 r85812) -- "Unsuffered Consequences" | 4417 |
| Click on any hostname to see more info about the system (e.g. compilers) (*) as reported by 'uname -p', except on Windows and Mac OS X | ||||
| Package 1534/2251 | Hostname | OS / Arch | INSTALL | BUILD | CHECK | BUILD BIN | ||||||||
| Pi 2.15.0 (landing page) Hai Fang
| nebbiolo1 | Linux (Ubuntu 22.04.3 LTS) / x86_64 | OK | OK | WARNINGS | |||||||||
| palomino3 | Windows Server 2022 Datacenter / x64 | OK | OK | WARNINGS | OK | |||||||||
| merida1 | macOS 12.7.1 Monterey / x86_64 | OK | OK | WARNINGS | OK | |||||||||
| kunpeng2 | Linux (openEuler 22.03 LTS-SP1) / aarch64 | OK | OK | WARNINGS | ||||||||||
|
To the developers/maintainers of the Pi package: - Allow up to 24 hours (and sometimes 48 hours) for your latest push to git@git.bioconductor.org:packages/Pi.git to reflect on this report. See Troubleshooting Build Report for more information. - Use the following Renviron settings to reproduce errors and warnings. - If 'R CMD check' started to fail recently on the Linux builder(s) over a missing dependency, add the missing dependency to 'Suggests:' in your DESCRIPTION file. See Renviron.bioc for more information. |
| Package: Pi |
| Version: 2.15.0 |
| Command: /Library/Frameworks/R.framework/Resources/bin/R CMD check --install=check:Pi.install-out.txt --library=/Library/Frameworks/R.framework/Resources/library --no-vignettes --timings Pi_2.15.0.tar.gz |
| StartedAt: 2024-03-02 08:28:33 -0500 (Sat, 02 Mar 2024) |
| EndedAt: 2024-03-02 08:36:28 -0500 (Sat, 02 Mar 2024) |
| EllapsedTime: 475.3 seconds |
| RetCode: 0 |
| Status: WARNINGS |
| CheckDir: Pi.Rcheck |
| Warnings: 2 |
##############################################################################
##############################################################################
###
### Running command:
###
### /Library/Frameworks/R.framework/Resources/bin/R CMD check --install=check:Pi.install-out.txt --library=/Library/Frameworks/R.framework/Resources/library --no-vignettes --timings Pi_2.15.0.tar.gz
###
##############################################################################
##############################################################################
* using log directory ‘/Users/biocbuild/bbs-3.19-bioc/meat/Pi.Rcheck’
* using R Under development (unstable) (2024-01-16 r85808)
* using platform: x86_64-apple-darwin20
* R was compiled by
Apple clang version 14.0.0 (clang-1400.0.29.202)
GNU Fortran (GCC) 12.2.0
* running under: macOS Monterey 12.7.1
* using session charset: UTF-8
* using option ‘--no-vignettes’
* checking for file ‘Pi/DESCRIPTION’ ... OK
* checking extension type ... Package
* this is package ‘Pi’ version ‘2.15.0’
* checking package namespace information ... OK
* checking package dependencies ... OK
* checking if this is a source package ... OK
* checking if there is a namespace ... OK
* checking for hidden files and directories ... OK
* checking for portable file names ... OK
* checking for sufficient/correct file permissions ... OK
* checking whether package ‘Pi’ can be installed ... WARNING
Found the following significant warnings:
Warning: replacing previous import ‘ROCR::plot’ by ‘graphics::plot’ when loading ‘Pi’
See ‘/Users/biocbuild/bbs-3.19-bioc/meat/Pi.Rcheck/00install.out’ for details.
* checking installed package size ... OK
* checking package directory ... OK
* checking ‘build’ directory ... OK
* checking DESCRIPTION meta-information ... OK
* checking top-level files ... OK
* checking for left-over files ... OK
* checking index information ... OK
* checking package subdirectories ... OK
* checking R files for non-ASCII characters ... OK
* checking R files for syntax errors ... OK
* checking whether the package can be loaded ... OK
* checking whether the package can be loaded with stated dependencies ... OK
* checking whether the package can be unloaded cleanly ... OK
* checking whether the namespace can be loaded with stated dependencies ... OK
* checking whether the namespace can be unloaded cleanly ... OK
* checking dependencies in R code ... WARNING
'::' or ':::' import not declared from: 'pbapply'
* checking S3 generic/method consistency ... OK
* checking replacement functions ... OK
* checking foreign function calls ... OK
* checking R code for possible problems ... OK
* checking Rd files ... OK
* checking Rd metadata ... OK
* checking Rd cross-references ... OK
* checking for missing documentation entries ... OK
* checking for code/documentation mismatches ... OK
* checking Rd \usage sections ... OK
* checking Rd contents ... OK
* checking for unstated dependencies in examples ... OK
* checking files in ‘vignettes’ ... OK
* checking examples ... OK
* checking for unstated dependencies in vignettes ... OK
* checking package vignettes ... OK
* checking running R code from vignettes ... SKIPPED
* checking re-building of vignette outputs ... SKIPPED
* checking PDF version of manual ... OK
* DONE
Status: 2 WARNINGs
See
‘/Users/biocbuild/bbs-3.19-bioc/meat/Pi.Rcheck/00check.log’
for details.
Pi.Rcheck/00install.out
############################################################################## ############################################################################## ### ### Running command: ### ### /Library/Frameworks/R.framework/Resources/bin/R CMD INSTALL Pi ### ############################################################################## ############################################################################## * installing to library ‘/Library/Frameworks/R.framework/Versions/4.4-x86_64/Resources/library’ * installing *source* package ‘Pi’ ... ** using staged installation ** R ** inst ** byte-compile and prepare package for lazy loading Warning: replacing previous import ‘ROCR::plot’ by ‘graphics::plot’ when loading ‘Pi’ ** help *** installing help indices ** building package indices ** installing vignettes ** testing if installed package can be loaded from temporary location Warning: replacing previous import ‘ROCR::plot’ by ‘graphics::plot’ when loading ‘Pi’ ** testing if installed package can be loaded from final location Warning: replacing previous import ‘ROCR::plot’ by ‘graphics::plot’ when loading ‘Pi’ ** testing if installed package keeps a record of temporary installation path * DONE (Pi)
Pi.Rcheck/Pi-Ex.timings
| name | user | system | elapsed | |
| EG | 0.000 | 0.000 | 0.002 | |
| GS | 0.000 | 0.000 | 0.001 | |
| aOnto | 0.000 | 0.001 | 0.001 | |
| cTarget | 0.000 | 0.000 | 0.001 | |
| dTarget | 0.000 | 0.001 | 0.001 | |
| eGSEA | 0.000 | 0.001 | 0.000 | |
| eTarget | 0.001 | 0.000 | 0.001 | |
| eTerm | 0 | 0 | 0 | |
| iSubg | 0.000 | 0.001 | 0.000 | |
| ls_eTerm | 0 | 0 | 0 | |
| pNode | 0.001 | 0.001 | 0.001 | |
| pPerf | 0.000 | 0.001 | 0.001 | |
| sGS | 0.000 | 0.000 | 0.001 | |
| sTarget | 0.000 | 0.001 | 0.001 | |
| xAggregate | 0.000 | 0.000 | 0.001 | |
| xCheckParallel | 0.001 | 0.000 | 0.001 | |
| xCircos | 0.001 | 0.002 | 0.003 | |
| xColormap | 0.019 | 0.004 | 0.024 | |
| xCombineNet | 0.000 | 0.001 | 0.001 | |
| xContour | 0.055 | 0.006 | 0.075 | |
| xConverter | 0.053 | 0.006 | 0.084 | |
| xCorrelation | 0.001 | 0.001 | 0.001 | |
| xDAGanno | 0.000 | 0.002 | 0.006 | |
| xDefineEQTL | 0.000 | 0.001 | 0.001 | |
| xDefineHIC | 0.000 | 0.001 | 0.001 | |
| xDefineNet | 0.000 | 0.001 | 0.001 | |
| xDefineOntology | 0.001 | 0.000 | 0.001 | |
| xEnrichForest | 0.000 | 0.002 | 0.002 | |
| xEnrichViewer | 0.000 | 0.001 | 0.001 | |
| xEnricher | 0.000 | 0.001 | 0.002 | |
| xEnricherGenes | 0.001 | 0.002 | 0.003 | |
| xGGnetwork | 0.001 | 0.003 | 0.008 | |
| xGR | 0.000 | 0.001 | 0.002 | |
| xGR2nGenes | 0.000 | 0.002 | 0.005 | |
| xGR2xGeneScores | 0.001 | 0.001 | 0.001 | |
| xGR2xGenes | 0.000 | 0.002 | 0.002 | |
| xGRscores | 0.000 | 0.001 | 0.001 | |
| xGRsort | 0.001 | 0.001 | 0.001 | |
| xGSEAbarplot | 0.000 | 0.000 | 0.001 | |
| xGSEAconciser | 0.000 | 0.001 | 0.000 | |
| xGSEAdotplot | 0.000 | 0.001 | 0.001 | |
| xGSsimulator | 0.000 | 0.000 | 0.001 | |
| xGeneID2Symbol | 0.001 | 0.001 | 0.001 | |
| xHeatmap | 0.001 | 0.000 | 0.001 | |
| xLayout | 0.000 | 0.002 | 0.002 | |
| xLiftOver | 0.000 | 0.001 | 0.002 | |
| xMEabf | 0.001 | 0.000 | 0.001 | |
| xMLcaret | 0.000 | 0.001 | 0.001 | |
| xMLcompare | 0 | 0 | 0 | |
| xMLdensity | 0.000 | 0.000 | 0.001 | |
| xMLdotplot | 0.001 | 0.001 | 0.002 | |
| xMLfeatureplot | 0 | 0 | 0 | |
| xMLglmnet | 0.000 | 0.000 | 0.001 | |
| xMLparameters | 0.000 | 0.001 | 0.001 | |
| xMLrandomforest | 0.001 | 0.000 | 0.001 | |
| xMLrename | 0.000 | 0.001 | 0.002 | |
| xMLzoom | 0.000 | 0.001 | 0.001 | |
| xPieplot | 0.001 | 0.000 | 0.001 | |
| xPier | 0.000 | 0.001 | 0.004 | |
| xPierABF | 0.001 | 0.001 | 0.001 | |
| xPierABFheatmap | 0.001 | 0.001 | 0.001 | |
| xPierAnno | 0.000 | 0.001 | 0.002 | |
| xPierCor | 0.000 | 0.001 | 0.001 | |
| xPierCross | 0.001 | 0.000 | 0.001 | |
| xPierEvidence | 0.000 | 0.001 | 0.004 | |
| xPierGRs | 0.000 | 0.001 | 0.002 | |
| xPierGSEA | 0.001 | 0.000 | 0.002 | |
| xPierGenes | 0.000 | 0.001 | 0.001 | |
| xPierMRS | 0.000 | 0.000 | 0.004 | |
| xPierManhattan | 0.001 | 0.001 | 0.002 | |
| xPierMatrix | 0.000 | 0.001 | 0.001 | |
| xPierPathways | 0.000 | 0.001 | 0.004 | |
| xPierROCR | 0.001 | 0.000 | 0.001 | |
| xPierSNPs | 0.000 | 0.001 | 0.007 | |
| xPierSNPsAdv | 0.000 | 0.001 | 0.001 | |
| xPierSNPsAdvABF | 0.001 | 0.001 | 0.001 | |
| xPierSubnet | 0.000 | 0.002 | 0.002 | |
| xPierTrack | 0.001 | 0.002 | 0.001 | |
| xPierTrackAdv | 0.000 | 0.001 | 0.003 | |
| xPredictCompare | 0.000 | 0.001 | 0.001 | |
| xPredictROCR | 0.000 | 0.001 | 0.000 | |
| xRDataLoader | 0.001 | 0.000 | 0.001 | |
| xRWR | 0.001 | 0.002 | 0.006 | |
| xSM2DF | 0.018 | 0.002 | 0.027 | |
| xSNP2cGenes | 0 | 0 | 0 | |
| xSNP2eGenes | 0.000 | 0.001 | 0.001 | |
| xSNP2nGenes | 0.001 | 0.000 | 0.001 | |
| xSNPlocations | 0.000 | 0.001 | 0.001 | |
| xSNPscores | 0.000 | 0.000 | 0.001 | |
| xSparseMatrix | 0.016 | 0.003 | 0.026 | |
| xSubneterGenes | 0.000 | 0.003 | 0.008 | |
| xSymbol2GeneID | 0.001 | 0.001 | 0.001 | |
| xVisEvidence | 0.000 | 0.000 | 0.001 | |
| xVisEvidenceAdv | 0.000 | 0.001 | 0.001 | |
| xVisKernels | 0.026 | 0.022 | 0.059 | |
| xVisNet | 0.000 | 0.001 | 0.002 | |