| Back to Multiple platform build/check report for BioC 3.19: simplified long |
|
This page was generated on 2024-10-18 20:38 -0400 (Fri, 18 Oct 2024).
| Hostname | OS | Arch (*) | R version | Installed pkgs |
|---|---|---|---|---|
| nebbiolo1 | Linux (Ubuntu 22.04.3 LTS) | x86_64 | 4.4.1 (2024-06-14) -- "Race for Your Life" | 4763 |
| palomino7 | Windows Server 2022 Datacenter | x64 | 4.4.1 (2024-06-14 ucrt) -- "Race for Your Life" | 4500 |
| merida1 | macOS 12.7.5 Monterey | x86_64 | 4.4.1 (2024-06-14) -- "Race for Your Life" | 4530 |
| kjohnson1 | macOS 13.6.6 Ventura | arm64 | 4.4.1 (2024-06-14) -- "Race for Your Life" | 4480 |
| Click on any hostname to see more info about the system (e.g. compilers) (*) as reported by 'uname -p', except on Windows and Mac OS X | ||||
| Package 1487/2300 | Hostname | OS / Arch | INSTALL | BUILD | CHECK | BUILD BIN | ||||||||
| ORFik 1.24.0 (landing page) Haakon Tjeldnes
| nebbiolo1 | Linux (Ubuntu 22.04.3 LTS) / x86_64 | OK | OK | ERROR | |||||||||
| palomino7 | Windows Server 2022 Datacenter / x64 | OK | OK | OK | OK | |||||||||
| merida1 | macOS 12.7.5 Monterey / x86_64 | OK | OK | OK | OK | |||||||||
| kjohnson1 | macOS 13.6.6 Ventura / arm64 | OK | ERROR | skipped | skipped | |||||||||
|
To the developers/maintainers of the ORFik package: - Allow up to 24 hours (and sometimes 48 hours) for your latest push to git@git.bioconductor.org:packages/ORFik.git to reflect on this report. See Troubleshooting Build Report for more information. - Use the following Renviron settings to reproduce errors and warnings. - If 'R CMD check' started to fail recently on the Linux builder(s) over a missing dependency, add the missing dependency to 'Suggests:' in your DESCRIPTION file. See Renviron.bioc for more information. |
| Package: ORFik |
| Version: 1.24.0 |
| Command: /home/biocbuild/bbs-3.19-bioc/R/bin/R CMD check --install=check:ORFik.install-out.txt --library=/home/biocbuild/bbs-3.19-bioc/R/site-library --timings ORFik_1.24.0.tar.gz |
| StartedAt: 2024-10-17 03:21:28 -0400 (Thu, 17 Oct 2024) |
| EndedAt: 2024-10-17 03:40:50 -0400 (Thu, 17 Oct 2024) |
| EllapsedTime: 1162.3 seconds |
| RetCode: 1 |
| Status: ERROR |
| CheckDir: ORFik.Rcheck |
| Warnings: NA |
##############################################################################
##############################################################################
###
### Running command:
###
### /home/biocbuild/bbs-3.19-bioc/R/bin/R CMD check --install=check:ORFik.install-out.txt --library=/home/biocbuild/bbs-3.19-bioc/R/site-library --timings ORFik_1.24.0.tar.gz
###
##############################################################################
##############################################################################
* using log directory ‘/home/biocbuild/bbs-3.19-bioc/meat/ORFik.Rcheck’
* using R version 4.4.1 (2024-06-14)
* using platform: x86_64-pc-linux-gnu
* R was compiled by
gcc (Ubuntu 11.4.0-1ubuntu1~22.04) 11.4.0
GNU Fortran (Ubuntu 11.4.0-1ubuntu1~22.04) 11.4.0
* running under: Ubuntu 22.04.5 LTS
* using session charset: UTF-8
* checking for file ‘ORFik/DESCRIPTION’ ... OK
* checking extension type ... Package
* this is package ‘ORFik’ version ‘1.24.0’
* package encoding: UTF-8
* checking package namespace information ... OK
* checking package dependencies ... OK
* checking if this is a source package ... OK
* checking if there is a namespace ... OK
* checking for hidden files and directories ... OK
* checking for portable file names ... OK
* checking for sufficient/correct file permissions ... OK
* checking whether package ‘ORFik’ can be installed ... OK
* used C++ compiler: ‘g++ (Ubuntu 11.4.0-1ubuntu1~22.04) 11.4.0’
* checking installed package size ... NOTE
installed size is 5.3Mb
sub-directories of 1Mb or more:
libs 1.7Mb
* checking package directory ... OK
* checking ‘build’ directory ... OK
* checking DESCRIPTION meta-information ... NOTE
License stub is invalid DCF.
* checking top-level files ... OK
* checking for left-over files ... OK
* checking index information ... OK
* checking package subdirectories ... OK
* checking code files for non-ASCII characters ... OK
* checking R files for syntax errors ... OK
* checking whether the package can be loaded ... OK
* checking whether the package can be loaded with stated dependencies ... OK
* checking whether the package can be unloaded cleanly ... OK
* checking whether the namespace can be loaded with stated dependencies ... OK
* checking whether the namespace can be unloaded cleanly ... OK
* checking loading without being on the library search path ... OK
* checking dependencies in R code ... NOTE
Unexported objects imported by ':::' calls:
‘GenomicFeatures:::.merge_seqinfo_and_infer_missing_seqlengths’
‘IRanges:::regroupBySupergroup’ ‘S4Vectors:::normarg_mcols’
‘biomartr:::getENSEMBL.Seq’ ‘biomartr:::getENSEMBL.gtf’
See the note in ?`:::` about the use of this operator.
* checking S3 generic/method consistency ... OK
* checking replacement functions ... OK
* checking foreign function calls ... OK
* checking R code for possible problems ... NOTE
detect_ribo_orfs: warning in outputLibs(df, type = "pshifted", output =
"envirlist"): partial argument match of 'output' to 'output.mode'
DEG.plot.static: no visible binding for global variable ‘Regulation’
DEG.plot.static: no visible binding for global variable ‘meanCounts’
DEG.plot.static: no visible binding for global variable ‘LFC’
DEG_model_simple: no visible binding for global variable ‘id’
DEG_model_simple: no visible binding for global variable ‘contrast’
DTEG.plot: no visible binding for global variable ‘Regulation’
DTEG.plot: no visible binding for global variable ‘rna’
DTEG.plot: no visible binding for global variable ‘rfp’
QCplots: no visible binding for global variable ‘leaders’
QCplots: no visible binding for global variable ‘trailers’
QCstats.plot: no visible binding for global variable ‘variable’
QCstats.plot: no visible binding for global variable ‘sample_total’
QCstats.plot: no visible binding for global variable ‘value’
QCstats.plot: no visible global function definition for ‘.’
QCstats.plot: no visible binding for global variable ‘sample_id’
QCstats.plot: no visible binding for global variable ‘percentage’
QCstats.plot: no visible binding for global variable
‘perc_of_counts_per_sample’
QCstats.plot: no visible binding for global variable ‘read length’
RiboQC.plot: no visible binding for global variable ‘variable’
RiboQC.plot: no visible binding for global variable ‘sample_total’
RiboQC.plot: no visible binding for global variable ‘value’
RiboQC.plot: no visible global function definition for ‘.’
RiboQC.plot: no visible binding for global variable ‘sample_id’
RiboQC.plot: no visible binding for global variable ‘percentage’
RiboQC.plot: no visible binding for global variable ‘percent’
RiboQC.plot: no visible binding for global variable ‘frame’
STAR.multiQC: no visible binding for global variable ‘sample_id’
STAR.multiQC: no visible binding for global variable ‘value’
TOP.Motif.ecdf: no visible binding for global variable ‘seq1’
TOP.Motif.ecdf: no visible binding for global variable ‘TOP’
alignmentFeatureStatistics : <anonymous>: no visible binding for global
variable ‘percentage_mrna_aligned’
alignmentFeatureStatistics : <anonymous>: no visible binding for global
variable ‘mRNA’
alignmentFeatureStatistics : <anonymous>: no visible binding for global
variable ‘percentage_tx_aligned’
alignmentFeatureStatistics : <anonymous>: no visible binding for global
variable ‘Transcript’
alignmentFeatureStatistics : <anonymous>: no visible binding for global
variable ‘ratio_cds_mrna’
alignmentFeatureStatistics : <anonymous>: no visible binding for global
variable ‘CDS’
alignmentFeatureStatistics : <anonymous>: no visible binding for global
variable ‘ratio_cds_leader’
alignmentFeatureStatistics : <anonymous>: no visible binding for global
variable ‘LEADERS’
allFeaturesHelper: no visible binding for global variable ‘te’
allFeaturesHelper: no visible binding for global variable ‘fpkmRFP’
allFeaturesHelper: no visible binding for global variable ‘fpkmRNA’
allFeaturesHelper: no visible binding for global variable ‘countRFP’
allFeaturesHelper: no visible binding for global variable ‘entropyRFP’
allFeaturesHelper: no visible binding for global variable
‘disengagementScores’
allFeaturesHelper: no visible binding for global variable ‘RRS’
allFeaturesHelper: no visible binding for global variable ‘RSS’
allFeaturesHelper: no visible binding for global variable ‘ORFScores’
allFeaturesHelper: no visible binding for global variable ‘ioScore’
allFeaturesHelper: no visible binding for global variable
‘startCodonCoverage’
allFeaturesHelper: no visible binding for global variable
‘startRegionRelative’
allFeaturesHelper: no visible binding for global variable ‘kozak’
allFeaturesHelper: no visible binding for global variable ‘StartCodons’
allFeaturesHelper: no visible binding for global variable ‘StopCodons’
allFeaturesHelper: no visible binding for global variable
‘fractionLengths’
allFeaturesHelper: no visible binding for global variable ‘distORFCDS’
allFeaturesHelper: no visible binding for global variable ‘inFrameCDS’
allFeaturesHelper: no visible binding for global variable
‘isOverlappingCds’
allFeaturesHelper: no visible binding for global variable ‘rankInTx’
appendZeroes: no visible binding for global variable ‘frame’
appendZeroes: no visible binding for global variable ‘position’
appendZeroes: no visible binding for global variable ‘count’
artificial.orfs: no visible binding for global variable ‘random’
artificial.orfs: no visible binding for global variable ‘pick’
artificial.orfs: no visible global function definition for ‘.’
browseSRA: no visible global function definition for ‘browseURL’
cellTypeNames: missing arguments not allowed in calls to ‘c’
codonSumsPerGroup: no visible binding for global variable ‘genes’
codon_usage: no visible binding for global variable ‘merged’
codon_usage: no visible binding for global variable ‘AA’
codon_usage: no visible binding for global variable ‘codon’
codon_usage_plot: no visible binding for global variable ‘seqs’
collapse.by.scores: no visible global function definition for ‘.’
collapse.fastq.internal: no visible binding for global variable ‘N’
cor_plot: no visible binding for global variable ‘Var2’
cor_plot: no visible binding for global variable ‘Var1’
cor_plot: no visible binding for global variable ‘Cor’
cor_table: no visible binding for global variable ‘Var1’
cor_table: no visible binding for global variable ‘Var2’
cor_table: no visible binding for global variable ‘Cor’
coverageHeatMap: no visible binding for global variable ‘position’
coverageHeatMap: no visible binding for global variable ‘fraction’
coveragePerORFStatistics: no visible global function definition for ‘.’
coveragePerORFStatistics: no visible binding for global variable
‘count’
coveragePerORFStatistics: no visible binding for global variable
‘genes’
coverageScorings: no visible binding for global variable ‘count’
coverageScorings: no visible binding for global variable ‘zscore’
coverageScorings: no visible binding for global variable ‘windowMean’
coverageScorings: no visible binding for global variable ‘windowSD’
coverageScorings: no visible global function definition for ‘.’
coverageScorings: no visible binding for global variable ‘gene_sum’
coverageScorings: no visible binding for global variable ‘fraction’
coverage_random_access_file: no visible binding for global variable
‘genes’
coverage_random_access_file: no visible binding for global variable
‘position’
coverage_random_access_file: no visible binding for global variable
‘frame’
coverage_to_dt: no visible binding for global variable ‘frame’
coverage_to_dt: no visible binding for global variable ‘genes’
coverage_to_dt: no visible binding for global variable ‘position’
detectRibosomeShifts: no visible global function definition for ‘.’
detectRibosomeShifts: no visible binding for global variable ‘size’
detectRibosomeShifts: no visible binding for global variable ‘fraction’
detectRibosomeShifts: no visible binding for global variable ‘pShifted’
detectRibosomeShifts: no visible binding for global variable
‘sum.count’
detectRibosomeShifts: no visible binding for global variable ‘count’
detectRibosomeShifts: no visible binding for global variable ‘genes’
detectRibosomeShifts: no visible binding for global variable
‘frac.score’
entropy: no visible binding for global variable ‘Hx’
entropy: no visible binding for global variable ‘codonSums’
entropy: no visible global function definition for ‘.’
entropy: no visible binding for global variable ‘genes’
fetch_xml_attributes: no visible binding for global variable
‘..to_keep’
filterExtremePeakGenes: no visible binding for global variable ‘count’
filterExtremePeakGenes: no visible binding for global variable
‘median_per_gene’
filterExtremePeakGenes: no visible binding for global variable ‘genes’
filterExtremePeakGenes: no visible global function definition for ‘.’
filterTranscripts: no visible binding for global variable ‘utr5_len’
filterTranscripts: no visible binding for global variable ‘utr3_len’
filter_empty_runs: no visible binding for global variable ‘spots’
findNGSPairs: no visible global function definition for ‘.’
findNGSPairs: no visible binding for global variable ‘forward’
findPeaksPerGene: no visible binding for global variable ‘sum_per_gene’
findPeaksPerGene: no visible binding for global variable ‘count’
findPeaksPerGene: no visible binding for global variable ‘genes’
findPeaksPerGene: no visible binding for global variable
‘mean_per_gene’
findPeaksPerGene: no visible binding for global variable ‘sd_per_gene’
findPeaksPerGene: no visible binding for global variable ‘zscore’
findPeaksPerGene: no visible binding for global variable ‘gene_id’
find_url_ebi_safe: no visible binding for global variable
‘run_accession’
flankPerGroup: no visible global function definition for ‘.’
flankPerGroup: no visible binding for global variable ‘group_name’
floss: no visible binding for global variable ‘ORFGrouping’
floss: no visible binding for global variable ‘widths’
floss: no visible global function definition for ‘.’
floss: no visible binding for global variable ‘CDSGrouping’
floss: no visible binding for global variable ‘fraction.x’
floss: no visible binding for global variable ‘fraction.y’
gSort: no visible binding for global variable ‘grnames’
geneToSymbol: no visible binding for global variable ‘ensembl_gene_id’
geneToSymbol: no visible binding for global variable
‘external_gene_name’
geneToSymbol: no visible binding for global variable
‘ensembl_transcript_id’
geneToSymbol: no visible binding for global variable ‘uniprotswissprot’
getNGenesCoverage: no visible global function definition for ‘.’
getNGenesCoverage: no visible binding for global variable ‘genes’
getNGenesCoverage: no visible binding for global variable ‘fraction’
get_phix_genome: no visible binding for global variable ‘phix.url’
initiationScore: no visible global function definition for ‘.’
initiationScore: no visible binding for global variable ‘dif’
initiationScore: no visible binding for global variable ‘fraction’
initiationScore: no visible binding for global variable ‘genes’
initiationScore: no visible binding for global variable ‘difPer’
install.sratoolkit: no visible binding for global variable ‘osVersion’
isPeriodic: no visible binding for global variable ‘spec’
kozakHeatmap: no visible global function definition for ‘.’
kozakHeatmap: no visible binding for global variable ‘variable’
kozakHeatmap: no visible binding for global variable ‘value’
kozakHeatmap: no visible binding for global variable
‘count_seq_pos_with_count’
kozakHeatmap: no visible binding for global variable ‘median_score’
kozak_IR_ranking: no visible global function definition for ‘.’
kozak_IR_ranking: no visible binding for global variable ‘IR’
kozak_IR_ranking: no visible binding for global variable
‘upstream_kozak_strength’
kozak_IR_ranking: no visible binding for global variable ‘count’
kozak_IR_ranking: no visible binding for global variable ‘mean_IR’
list.genomes: no visible binding for global variable ‘STAR_index’
longestORFs: no visible global function definition for ‘.’
metaWindow: no visible binding for global variable ‘position’
metaWindow: no visible binding for global variable ‘frame’
metadata.autnaming: no visible binding for global variable
‘LIBRARYTYPE’
metadata.autnaming: no visible binding for global variable
‘LibraryStrategy’
orfFrameDistributions : <anonymous>: no visible binding for global
variable ‘fraction’
orfFrameDistributions: no visible binding for global variable ‘percent’
orfFrameDistributions: no visible binding for global variable
‘fraction’
orfFrameDistributions: no visible binding for global variable
‘percent_length’
orfFrameDistributions: no visible global function definition for ‘.’
orfFrameDistributions: no visible binding for global variable
‘best_frame’
orfScore: no visible binding for global variable ‘genes’
orfScore: no visible binding for global variable ‘frame’
orfScore: no visible binding for global variable ‘frame_one_RP’
orfScore: no visible binding for global variable ‘frame_two_RP’
pSitePlot: no visible binding for global variable ‘count’
pSitePlot: no visible binding for global variable ‘frame’
pSitePlot: no visible binding for global variable ‘position’
pcaExperiment: no visible binding for global variable ‘PC1’
pcaExperiment: no visible binding for global variable ‘PC2’
readBam: no visible global function definition for ‘bamWhat<-’
readLengthTable: no visible binding for global variable
‘counts_per_sample’
readLengthTable: no visible binding for global variable
‘perc_of_counts_per_sample’
regionPerReadLength : <anonymous>: no visible binding for global
variable ‘fraction’
remakeTxdbExonIds: no visible global function definition for ‘.’
remakeTxdbExonIds: no visible binding for global variable ‘chr’
removeTxdbExons: no visible binding for global variable ‘exon_rank’
removeTxdbExons: no visible binding for global variable ‘ranks’
ribo_fft: no visible binding for global variable ‘fraction’
ribo_fft_plot: no visible binding for global variable ‘periods’
ribo_fft_plot: no visible binding for global variable ‘amplitude’
rnaNormalize: no visible binding for global variable ‘genes’
rnaNormalize: no visible binding for global variable ‘feature’
scaledWindowPositions: no visible binding for global variable
‘scalingFactor’
scaledWindowPositions: no visible binding for global variable ‘genes’
scaledWindowPositions: no visible binding for global variable
‘position’
scaledWindowPositions: no visible global function definition for ‘.’
scoreSummarizedExperiment: no visible global function definition for
‘rowSums2’
seq_usage: no visible binding for global variable ‘variable’
seq_usage: no visible binding for global variable ‘codon_sum’
seq_usage: no visible global function definition for ‘.’
seq_usage: no visible binding for global variable ‘gene_sum’
seq_usage: no visible binding for global variable
‘N_AA_of_type_per_gene’
seq_usage: no visible binding for global variable ‘as_prob_normalized’
seq_usage: no visible binding for global variable ‘N_total’
seq_usage: no visible binding for global variable ‘N’
seq_usage: no visible binding for global variable ‘mean_txNorm’
seq_usage: no visible binding for global variable ‘sum_txNorm’
seq_usage: no visible binding for global variable ‘dispersion’
seq_usage: no visible binding for global variable ‘dispersion_txNorm’
seq_usage: no visible binding for global variable ‘var_txNorm’
seq_usage: no visible binding for global variable ‘mean_percentage’
seq_usage: no visible binding for global variable ‘mean_txNorm_prob’
seq_usage: no visible binding for global variable
‘mean_txNorm_percentage’
seq_usage: no visible binding for global variable
‘relative_to_max_score’
shiftPlots : <anonymous>: no visible binding for global variable
‘frame’
shiftPlots : <anonymous>: no visible binding for global variable
‘position’
te.plot: no visible global function definition for ‘rowMin’
te.plot: no visible binding for global variable ‘variable’
te.plot: no visible binding for global variable ‘LFC_TE’
te.plot: no visible binding for global variable ‘rfp_log2’
te.plot: no visible binding for global variable ‘rna_log2’
te.plot: no visible binding for global variable ‘rna_log10’
te.table: no visible global function definition for ‘rowMin’
te.table: no visible binding for global variable ‘variable’
te.table: no visible binding for global variable ‘TE_log2’
te.table: no visible binding for global variable ‘rfp_log2’
te.table: no visible binding for global variable ‘rna_log2’
te_rna.plot: no visible binding for global variable ‘subtitle’
te_rna.plot: no visible binding for global variable ‘rna_log10’
te_rna.plot: no visible binding for global variable ‘TE_log2’
topMotif: no visible binding for global variable ‘seq1’
topMotif: no visible binding for global variable ‘seq2’
topMotif: no visible binding for global variable ‘seq3’
topMotif: no visible binding for global variable ‘seq4’
topMotif: no visible binding for global variable ‘seq5’
transcriptWindow: no visible binding for global variable ‘fractions’
transcriptWindow: no visible binding for global variable ‘feature’
windowCoveragePlot: no visible binding for global variable ‘feature’
windowCoveragePlot: no visible binding for global variable ‘fraction’
windowCoveragePlot: no visible binding for global variable
‘fraction_min’
windowCoveragePlot: no visible binding for global variable ‘position’
collapseDuplicatedReads,GAlignmentPairs: no visible global function
definition for ‘.’
collapseDuplicatedReads,GAlignmentPairs: no visible binding for global
variable ‘start1’
collapseDuplicatedReads,GAlignmentPairs: no visible binding for global
variable ‘start2’
collapseDuplicatedReads,GAlignmentPairs: no visible binding for global
variable ‘cigar1’
collapseDuplicatedReads,GAlignmentPairs: no visible binding for global
variable ‘cigar2’
collapseDuplicatedReads,GAlignments: no visible global function
definition for ‘.’
collapseDuplicatedReads,GRanges: no visible binding for global variable
‘size’
collapseDuplicatedReads,GRanges: no visible global function definition
for ‘.’
collapseDuplicatedReads,data.table: no visible global function
definition for ‘.’
design,experiment: no visible binding for global variable ‘..formula’
seqlevels,experiment: no visible binding for global variable ‘df’
show,covRleList: no visible global function definition for ‘head’
Undefined global functions or variables:
. ..formula ..to_keep AA CDS CDSGrouping Cor Hx IR LEADERS LFC LFC_TE
LIBRARYTYPE LibraryStrategy N N_AA_of_type_per_gene N_total
ORFGrouping ORFScores PC1 PC2 RRS RSS Regulation STAR_index
StartCodons StopCodons TE_log2 TOP Transcript Var1 Var2 amplitude
as_prob_normalized bamWhat<- best_frame browseURL chr cigar1 cigar2
codon codonSums codon_sum contrast count countRFP
count_seq_pos_with_count counts_per_sample df dif difPer
disengagementScores dispersion dispersion_txNorm distORFCDS
ensembl_gene_id ensembl_transcript_id entropyRFP exon_rank
external_gene_name feature forward fpkmRFP fpkmRNA frac.score
fraction fraction.x fraction.y fractionLengths fraction_min fractions
frame frame_one_RP frame_two_RP gene_id gene_sum genes grnames
group_name head id inFrameCDS ioScore isOverlappingCds kozak leaders
mRNA meanCounts mean_IR mean_per_gene mean_percentage mean_txNorm
mean_txNorm_percentage mean_txNorm_prob median_per_gene median_score
merged osVersion pShifted perc_of_counts_per_sample percent
percent_length percentage percentage_mrna_aligned
percentage_tx_aligned periods phix.url pick position random rankInTx
ranks ratio_cds_leader ratio_cds_mrna read length
relative_to_max_score rfp rfp_log2 rna rna_log10 rna_log2 rowMin
rowSums2 run_accession sample_id sample_total scalingFactor
sd_per_gene seq1 seq2 seq3 seq4 seq5 seqs size spec spots start1
start2 startCodonCoverage startRegionRelative subtitle sum.count
sum_per_gene sum_txNorm te trailers uniprotswissprot
upstream_kozak_strength utr3_len utr5_len value var_txNorm variable
widths windowMean windowSD zscore
Consider adding
importFrom("base", "length")
importFrom("graphics", "frame")
importFrom("stats", "df")
importFrom("utils", "browseURL", "head", "osVersion")
to your NAMESPACE file.
* checking Rd files ... NOTE
checkRd: (-1) STAR.align.folder.Rd:70: Lost braces in \itemize; meant \describe ?
checkRd: (-1) STAR.align.folder.Rd:71: Lost braces in \itemize; meant \describe ?
checkRd: (-1) STAR.align.folder.Rd:72: Lost braces in \itemize; meant \describe ?
checkRd: (-1) STAR.align.folder.Rd:73: Lost braces in \itemize; meant \describe ?
checkRd: (-1) STAR.align.folder.Rd:74: Lost braces in \itemize; meant \describe ?
checkRd: (-1) STAR.align.folder.Rd:75: Lost braces in \itemize; meant \describe ?
checkRd: (-1) STAR.align.folder.Rd:76: Lost braces in \itemize; meant \describe ?
checkRd: (-1) STAR.align.folder.Rd:77-78: Lost braces in \itemize; meant \describe ?
checkRd: (-1) STAR.align.folder.Rd:101: Lost braces in \itemize; meant \describe ?
checkRd: (-1) STAR.align.folder.Rd:102: Lost braces in \itemize; meant \describe ?
checkRd: (-1) STAR.align.folder.Rd:103: Lost braces in \itemize; meant \describe ?
checkRd: (-1) STAR.align.folder.Rd:113: Lost braces in \itemize; meant \describe ?
checkRd: (-1) STAR.align.folder.Rd:114: Lost braces in \itemize; meant \describe ?
checkRd: (-1) STAR.align.single.Rd:60: Lost braces in \itemize; meant \describe ?
checkRd: (-1) STAR.align.single.Rd:61: Lost braces in \itemize; meant \describe ?
checkRd: (-1) STAR.align.single.Rd:62: Lost braces in \itemize; meant \describe ?
checkRd: (-1) STAR.align.single.Rd:63: Lost braces in \itemize; meant \describe ?
checkRd: (-1) STAR.align.single.Rd:64: Lost braces in \itemize; meant \describe ?
checkRd: (-1) STAR.align.single.Rd:65: Lost braces in \itemize; meant \describe ?
checkRd: (-1) STAR.align.single.Rd:66: Lost braces in \itemize; meant \describe ?
checkRd: (-1) STAR.align.single.Rd:67-68: Lost braces in \itemize; meant \describe ?
checkRd: (-1) STAR.align.single.Rd:91: Lost braces in \itemize; meant \describe ?
checkRd: (-1) STAR.align.single.Rd:92: Lost braces in \itemize; meant \describe ?
checkRd: (-1) STAR.align.single.Rd:93: Lost braces in \itemize; meant \describe ?
checkRd: (-1) STAR.align.single.Rd:103: Lost braces in \itemize; meant \describe ?
checkRd: (-1) STAR.align.single.Rd:104: Lost braces in \itemize; meant \describe ?
checkRd: (-1) codon_usage.Rd:56: Lost braces in \itemize; \value handles \item{}{} directly
checkRd: (-1) codon_usage.Rd:57: Lost braces in \itemize; \value handles \item{}{} directly
checkRd: (-1) codon_usage.Rd:58: Lost braces in \itemize; \value handles \item{}{} directly
checkRd: (-1) codon_usage.Rd:59: Lost braces in \itemize; \value handles \item{}{} directly
checkRd: (-1) codon_usage.Rd:60: Lost braces in \itemize; \value handles \item{}{} directly
checkRd: (-1) codon_usage.Rd:61: Lost braces in \itemize; \value handles \item{}{} directly
checkRd: (-1) codon_usage.Rd:62-63: Lost braces in \itemize; \value handles \item{}{} directly
checkRd: (-1) codon_usage.Rd:65-68: Lost braces in \itemize; \value handles \item{}{} directly
checkRd: (-1) codon_usage.Rd:69: Lost braces in \itemize; \value handles \item{}{} directly
checkRd: (-1) codon_usage.Rd:70: Lost braces in \itemize; \value handles \item{}{} directly
checkRd: (-1) codon_usage.Rd:71: Lost braces in \itemize; \value handles \item{}{} directly
checkRd: (-1) codon_usage_exp.Rd:68: Lost braces in \itemize; \value handles \item{}{} directly
checkRd: (-1) codon_usage_exp.Rd:69: Lost braces in \itemize; \value handles \item{}{} directly
checkRd: (-1) codon_usage_exp.Rd:70: Lost braces in \itemize; \value handles \item{}{} directly
checkRd: (-1) codon_usage_exp.Rd:71: Lost braces in \itemize; \value handles \item{}{} directly
checkRd: (-1) codon_usage_exp.Rd:72: Lost braces in \itemize; \value handles \item{}{} directly
checkRd: (-1) codon_usage_exp.Rd:73: Lost braces in \itemize; \value handles \item{}{} directly
checkRd: (-1) codon_usage_exp.Rd:74-75: Lost braces in \itemize; \value handles \item{}{} directly
checkRd: (-1) codon_usage_exp.Rd:77-80: Lost braces in \itemize; \value handles \item{}{} directly
checkRd: (-1) codon_usage_exp.Rd:81: Lost braces in \itemize; \value handles \item{}{} directly
checkRd: (-1) codon_usage_exp.Rd:82: Lost braces in \itemize; \value handles \item{}{} directly
checkRd: (-1) codon_usage_exp.Rd:83: Lost braces in \itemize; \value handles \item{}{} directly
checkRd: (-1) computeFeatures.Rd:76: Lost braces in \itemize; meant \describe ?
checkRd: (-1) computeFeatures.Rd:77: Lost braces in \itemize; meant \describe ?
checkRd: (-1) computeFeatures.Rd:78: Lost braces in \itemize; meant \describe ?
checkRd: (-1) computeFeatures.Rd:79: Lost braces in \itemize; meant \describe ?
checkRd: (-1) computeFeatures.Rd:80: Lost braces in \itemize; meant \describe ?
checkRd: (-1) computeFeatures.Rd:81: Lost braces in \itemize; meant \describe ?
checkRd: (-1) computeFeatures.Rd:82: Lost braces in \itemize; meant \describe ?
checkRd: (-1) computeFeatures.Rd:83: Lost braces in \itemize; meant \describe ?
checkRd: (-1) computeFeatures.Rd:84: Lost braces in \itemize; meant \describe ?
checkRd: (-1) computeFeatures.Rd:85: Lost braces in \itemize; meant \describe ?
checkRd: (-1) computeFeatures.Rd:86: Lost braces in \itemize; meant \describe ?
checkRd: (-1) computeFeatures.Rd:87: Lost braces in \itemize; meant \describe ?
checkRd: (-1) computeFeatures.Rd:88: Lost braces in \itemize; meant \describe ?
checkRd: (-1) computeFeatures.Rd:89: Lost braces in \itemize; meant \describe ?
checkRd: (-1) computeFeatures.Rd:93: Lost braces in \itemize; meant \describe ?
checkRd: (-1) computeFeatures.Rd:94: Lost braces in \itemize; meant \describe ?
checkRd: (-1) computeFeatures.Rd:95: Lost braces in \itemize; meant \describe ?
checkRd: (-1) computeFeatures.Rd:96: Lost braces in \itemize; meant \describe ?
checkRd: (-1) computeFeatures.Rd:97: Lost braces in \itemize; meant \describe ?
checkRd: (-1) computeFeatures.Rd:101: Lost braces in \itemize; meant \describe ?
checkRd: (-1) computeFeatures.Rd:102: Lost braces in \itemize; meant \describe ?
checkRd: (-1) computeFeatures.Rd:103: Lost braces in \itemize; meant \describe ?
checkRd: (-1) computeFeatures.Rd:104: Lost braces in \itemize; meant \describe ?
checkRd: (-1) coverageHeatMap.Rd:64: Lost braces in \itemize; meant \describe ?
checkRd: (-1) coverageHeatMap.Rd:65: Lost braces in \itemize; meant \describe ?
checkRd: (-1) coverageHeatMap.Rd:66: Lost braces in \itemize; meant \describe ?
checkRd: (-1) coverageHeatMap.Rd:80: Lost braces in \itemize; meant \describe ?
checkRd: (-1) coverageHeatMap.Rd:81: Lost braces in \itemize; meant \describe ?
checkRd: (-1) coverageHeatMap.Rd:82: Lost braces in \itemize; meant \describe ?
checkRd: (-1) coverageHeatMap.Rd:83: Lost braces in \itemize; meant \describe ?
checkRd: (-1) detect_ribo_orfs.Rd:36: Lost braces in \itemize; meant \describe ?
checkRd: (-1) detect_ribo_orfs.Rd:37: Lost braces in \itemize; meant \describe ?
checkRd: (-1) detect_ribo_orfs.Rd:38: Lost braces in \itemize; meant \describe ?
checkRd: (-1) detect_ribo_orfs.Rd:39: Lost braces in \itemize; meant \describe ?
checkRd: (-1) detect_ribo_orfs.Rd:40: Lost braces in \itemize; meant \describe ?
checkRd: (-1) detect_ribo_orfs.Rd:41: Lost braces in \itemize; meant \describe ?
checkRd: (-1) detect_ribo_orfs.Rd:42: Lost braces in \itemize; meant \describe ?
checkRd: (-1) detect_ribo_orfs.Rd:43: Lost braces in \itemize; meant \describe ?
checkRd: (-1) detect_ribo_orfs.Rd:44: Lost braces in \itemize; meant \describe ?
checkRd: (-1) experiment-class.Rd:16-17: Lost braces in \itemize; meant \describe ?
checkRd: (-1) experiment-class.Rd:18-19: Lost braces in \itemize; meant \describe ?
checkRd: (-1) experiment-class.Rd:20: Lost braces in \itemize; meant \describe ?
checkRd: (-1) experiment-class.Rd:21-22: Lost braces in \itemize; meant \describe ?
checkRd: (-1) experiment-class.Rd:23-27: Lost braces in \itemize; meant \describe ?
checkRd: (-1) experiment-class.Rd:28-29: Lost braces in \itemize; meant \describe ?
checkRd: (-1) readBam.Rd:13: Lost braces in \itemize; meant \describe ?
checkRd: (-1) readBam.Rd:14-16: Lost braces in \itemize; meant \describe ?
checkRd: (-1) readBam.Rd:17-20: Lost braces in \itemize; meant \describe ?
* checking Rd metadata ... OK
* checking Rd cross-references ... OK
* checking for missing documentation entries ... OK
* checking for code/documentation mismatches ... OK
* checking Rd \usage sections ... OK
* checking Rd contents ... OK
* checking for unstated dependencies in examples ... OK
* checking line endings in C/C++/Fortran sources/headers ... OK
* checking compiled code ... NOTE
Note: information on .o files is not available
* checking files in ‘vignettes’ ... OK
* checking examples ... ERROR
Running examples in ‘ORFik-Ex.R’ failed
The error most likely occurred in:
> base::assign(".ptime", proc.time(), pos = "CheckExEnv")
> ### Name: download.SRA.metadata
> ### Title: Downloads metadata from SRA
> ### Aliases: download.SRA.metadata
>
> ### ** Examples
>
> ## Originally on SRA
> download.SRA.metadata("SRP226389")
Error in open.connection(x, "rb") : HTTP error 500.
Calls: download.SRA.metadata ... read_xml.character -> read_xml.connection -> open -> open.connection
Execution halted
* checking for unstated dependencies in ‘tests’ ... OK
* checking tests ...
Running ‘testthat.R’
OK
* checking for unstated dependencies in vignettes ... OK
* checking package vignettes ... OK
* checking re-building of vignette outputs ... OK
* checking PDF version of manual ... OK
* DONE
Status: 1 ERROR, 6 NOTEs
See
‘/home/biocbuild/bbs-3.19-bioc/meat/ORFik.Rcheck/00check.log’
for details.
ORFik.Rcheck/00install.out
##############################################################################
##############################################################################
###
### Running command:
###
### /home/biocbuild/bbs-3.19-bioc/R/bin/R CMD INSTALL ORFik
###
##############################################################################
##############################################################################
* installing to library ‘/home/biocbuild/bbs-3.19-bioc/R/site-library’
* installing *source* package ‘ORFik’ ...
** using staged installation
** libs
using C++ compiler: ‘g++ (Ubuntu 11.4.0-1ubuntu1~22.04) 11.4.0’
g++ -std=gnu++17 -I"/home/biocbuild/bbs-3.19-bioc/R/include" -DNDEBUG -I'/home/biocbuild/bbs-3.19-bioc/R/site-library/Rcpp/include' -I/usr/local/include -fpic -g -O2 -Wall -c RcppExports.cpp -o RcppExports.o
g++ -std=gnu++17 -I"/home/biocbuild/bbs-3.19-bioc/R/include" -DNDEBUG -I'/home/biocbuild/bbs-3.19-bioc/R/site-library/Rcpp/include' -I/usr/local/include -fpic -g -O2 -Wall -c findORFsHelpers.cpp -o findORFsHelpers.o
findORFsHelpers.cpp: In function ‘Rcpp::IntegerMatrix orfs_as_matrix(std::string&, std::string, std::string, int)’:
findORFsHelpers.cpp:214:21: warning: comparison of integer expressions of different signedness: ‘int’ and ‘size_t’ {aka ‘long unsigned int’} [-Wsign-compare]
214 | for (int i = 0; i < uorfSize/2; i++) {
| ~~^~~~~~~~~~~~
g++ -std=gnu++17 -I"/home/biocbuild/bbs-3.19-bioc/R/include" -DNDEBUG -I'/home/biocbuild/bbs-3.19-bioc/R/site-library/Rcpp/include' -I/usr/local/include -fpic -g -O2 -Wall -c findOrfs.cpp -o findOrfs.o
g++ -std=gnu++17 -I"/home/biocbuild/bbs-3.19-bioc/R/include" -DNDEBUG -I'/home/biocbuild/bbs-3.19-bioc/R/site-library/Rcpp/include' -I/usr/local/include -fpic -g -O2 -Wall -c findOrfsFasta.cpp -o findOrfsFasta.o
g++ -std=gnu++17 -I"/home/biocbuild/bbs-3.19-bioc/R/include" -DNDEBUG -I'/home/biocbuild/bbs-3.19-bioc/R/site-library/Rcpp/include' -I/usr/local/include -fpic -g -O2 -Wall -c pmapFromTranscripts.cpp -o pmapFromTranscripts.o
pmapFromTranscripts.cpp: In function ‘Rcpp::List pmapFromTranscriptsCPP(const std::vector<int>&, const std::vector<int>&, const std::vector<int>&, const std::vector<int>&, const std::vector<int>&, const char&, bool)’:
pmapFromTranscripts.cpp:151:20: warning: comparison of integer expressions of different signedness: ‘int’ and ‘size_t’ {aka ‘long unsigned int’} [-Wsign-compare]
151 | for(auto i = 0;i < xSize; i++){
| ~~^~~~~~~
pmapFromTranscripts.cpp:155:21: warning: comparison of integer expressions of different signedness: ‘int’ and ‘size_t’ {aka ‘long unsigned int’} [-Wsign-compare]
155 | for(auto i = 0; i < indexSize; i++){
| ~~^~~~~~~~~~~
pmapFromTranscripts.cpp:161:21: warning: comparison of integer expressions of different signedness: ‘int’ and ‘size_t’ {aka ‘long unsigned int’} [-Wsign-compare]
161 | for(auto i = 1; i < indexSize; i++){
| ~~^~~~~~~~~~~
g++ -std=gnu++17 -I"/home/biocbuild/bbs-3.19-bioc/R/include" -DNDEBUG -I'/home/biocbuild/bbs-3.19-bioc/R/site-library/Rcpp/include' -I/usr/local/include -fpic -g -O2 -Wall -c pmapToTranscripts.cpp -o pmapToTranscripts.o
pmapToTranscripts.cpp: In function ‘void pmapToPositive(vi&, const int&, int&, const vi&, const vi&, const vi&, const vi&, const vi&, const vi&, const vi&, const vi&)’:
pmapToTranscripts.cpp:22:7: warning: variable ‘currentWidth’ set but not used [-Wunused-but-set-variable]
22 | int currentWidth = 0;
| ^~~~~~~~~~~~
pmapToTranscripts.cpp: In function ‘void pmapToNegative(vi&, const int&, int&, const vi&, const vi&, const vi&, const vi&, const vi&, const vi&, const vi&, const vi&)’:
pmapToTranscripts.cpp:68:7: warning: variable ‘currentWidth’ set but not used [-Wunused-but-set-variable]
68 | int currentWidth = 0;
| ^~~~~~~~~~~~
pmapToTranscripts.cpp: In function ‘Rcpp::List pmapToTranscriptsCPP(const std::vector<int>&, const std::vector<int>&, const std::vector<int>&, const std::vector<int>&, const std::vector<int>&, const char&, const std::vector<int>&)’:
pmapToTranscripts.cpp:126:20: warning: comparison of integer expressions of different signedness: ‘int’ and ‘size_t’ {aka ‘long unsigned int’} [-Wsign-compare]
126 | for(auto i = 0;i < xSize; i++){ // Width per exon in x
| ~~^~~~~~~
pmapToTranscripts.cpp:130:21: warning: comparison of integer expressions of different signedness: ‘int’ and ‘size_t’ {aka ‘long unsigned int’} [-Wsign-compare]
130 | for(auto i = 0; i < indexSize; i++){ // Width per exon in tx
| ~~^~~~~~~~~~~
pmapToTranscripts.cpp:136:21: warning: comparison of integer expressions of different signedness: ‘int’ and ‘size_t’ {aka ‘long unsigned int’} [-Wsign-compare]
136 | for(auto i = 1; i < indexSize; i++){
| ~~^~~~~~~~~~~
pmapToTranscripts.cpp:147:22: warning: comparison of integer expressions of different signedness: ‘int’ and ‘size_t’ {aka ‘long unsigned int’} [-Wsign-compare]
147 | for (auto i = 1; i < 2 * xSize; i = i + 2) {
| ~~^~~~~~~~~~~
g++ -std=gnu++17 -shared -L/home/biocbuild/bbs-3.19-bioc/R/lib -L/usr/local/lib -o ORFik.so RcppExports.o findORFsHelpers.o findOrfs.o findOrfsFasta.o pmapFromTranscripts.o pmapToTranscripts.o -L/home/biocbuild/bbs-3.19-bioc/R/lib -lR
installing to /home/biocbuild/bbs-3.19-bioc/R/site-library/00LOCK-ORFik/00new/ORFik/libs
** R
** inst
** byte-compile and prepare package for lazy loading
Creating a new generic function for ‘symbols’ in package ‘ORFik’
** help
*** installing help indices
** building package indices
** installing vignettes
** testing if installed package can be loaded from temporary location
** checking absolute paths in shared objects and dynamic libraries
** testing if installed package can be loaded from final location
** testing if installed package keeps a record of temporary installation path
* DONE (ORFik)
ORFik.Rcheck/tests/testthat.Rout
R version 4.4.1 (2024-06-14) -- "Race for Your Life"
Copyright (C) 2024 The R Foundation for Statistical Computing
Platform: x86_64-pc-linux-gnu
R is free software and comes with ABSOLUTELY NO WARRANTY.
You are welcome to redistribute it under certain conditions.
Type 'license()' or 'licence()' for distribution details.
R is a collaborative project with many contributors.
Type 'contributors()' for more information and
'citation()' on how to cite R or R packages in publications.
Type 'demo()' for some demos, 'help()' for on-line help, or
'help.start()' for an HTML browser interface to help.
Type 'q()' to quit R.
> library(testthat)
> library(ORFik)
Loading required package: IRanges
Loading required package: BiocGenerics
Attaching package: 'BiocGenerics'
The following objects are masked from 'package:stats':
IQR, mad, sd, var, xtabs
The following objects are masked from 'package:base':
Filter, Find, Map, Position, Reduce, anyDuplicated, aperm, append,
as.data.frame, basename, cbind, colnames, dirname, do.call,
duplicated, eval, evalq, get, grep, grepl, intersect, is.unsorted,
lapply, mapply, match, mget, order, paste, pmax, pmax.int, pmin,
pmin.int, rank, rbind, rownames, sapply, setdiff, table, tapply,
union, unique, unsplit, which.max, which.min
Loading required package: S4Vectors
Loading required package: stats4
Attaching package: 'S4Vectors'
The following object is masked from 'package:utils':
findMatches
The following objects are masked from 'package:base':
I, expand.grid, unname
Loading required package: GenomicRanges
Loading required package: GenomeInfoDb
Loading required package: GenomicAlignments
Loading required package: SummarizedExperiment
Loading required package: MatrixGenerics
Loading required package: matrixStats
Attaching package: 'MatrixGenerics'
The following objects are masked from 'package:matrixStats':
colAlls, colAnyNAs, colAnys, colAvgsPerRowSet, colCollapse,
colCounts, colCummaxs, colCummins, colCumprods, colCumsums,
colDiffs, colIQRDiffs, colIQRs, colLogSumExps, colMadDiffs,
colMads, colMaxs, colMeans2, colMedians, colMins, colOrderStats,
colProds, colQuantiles, colRanges, colRanks, colSdDiffs, colSds,
colSums2, colTabulates, colVarDiffs, colVars, colWeightedMads,
colWeightedMeans, colWeightedMedians, colWeightedSds,
colWeightedVars, rowAlls, rowAnyNAs, rowAnys, rowAvgsPerColSet,
rowCollapse, rowCounts, rowCummaxs, rowCummins, rowCumprods,
rowCumsums, rowDiffs, rowIQRDiffs, rowIQRs, rowLogSumExps,
rowMadDiffs, rowMads, rowMaxs, rowMeans2, rowMedians, rowMins,
rowOrderStats, rowProds, rowQuantiles, rowRanges, rowRanks,
rowSdDiffs, rowSds, rowSums2, rowTabulates, rowVarDiffs, rowVars,
rowWeightedMads, rowWeightedMeans, rowWeightedMedians,
rowWeightedSds, rowWeightedVars
Loading required package: Biobase
Welcome to Bioconductor
Vignettes contain introductory material; view with
'browseVignettes()'. To cite Bioconductor, see
'citation("Biobase")', and for packages 'citation("pkgname")'.
Attaching package: 'Biobase'
The following object is masked from 'package:MatrixGenerics':
rowMedians
The following objects are masked from 'package:matrixStats':
anyMissing, rowMedians
Loading required package: Biostrings
Loading required package: XVector
Attaching package: 'Biostrings'
The following object is masked from 'package:base':
strsplit
Loading required package: Rsamtools
Attaching package: 'ORFik'
The following object is masked from 'package:graphics':
symbols
>
> test_check("ORFik")
Error in x$.self$finalize() : attempt to apply non-function
Error in x$.self$finalize() : attempt to apply non-function
In addition: Warning message:
call dbDisconnect() when finished working with a connection
[ FAIL 0 | WARN 0 | SKIP 0 | PASS 418 ]
>
> proc.time()
user system elapsed
137.004 15.910 217.350
ORFik.Rcheck/ORFik-Ex.timings
| name | user | system | elapsed | |
| DEG.analysis | 0.747 | 0.020 | 0.767 | |
| DEG.plot.static | 0.801 | 0.064 | 0.866 | |
| DEG_model | 1.785 | 0.108 | 1.893 | |
| DEG_model_results | 0.399 | 0.004 | 0.403 | |
| DEG_model_simple | 0.358 | 0.059 | 0.417 | |
| DTEG.analysis | 0.409 | 0.088 | 0.497 | |
| DTEG.plot | 0.392 | 0.052 | 0.444 | |
| ORFik.template.experiment | 0.411 | 0.019 | 0.430 | |
| ORFik.template.experiment.zf | 0.058 | 0.000 | 0.059 | |
| ORFikQC | 0.457 | 0.000 | 0.527 | |
| QCreport | 0.591 | 0.000 | 0.592 | |
| QCstats | 0.428 | 0.000 | 0.428 | |
| QCstats.plot | 0.764 | 0.007 | 0.772 | |
| RiboQC.plot | 0.830 | 0.004 | 0.943 | |
| STAR.align.folder | 0.000 | 0.000 | 0.001 | |
| STAR.align.single | 0.001 | 0.000 | 0.000 | |
| STAR.index | 0.001 | 0.000 | 0.000 | |
| STAR.install | 0 | 0 | 0 | |
| STAR.remove.crashed.genome | 0 | 0 | 0 | |
| TOP.Motif.ecdf | 0.001 | 0.000 | 0.000 | |
| artificial.orfs | 0.699 | 0.015 | 1.561 | |
| asTX | 1.421 | 0.052 | 1.778 | |
| assignTSSByCage | 0.001 | 0.004 | 0.022 | |
| bamVarName | 1.397 | 0.059 | 1.496 | |
| browseSRA | 0.001 | 0.000 | 0.000 | |
| codon_usage | 7.895 | 0.503 | 12.861 | |
| codon_usage_exp | 22.796 | 1.527 | 25.671 | |
| codon_usage_plot | 7.615 | 0.672 | 8.943 | |
| collapse.by.scores | 0.231 | 0.009 | 0.310 | |
| collapse.fastq | 0.001 | 0.000 | 0.001 | |
| collapseDuplicatedReads-GAlignmentPairs-method | 0.136 | 0.008 | 0.185 | |
| collapseDuplicatedReads-GAlignments-method | 0.059 | 0.004 | 0.084 | |
| collapseDuplicatedReads-GRanges-method | 0.059 | 0.012 | 0.102 | |
| collapseDuplicatedReads-data.table-method | 0.049 | 0.016 | 0.091 | |
| collapseDuplicatedReads | 0.059 | 0.008 | 0.089 | |
| combn.pairs | 0.793 | 0.041 | 0.963 | |
| computeFeatures | 9.207 | 0.171 | 10.246 | |
| computeFeaturesCage | 0 | 0 | 0 | |
| config | 0 | 0 | 0 | |
| config.exper | 0 | 0 | 0 | |
| config.save | 0 | 0 | 0 | |
| config_file | 0.192 | 0.012 | 0.204 | |
| convertLibs | 0.655 | 0.008 | 0.663 | |
| convertToOneBasedRanges | 0.203 | 0.000 | 0.203 | |
| convert_bam_to_ofst | 0.249 | 0.012 | 0.255 | |
| convert_to_bigWig | 0.926 | 0.008 | 2.046 | |
| convert_to_covRle | 0.452 | 0.000 | 0.452 | |
| convert_to_covRleList | 0.789 | 0.004 | 0.870 | |
| countOverlapsW | 0.057 | 0.000 | 0.057 | |
| countTable | 0.353 | 0.000 | 0.354 | |
| countTable_regions | 0.358 | 0.000 | 0.357 | |
| covRle | 0.04 | 0.00 | 0.04 | |
| covRleFromGR | 0.068 | 0.000 | 0.068 | |
| covRleList | 0.013 | 0.000 | 0.013 | |
| coverageHeatMap | 1.036 | 0.016 | 1.035 | |
| coveragePerTiling | 0.568 | 0.000 | 0.568 | |
| coverageScorings | 0.021 | 0.000 | 0.414 | |
| create.experiment | 0.362 | 0.004 | 0.355 | |
| defineTrailer | 0.136 | 0.000 | 0.136 | |
| design-experiment-method | 0.459 | 0.000 | 0.471 | |
| detectRibosomeShifts | 0.003 | 0.000 | 0.004 | |
| detect_ribo_orfs | 5.924 | 0.700 | 18.932 | |
| disengagementScore | 0.373 | 0.015 | 0.390 | |
| distToCds | 0.194 | 0.001 | 0.233 | |
| distToTSS | 0.152 | 0.000 | 0.151 | |
| download.SRA | 0 | 0 | 0 | |