| Back to Multiple platform build/check report for BioC 3.19: simplified long |
|
This page was generated on 2024-06-11 14:43 -0400 (Tue, 11 Jun 2024).
| Hostname | OS | Arch (*) | R version | Installed pkgs |
|---|---|---|---|---|
| nebbiolo1 | Linux (Ubuntu 22.04.3 LTS) | x86_64 | 4.4.0 (2024-04-24) -- "Puppy Cup" | 4757 |
| palomino3 | Windows Server 2022 Datacenter | x64 | 4.4.0 (2024-04-24 ucrt) -- "Puppy Cup" | 4491 |
| lconway | macOS 12.7.1 Monterey | x86_64 | 4.4.0 (2024-04-24) -- "Puppy Cup" | 4522 |
| kjohnson3 | macOS 13.6.5 Ventura | arm64 | 4.4.0 (2024-04-24) -- "Puppy Cup" | 4468 |
| Click on any hostname to see more info about the system (e.g. compilers) (*) as reported by 'uname -p', except on Windows and Mac OS X | ||||
| Package 1204/2300 | Hostname | OS / Arch | INSTALL | BUILD | CHECK | BUILD BIN | ||||||||
| MesKit 1.14.0 (landing page) Mengni Liu
| nebbiolo1 | Linux (Ubuntu 22.04.3 LTS) / x86_64 | OK | OK | WARNINGS | |||||||||
| palomino3 | Windows Server 2022 Datacenter / x64 | OK | OK | WARNINGS | OK | |||||||||
| lconway | macOS 12.7.1 Monterey / x86_64 | OK | OK | WARNINGS | OK | |||||||||
| kjohnson3 | macOS 13.6.5 Ventura / arm64 | OK | OK | WARNINGS | OK | |||||||||
|
To the developers/maintainers of the MesKit package: - Allow up to 24 hours (and sometimes 48 hours) for your latest push to git@git.bioconductor.org:packages/MesKit.git to reflect on this report. See Troubleshooting Build Report for more information. - Use the following Renviron settings to reproduce errors and warnings. - If 'R CMD check' started to fail recently on the Linux builder(s) over a missing dependency, add the missing dependency to 'Suggests:' in your DESCRIPTION file. See Renviron.bioc for more information. |
| Package: MesKit |
| Version: 1.14.0 |
| Command: /Library/Frameworks/R.framework/Resources/bin/R CMD check --install=check:MesKit.install-out.txt --library=/Library/Frameworks/R.framework/Resources/library --no-vignettes --timings MesKit_1.14.0.tar.gz |
| StartedAt: 2024-06-10 21:03:27 -0400 (Mon, 10 Jun 2024) |
| EndedAt: 2024-06-10 21:18:16 -0400 (Mon, 10 Jun 2024) |
| EllapsedTime: 889.1 seconds |
| RetCode: 0 |
| Status: WARNINGS |
| CheckDir: MesKit.Rcheck |
| Warnings: 1 |
##############################################################################
##############################################################################
###
### Running command:
###
### /Library/Frameworks/R.framework/Resources/bin/R CMD check --install=check:MesKit.install-out.txt --library=/Library/Frameworks/R.framework/Resources/library --no-vignettes --timings MesKit_1.14.0.tar.gz
###
##############################################################################
##############################################################################
* using log directory ‘/Users/biocbuild/bbs-3.19-bioc/meat/MesKit.Rcheck’
* using R version 4.4.0 (2024-04-24)
* using platform: aarch64-apple-darwin20
* R was compiled by
Apple clang version 14.0.0 (clang-1400.0.29.202)
GNU Fortran (GCC) 12.2.0
* running under: macOS Ventura 13.6.5
* using session charset: UTF-8
* using option ‘--no-vignettes’
* checking for file ‘MesKit/DESCRIPTION’ ... OK
* checking extension type ... Package
* this is package ‘MesKit’ version ‘1.14.0’
* package encoding: UTF-8
* checking package namespace information ... OK
* checking package dependencies ... OK
* checking if this is a source package ... OK
* checking if there is a namespace ... OK
* checking for hidden files and directories ... OK
* checking for portable file names ... OK
* checking for sufficient/correct file permissions ... OK
* checking whether package ‘MesKit’ can be installed ... WARNING
Found the following significant warnings:
Warning: replacing previous import ‘ape::degree’ by ‘circlize::degree’ when loading ‘MesKit’
Warning: replacing previous import ‘ape::where’ by ‘dplyr::where’ when loading ‘MesKit’
See ‘/Users/biocbuild/bbs-3.19-bioc/meat/MesKit.Rcheck/00install.out’ for details.
* checking installed package size ... NOTE
installed size is 5.9Mb
sub-directories of 1Mb or more:
extdata 4.9Mb
* checking package directory ... OK
* checking ‘build’ directory ... OK
* checking DESCRIPTION meta-information ... OK
* checking top-level files ... NOTE
File
LICENSE
is not mentioned in the DESCRIPTION file.
* checking for left-over files ... OK
* checking index information ... OK
* checking package subdirectories ... OK
* checking code files for non-ASCII characters ... OK
* checking R files for syntax errors ... OK
* checking whether the package can be loaded ... OK
* checking whether the package can be loaded with stated dependencies ... OK
* checking whether the package can be unloaded cleanly ... OK
* checking whether the namespace can be loaded with stated dependencies ... OK
* checking whether the namespace can be unloaded cleanly ... OK
* checking dependencies in R code ... OK
* checking S3 generic/method consistency ... OK
* checking replacement functions ... OK
* checking foreign function calls ... OK
* checking R code for possible problems ... NOTE
calJSI : processJSI: no visible binding for global variable ‘CCF’
cna2gene: no visible global function definition for ‘genes’
cna2gene: no visible binding for global variable ‘org.Hs.eg.db’
cna2gene: no visible binding for global variable ‘seqnames’
cna2gene: no visible binding for global variable ‘Chromosome’
cna2gene: no visible binding for global variable ‘Hugo_Symbol’
cna2gene: no visible binding for global variable ‘Start_Position’
cna2gene: no visible binding for global variable ‘End_Position’
cna2gene: no visible binding for global variable ‘i.End_Position’
cna2gene: no visible binding for global variable ‘i.Start_Position’
cna2gene: no visible binding for global variable ‘Patient_ID’
cna2gene: no visible binding for global variable ‘Tumor_Sample_Barcode’
cna2gene: no visible binding for global variable ‘seg_id’
cna2gene: no visible binding for global variable ‘overlap_width’
copyNumberFilter: no visible binding for global variable ‘Patient_ID’
drawVAFCombine: no visible binding for global variable ‘V’
drawVAFCombineVline: no visible binding for global variable ‘V’
fitSignatures : processFitSig: no visible binding for global variable
‘Branch’
fitSignatures : processFitSig: no visible binding for global variable
‘Original’
fitSignatures : processFitSig: no visible binding for global variable
‘Reconstructed’
mutCluster : processVafcluster_sample: no visible binding for global
variable ‘cluster’
plotCNA: no visible binding for global variable ‘Cytoband’
plotCNA: no visible binding for global variable ‘Cytoband_pos’
plotCNA: no visible binding for global variable ‘gene_id’
plotCNA: no visible binding for global variable ‘gene_pos’
plotCNA: no visible binding for global variable ‘Hugo_Symbol’
plotTree: no visible binding for global variable ‘is.match’
plotTree: no visible binding for global variable ‘x’
plotTree: no visible binding for global variable ‘y’
plotTree: no visible binding for global variable ‘xend’
plotTree: no visible binding for global variable ‘yend’
Undefined global functions or variables:
Branch CCF Chromosome Cytoband Cytoband_pos End_Position Hugo_Symbol
Original Patient_ID Reconstructed Start_Position Tumor_Sample_Barcode
V cluster gene_id gene_pos genes i.End_Position i.Start_Position
is.match org.Hs.eg.db overlap_width seg_id seqnames x xend y yend
* checking Rd files ... OK
* checking Rd metadata ... OK
* checking Rd cross-references ... OK
* checking for missing documentation entries ... OK
* checking for code/documentation mismatches ... OK
* checking Rd \usage sections ... OK
* checking Rd contents ... OK
* checking for unstated dependencies in examples ... OK
* checking files in ‘vignettes’ ... OK
* checking examples ... OK
Examples with CPU (user + system) or elapsed time > 5s
user system elapsed
cna2gene 24.155 0.790 39.374
getCCFMatrix 17.079 0.319 26.639
calFst 16.892 0.276 24.091
getBranchType 15.779 0.192 24.098
plotMutSigProfile 15.264 0.311 22.893
getBootstrapValue 15.357 0.206 23.478
getBinaryMatrix 15.088 0.237 23.099
getTreeMethod 14.542 0.174 22.484
getPhyloTreeTsbLabel 14.295 0.294 21.185
getMutBranches 14.075 0.368 21.794
getPhyloTreePatient 14.234 0.171 22.041
getTree 14.202 0.151 21.830
getPhyloTreeRef 14.137 0.144 21.387
getPhyloTree 13.673 0.195 20.534
mutHeatmap 13.318 0.230 20.566
compareCCF 12.390 0.832 18.745
calNeiDist 12.391 0.171 18.652
compareTree 10.913 0.179 16.711
calJSI 10.781 0.114 14.943
fitSignatures 10.178 0.298 16.070
mutTrunkBranch 10.138 0.234 15.653
mutCluster 9.893 0.375 15.608
ccfAUC 9.968 0.133 14.888
classifyMut 9.136 0.360 14.108
plotMutProfile 9.173 0.096 13.166
testNeutral 9.118 0.148 14.092
triMatrix 9.030 0.218 13.557
plotPhyloTree 8.378 0.100 12.770
mathScore 7.359 0.074 11.121
getSampleInfo 7.113 0.075 11.021
getNonSyn_vc 6.847 0.069 10.260
subMaf 6.806 0.085 10.371
readMaf 6.774 0.079 10.479
getMafRef 6.736 0.069 10.155
getMafPatient 6.584 0.066 9.761
getMafData 6.548 0.064 9.764
* checking for unstated dependencies in vignettes ... OK
* checking package vignettes ... OK
* checking running R code from vignettes ... SKIPPED
* checking re-building of vignette outputs ... SKIPPED
* checking PDF version of manual ... OK
* DONE
Status: 1 WARNING, 3 NOTEs
See
‘/Users/biocbuild/bbs-3.19-bioc/meat/MesKit.Rcheck/00check.log’
for details.
MesKit.Rcheck/00install.out
############################################################################## ############################################################################## ### ### Running command: ### ### /Library/Frameworks/R.framework/Resources/bin/R CMD INSTALL MesKit ### ############################################################################## ############################################################################## * installing to library ‘/Library/Frameworks/R.framework/Versions/4.4-arm64/Resources/library’ * installing *source* package ‘MesKit’ ... ** using staged installation ** R ** inst ** byte-compile and prepare package for lazy loading Warning: replacing previous import ‘ape::degree’ by ‘circlize::degree’ when loading ‘MesKit’ Warning: replacing previous import ‘ape::where’ by ‘dplyr::where’ when loading ‘MesKit’ ** help *** installing help indices ** building package indices ** installing vignettes ** testing if installed package can be loaded from temporary location Warning: replacing previous import ‘ape::degree’ by ‘circlize::degree’ when loading ‘MesKit’ Warning: replacing previous import ‘ape::where’ by ‘dplyr::where’ when loading ‘MesKit’ ** testing if installed package can be loaded from final location Warning: replacing previous import ‘ape::degree’ by ‘circlize::degree’ when loading ‘MesKit’ Warning: replacing previous import ‘ape::where’ by ‘dplyr::where’ when loading ‘MesKit’ ** testing if installed package keeps a record of temporary installation path * DONE (MesKit)
MesKit.Rcheck/MesKit-Ex.timings
| name | user | system | elapsed | |
| calFst | 16.892 | 0.276 | 24.091 | |
| calJSI | 10.781 | 0.114 | 14.943 | |
| calNeiDist | 12.391 | 0.171 | 18.652 | |
| ccfAUC | 9.968 | 0.133 | 14.888 | |
| classifyMut | 9.136 | 0.360 | 14.108 | |
| cna2gene | 24.155 | 0.790 | 39.374 | |
| compareCCF | 12.390 | 0.832 | 18.745 | |
| compareTree | 10.913 | 0.179 | 16.711 | |
| fitSignatures | 10.178 | 0.298 | 16.070 | |
| getBinaryMatrix | 15.088 | 0.237 | 23.099 | |
| getBootstrapValue | 15.357 | 0.206 | 23.478 | |
| getBranchType | 15.779 | 0.192 | 24.098 | |
| getCCFMatrix | 17.079 | 0.319 | 26.639 | |
| getMafData | 6.548 | 0.064 | 9.764 | |
| getMafPatient | 6.584 | 0.066 | 9.761 | |
| getMafRef | 6.736 | 0.069 | 10.155 | |
| getMutBranches | 14.075 | 0.368 | 21.794 | |
| getNonSyn_vc | 6.847 | 0.069 | 10.260 | |
| getPhyloTree | 13.673 | 0.195 | 20.534 | |
| getPhyloTreePatient | 14.234 | 0.171 | 22.041 | |
| getPhyloTreeRef | 14.137 | 0.144 | 21.387 | |
| getPhyloTreeTsbLabel | 14.295 | 0.294 | 21.185 | |
| getSampleInfo | 7.113 | 0.075 | 11.021 | |
| getTree | 14.202 | 0.151 | 21.830 | |
| getTreeMethod | 14.542 | 0.174 | 22.484 | |
| mathScore | 7.359 | 0.074 | 11.121 | |
| mutCluster | 9.893 | 0.375 | 15.608 | |
| mutHeatmap | 13.318 | 0.230 | 20.566 | |
| mutTrunkBranch | 10.138 | 0.234 | 15.653 | |
| plotCNA | 2.857 | 0.053 | 4.428 | |
| plotMutProfile | 9.173 | 0.096 | 13.166 | |
| plotMutSigProfile | 15.264 | 0.311 | 22.893 | |
| plotPhyloTree | 8.378 | 0.100 | 12.770 | |
| readMaf | 6.774 | 0.079 | 10.479 | |
| readSegment | 0.385 | 0.011 | 0.579 | |
| runMesKit | 0 | 0 | 0 | |
| subMaf | 6.806 | 0.085 | 10.371 | |
| testNeutral | 9.118 | 0.148 | 14.092 | |
| triMatrix | 9.030 | 0.218 | 13.557 | |