| Back to Multiple platform build/check report for BioC 3.19: simplified long |
|
This page was generated on 2024-06-11 14:44 -0400 (Tue, 11 Jun 2024).
| Hostname | OS | Arch (*) | R version | Installed pkgs |
|---|---|---|---|---|
| nebbiolo1 | Linux (Ubuntu 22.04.3 LTS) | x86_64 | 4.4.0 (2024-04-24) -- "Puppy Cup" | 4757 |
| palomino3 | Windows Server 2022 Datacenter | x64 | 4.4.0 (2024-04-24 ucrt) -- "Puppy Cup" | 4491 |
| lconway | macOS 12.7.1 Monterey | x86_64 | 4.4.0 (2024-04-24) -- "Puppy Cup" | 4522 |
| kjohnson3 | macOS 13.6.5 Ventura | arm64 | 4.4.0 (2024-04-24) -- "Puppy Cup" | 4468 |
| Click on any hostname to see more info about the system (e.g. compilers) (*) as reported by 'uname -p', except on Windows and Mac OS X | ||||
| Package 1360/2300 | Hostname | OS / Arch | INSTALL | BUILD | CHECK | BUILD BIN | ||||||||
| MSstats 4.12.0 (landing page) Meena Choi
| nebbiolo1 | Linux (Ubuntu 22.04.3 LTS) / x86_64 | OK | OK | WARNINGS | |||||||||
| palomino3 | Windows Server 2022 Datacenter / x64 | OK | OK | WARNINGS | OK | |||||||||
| lconway | macOS 12.7.1 Monterey / x86_64 | OK | OK | WARNINGS | OK | |||||||||
| kjohnson3 | macOS 13.6.5 Ventura / arm64 | OK | OK | WARNINGS | OK | |||||||||
|
To the developers/maintainers of the MSstats package: - Allow up to 24 hours (and sometimes 48 hours) for your latest push to git@git.bioconductor.org:packages/MSstats.git to reflect on this report. See Troubleshooting Build Report for more information. - Use the following Renviron settings to reproduce errors and warnings. - If 'R CMD check' started to fail recently on the Linux builder(s) over a missing dependency, add the missing dependency to 'Suggests:' in your DESCRIPTION file. See Renviron.bioc for more information. |
| Package: MSstats |
| Version: 4.12.0 |
| Command: /Library/Frameworks/R.framework/Resources/bin/R CMD check --install=check:MSstats.install-out.txt --library=/Library/Frameworks/R.framework/Resources/library --no-vignettes --timings MSstats_4.12.0.tar.gz |
| StartedAt: 2024-06-10 23:06:31 -0400 (Mon, 10 Jun 2024) |
| EndedAt: 2024-06-10 23:09:47 -0400 (Mon, 10 Jun 2024) |
| EllapsedTime: 195.9 seconds |
| RetCode: 0 |
| Status: WARNINGS |
| CheckDir: MSstats.Rcheck |
| Warnings: 2 |
##############################################################################
##############################################################################
###
### Running command:
###
### /Library/Frameworks/R.framework/Resources/bin/R CMD check --install=check:MSstats.install-out.txt --library=/Library/Frameworks/R.framework/Resources/library --no-vignettes --timings MSstats_4.12.0.tar.gz
###
##############################################################################
##############################################################################
* using log directory ‘/Users/biocbuild/bbs-3.19-bioc/meat/MSstats.Rcheck’
* using R version 4.4.0 (2024-04-24)
* using platform: aarch64-apple-darwin20
* R was compiled by
Apple clang version 14.0.0 (clang-1400.0.29.202)
GNU Fortran (GCC) 12.2.0
* running under: macOS Ventura 13.6.5
* using session charset: UTF-8
* using option ‘--no-vignettes’
* checking for file ‘MSstats/DESCRIPTION’ ... OK
* this is package ‘MSstats’ version ‘4.12.0’
* package encoding: UTF-8
* checking package namespace information ... OK
* checking package dependencies ... OK
* checking if this is a source package ... OK
* checking if there is a namespace ... OK
* checking for hidden files and directories ... OK
* checking for portable file names ... OK
* checking for sufficient/correct file permissions ... OK
* checking whether package ‘MSstats’ can be installed ... WARNING
Found the following significant warnings:
linear_summary.cpp:65:9: warning: use of bitwise '&' with boolean operands [-Wbitwise-instead-of-logical]
linear_summary.cpp:88:9: warning: use of bitwise '&' with boolean operands [-Wbitwise-instead-of-logical]
See ‘/Users/biocbuild/bbs-3.19-bioc/meat/MSstats.Rcheck/00install.out’ for details.
* used C++ compiler: ‘Apple clang version 15.0.0 (clang-1500.1.0.2.5)’
* used SDK: ‘MacOSX11.3.sdk’
* checking C++ specification ... NOTE
Specified C++11: please drop specification unless essential
* checking installed package size ... OK
* checking package directory ... OK
* checking ‘build’ directory ... OK
* checking DESCRIPTION meta-information ... OK
* checking top-level files ... OK
* checking for left-over files ... OK
* checking index information ... OK
* checking package subdirectories ... OK
* checking code files for non-ASCII characters ... OK
* checking R files for syntax errors ... OK
* checking whether the package can be loaded ... OK
* checking whether the package can be loaded with stated dependencies ... OK
* checking whether the package can be unloaded cleanly ... OK
* checking whether the namespace can be loaded with stated dependencies ... OK
* checking whether the namespace can be unloaded cleanly ... OK
* checking whether startup messages can be suppressed ... OK
* checking dependencies in R code ... NOTE
Namespace in Imports field not imported from: ‘statmod’
All declared Imports should be used.
Unexported object imported by a ':::' call: ‘MSstatsConvert:::.standardizeColnames’
See the note in ?`:::` about the use of this operator.
* checking S3 generic/method consistency ... OK
* checking replacement functions ... OK
* checking foreign function calls ... OK
* checking R code for possible problems ... NOTE
.plotHeatmap : <anonymous>: no visible global function definition for
‘col2rgb’
.plotProfile: no visible binding for global variable ‘newABUNDANCE’
.savePlotlyPlotHTML: no visible global function definition for ‘zip’
.setCensoredByThreshold: no visible binding for global variable
‘any_censored’
DIANNtoMSstatsFormat: no visible binding for global variable
‘DetectionQValue’
DIANNtoMSstatsFormat: no visible binding for global variable
‘LibPGQValue’
DIANNtoMSstatsFormat: no visible binding for global variable
‘LibQValue’
DIANNtoMSstatsFormat: no visible binding for global variable
‘GlobalPGQValue’
DIANNtoMSstatsFormat: no visible binding for global variable
‘GlobalQValue’
MSstatsPrepareForSummarization: no visible binding for global variable
‘ref’
MSstatsPrepareForSummarization: no visible binding for global variable
‘LABEL’
MSstatsPrepareForSummarization: no visible binding for global variable
‘RUN’
SDRFtoAnnotation: no visible binding for global variable
‘..extract_cols’
extractSDRF: no visible binding for global variable ‘..extract_cols’
Undefined global functions or variables:
..extract_cols DetectionQValue GlobalPGQValue GlobalQValue LABEL
LibPGQValue LibQValue RUN any_censored col2rgb newABUNDANCE ref zip
Consider adding
importFrom("grDevices", "col2rgb")
importFrom("utils", "zip")
to your NAMESPACE file.
* checking Rd files ... NOTE
checkRd: (-1) MSstatsSummarizationOutput.Rd:35: Lost braces in \itemize; \value handles \item{}{} directly
checkRd: (-1) MSstatsSummarizationOutput.Rd:36: Lost braces in \itemize; \value handles \item{}{} directly
checkRd: (-1) MSstatsSummarizationOutput.Rd:37: Lost braces in \itemize; \value handles \item{}{} directly
* checking Rd metadata ... OK
* checking Rd cross-references ... OK
* checking for missing documentation entries ... WARNING
Undocumented code objects:
‘example_SDRF’
Undocumented data sets:
‘example_SDRF’
All user-level objects in a package should have documentation entries.
See chapter ‘Writing R documentation files’ in the ‘Writing R
Extensions’ manual.
* checking for code/documentation mismatches ... OK
* checking Rd \usage sections ... NOTE
Documented arguments not in \usage in Rd file 'dot-documentFunction.Rd':
‘removeFewMeasurements’ ‘useUniquePeptide’ ‘summaryforMultipleRows’
‘removeProtein_with1Feature’ ‘removeProtein_with1Peptide’
‘removeOxidationMpeptides’ ‘removeMpeptides’ ‘use_log_file’ ‘append’
‘verbose’ ‘log_file_path’
Documented arguments not in \usage in Rd file 'dot-getContrast.Rd':
‘contrast_matrix’
Documented arguments not in \usage in Rd file 'dot-getSingleProteinForProfile.Rd':
‘dataProcess’
Documented arguments not in \usage in Rd file 'dot-getWideTable.Rd':
‘vector’
Functions with \usage entries need to have the appropriate \alias
entries, and all their arguments documented.
The \usage entries must correspond to syntactically valid R code.
See chapter ‘Writing R documentation files’ in the ‘Writing R
Extensions’ manual.
* checking Rd contents ... OK
* checking for unstated dependencies in examples ... OK
* checking contents of ‘data’ directory ... OK
* checking data for non-ASCII characters ... OK
* checking LazyData ... OK
* checking data for ASCII and uncompressed saves ... OK
* checking line endings in C/C++/Fortran sources/headers ... OK
* checking line endings in Makefiles ... OK
* checking compilation flags in Makevars ... OK
* checking for GNU extensions in Makefiles ... OK
* checking for portable use of $(BLAS_LIBS) and $(LAPACK_LIBS) ... OK
* checking use of PKG_*FLAGS in Makefiles ... OK
* checking compiled code ... NOTE
Note: information on .o files is not available
* checking files in ‘vignettes’ ... OK
* checking examples ... OK
Examples with CPU (user + system) or elapsed time > 5s
user system elapsed
dataProcessPlots 6.291 0.101 8.577
dot-makeQCPlot 5.659 0.087 7.973
* checking for unstated dependencies in ‘tests’ ... OK
* checking tests ...
Running ‘tinytest.R’
OK
* checking for unstated dependencies in vignettes ... OK
* checking package vignettes ... OK
* checking running R code from vignettes ... SKIPPED
* checking re-building of vignette outputs ... SKIPPED
* checking PDF version of manual ... OK
* DONE
Status: 2 WARNINGs, 6 NOTEs
See
‘/Users/biocbuild/bbs-3.19-bioc/meat/MSstats.Rcheck/00check.log’
for details.
MSstats.Rcheck/00install.out
##############################################################################
##############################################################################
###
### Running command:
###
### /Library/Frameworks/R.framework/Resources/bin/R CMD INSTALL MSstats
###
##############################################################################
##############################################################################
* installing to library ‘/Library/Frameworks/R.framework/Versions/4.4-arm64/Resources/library’
* installing *source* package ‘MSstats’ ...
** using staged installation
** libs
using C++ compiler: ‘Apple clang version 15.0.0 (clang-1500.1.0.2.5)’
using C++11
using SDK: ‘MacOSX11.3.sdk’
clang++ -arch arm64 -std=gnu++11 -I"/Library/Frameworks/R.framework/Resources/include" -DNDEBUG -I'/Library/Frameworks/R.framework/Versions/4.4-arm64/Resources/library/Rcpp/include' -I'/Library/Frameworks/R.framework/Versions/4.4-arm64/Resources/library/RcppArmadillo/include' -I/opt/R/arm64/include -fPIC -falign-functions=64 -Wall -g -O2 -c RcppExports.cpp -o RcppExports.o
clang++ -arch arm64 -std=gnu++11 -I"/Library/Frameworks/R.framework/Resources/include" -DNDEBUG -I'/Library/Frameworks/R.framework/Versions/4.4-arm64/Resources/library/Rcpp/include' -I'/Library/Frameworks/R.framework/Versions/4.4-arm64/Resources/library/RcppArmadillo/include' -I/opt/R/arm64/include -fPIC -falign-functions=64 -Wall -g -O2 -c common.cpp -o common.o
clang++ -arch arm64 -std=gnu++11 -I"/Library/Frameworks/R.framework/Resources/include" -DNDEBUG -I'/Library/Frameworks/R.framework/Versions/4.4-arm64/Resources/library/Rcpp/include' -I'/Library/Frameworks/R.framework/Versions/4.4-arm64/Resources/library/RcppArmadillo/include' -I/opt/R/arm64/include -fPIC -falign-functions=64 -Wall -g -O2 -c comparison_contrasts.cpp -o comparison_contrasts.o
clang++ -arch arm64 -std=gnu++11 -I"/Library/Frameworks/R.framework/Resources/include" -DNDEBUG -I'/Library/Frameworks/R.framework/Versions/4.4-arm64/Resources/library/Rcpp/include' -I'/Library/Frameworks/R.framework/Versions/4.4-arm64/Resources/library/RcppArmadillo/include' -I/opt/R/arm64/include -fPIC -falign-functions=64 -Wall -g -O2 -c linear_summary.cpp -o linear_summary.o
linear_summary.cpp:65:9: warning: use of bitwise '&' with boolean operands [-Wbitwise-instead-of-logical]
if ((find_ref.length() != 0) & !(find_ref[0] == -1)) {
^~~~~~~~~~~~~~~~~~~~~~~~~~~~~~~~~~~~~~~~~~~~~~~
&&
linear_summary.cpp:65:9: note: cast one or both operands to int to silence this warning
linear_summary.cpp:88:9: warning: use of bitwise '&' with boolean operands [-Wbitwise-instead-of-logical]
if ((find_run_feature.length() != 0) & !(find_run_feature[0] == -1)) {
^~~~~~~~~~~~~~~~~~~~~~~~~~~~~~~~~~~~~~~~~~~~~~~~~~~~~~~~~~~~~~~
&&
linear_summary.cpp:88:9: note: cast one or both operands to int to silence this warning
2 warnings generated.
clang++ -arch arm64 -std=gnu++11 -I"/Library/Frameworks/R.framework/Resources/include" -DNDEBUG -I'/Library/Frameworks/R.framework/Versions/4.4-arm64/Resources/library/Rcpp/include' -I'/Library/Frameworks/R.framework/Versions/4.4-arm64/Resources/library/RcppArmadillo/include' -I/opt/R/arm64/include -fPIC -falign-functions=64 -Wall -g -O2 -c median_polish.cpp -o median_polish.o
clang++ -arch arm64 -std=gnu++11 -dynamiclib -Wl,-headerpad_max_install_names -undefined dynamic_lookup -L/Library/Frameworks/R.framework/Resources/lib -L/opt/R/arm64/lib -o MSstats.so RcppExports.o common.o comparison_contrasts.o linear_summary.o median_polish.o -L/Library/Frameworks/R.framework/Resources/lib -lRlapack -L/Library/Frameworks/R.framework/Resources/lib -lRblas -L/opt/gfortran/lib/gcc/aarch64-apple-darwin20.0/12.2.0 -L/opt/gfortran/lib -lgfortran -lemutls_w -lquadmath -F/Library/Frameworks/R.framework/.. -framework R -Wl,-framework -Wl,CoreFoundation
installing to /Library/Frameworks/R.framework/Versions/4.4-arm64/Resources/library/00LOCK-MSstats/00new/MSstats/libs
** R
** data
*** moving datasets to lazyload DB
** inst
** byte-compile and prepare package for lazy loading
** help
*** installing help indices
** building package indices
** installing vignettes
** testing if installed package can be loaded from temporary location
** checking absolute paths in shared objects and dynamic libraries
** testing if installed package can be loaded from final location
** testing if installed package keeps a record of temporary installation path
* DONE (MSstats)
MSstats.Rcheck/tests/tinytest.Rout
R version 4.4.0 (2024-04-24) -- "Puppy Cup"
Copyright (C) 2024 The R Foundation for Statistical Computing
Platform: aarch64-apple-darwin20
R is free software and comes with ABSOLUTELY NO WARRANTY.
You are welcome to redistribute it under certain conditions.
Type 'license()' or 'licence()' for distribution details.
R is a collaborative project with many contributors.
Type 'contributors()' for more information and
'citation()' on how to cite R or R packages in publications.
Type 'demo()' for some demos, 'help()' for on-line help, or
'help.start()' for an HTML browser interface to help.
Type 'q()' to quit R.
> if ( requireNamespace("tinytest", quietly=TRUE) ){
+ tinytest::test_package("MSstats")
+ }
Attaching package: 'MSstats'
The following object is masked from 'package:grDevices':
savePlot
test_MSstatsdev.R............. 1 tests [0;32mOK[0m [0;36m57ms[0m
INFO [2024-06-10 23:09:08] ** Features with one or two measurements across runs are removed.
INFO [2024-06-10 23:09:08] ** Fractionation handled.
INFO [2024-06-10 23:09:08] ** Updated quantification data to make balanced design. Missing values are marked by NA
INFO [2024-06-10 23:09:08] ** Log2 intensities under cutoff = 3.776 were considered as censored missing values.
INFO [2024-06-10 23:09:08] ** Log2 intensities = NA were considered as censored missing values.
INFO [2024-06-10 23:09:08] ** Use all features that the dataset originally has.
INFO [2024-06-10 23:09:08]
# proteins: 2
# peptides per protein: 2-2
# features per peptide: 3-3
INFO [2024-06-10 23:09:08]
1 2 3 4 5 6 7 8 9 10
# runs 3 3 3 3 3 3 3 3 3 3
# bioreplicates 3 3 3 3 3 3 3 3 3 3
# tech. replicates 1 1 1 1 1 1 1 1 1 1
INFO [2024-06-10 23:09:08] == Start the summarization per subplot...
|
| | 0%
|
|=================================== | 50%
|
|======================================================================| 100%
INFO [2024-06-10 23:09:08] == Summarization is done.
test_dataProcess.R............ 0 tests INFO [2024-06-10 23:09:08] ** Features with one or two measurements across runs are removed.
INFO [2024-06-10 23:09:08] ** Fractionation handled.
INFO [2024-06-10 23:09:08] ** Updated quantification data to make balanced design. Missing values are marked by NA
INFO [2024-06-10 23:09:09] ** Use all features that the dataset originally has.
INFO [2024-06-10 23:09:09]
# proteins: 6
# peptides per protein: 11-32
# features per peptide: 1-1
INFO [2024-06-10 23:09:09]
C1 C2 C3 C4 C5 C6
# runs 3 3 3 3 3 3
# bioreplicates 1 1 1 1 1 1
# tech. replicates 3 3 3 3 3 3
INFO [2024-06-10 23:09:09] Some features are completely missing in at least one condition:
D.GPLTGTYR_23_23_NA_NA,
F.HFHWGSSDDQGSEHTVDR_402_402_NA_NA,
G.PLTGTYR_8_8_NA_NA,
H.SFNVEYDDSQDK_465_465_NA_NA,
K.AVVQDPALKPL_156_156_NA_NA ...
INFO [2024-06-10 23:09:09] == Start the summarization per subplot...
|
| | 0%
|
|============ | 17%
|
|======================= | 33%
|
|=================================== | 50%
|
|=============================================== | 67%
|
|========================================================== | 83%
|
|======================================================================| 100%
INFO [2024-06-10 23:09:09] == Summarization is done.
test_dataProcess.R............ 0 tests INFO [2024-06-10 23:09:09] ** Features with one or two measurements across runs are removed.
INFO [2024-06-10 23:09:09] ** Fractionation handled.
INFO [2024-06-10 23:09:09] ** Updated quantification data to make balanced design. Missing values are marked by NA
INFO [2024-06-10 23:09:09] ** Log2 intensities under cutoff = 3.776 were considered as censored missing values.
INFO [2024-06-10 23:09:09] ** Log2 intensities = NA were considered as censored missing values.
INFO [2024-06-10 23:09:09] ** Use all features that the dataset originally has.
INFO [2024-06-10 23:09:09]
# proteins: 2
# peptides per protein: 2-2
# features per peptide: 3-3
INFO [2024-06-10 23:09:09]
1 2 3 4 5 6 7 8 9 10
# runs 3 3 3 3 3 3 3 3 3 3
# bioreplicates 3 3 3 3 3 3 3 3 3 3
# tech. replicates 1 1 1 1 1 1 1 1 1 1
INFO [2024-06-10 23:09:09] == Start the summarization per subplot...
INFO [2024-06-10 23:09:15] == Summarization is done.
test_dataProcess.R............ 0 tests INFO [2024-06-10 23:09:15] ** Features with one or two measurements across runs are removed.
INFO [2024-06-10 23:09:15] ** Fractionation handled.
INFO [2024-06-10 23:09:15] ** Updated quantification data to make balanced design. Missing values are marked by NA
INFO [2024-06-10 23:09:15] ** Use all features that the dataset originally has.
INFO [2024-06-10 23:09:15]
# proteins: 6
# peptides per protein: 11-32
# features per peptide: 1-1
INFO [2024-06-10 23:09:15]
C1 C2 C3 C4 C5 C6
# runs 3 3 3 3 3 3
# bioreplicates 1 1 1 1 1 1
# tech. replicates 3 3 3 3 3 3
INFO [2024-06-10 23:09:15] Some features are completely missing in at least one condition:
D.GPLTGTYR_23_23_NA_NA,
F.HFHWGSSDDQGSEHTVDR_402_402_NA_NA,
G.PLTGTYR_8_8_NA_NA,
H.SFNVEYDDSQDK_465_465_NA_NA,
K.AVVQDPALKPL_156_156_NA_NA ...
INFO [2024-06-10 23:09:15] == Start the summarization per subplot...
INFO [2024-06-10 23:09:22] == Summarization is done.
test_dataProcess.R............ 0 tests
test_dataProcess.R............ 1 tests [0;32mOK[0m
test_dataProcess.R............ 2 tests [0;32mOK[0m [0;34m13.6s[0m
INFO [2024-06-10 23:09:22] ** Features with one or two measurements across runs are removed.
INFO [2024-06-10 23:09:22] ** Fractionation handled.
INFO [2024-06-10 23:09:22] ** Updated quantification data to make balanced design. Missing values are marked by NA
INFO [2024-06-10 23:09:22] ** Log2 intensities under cutoff = 3.776 were considered as censored missing values.
INFO [2024-06-10 23:09:22] ** Log2 intensities = NA were considered as censored missing values.
INFO [2024-06-10 23:09:22] ** Use all features that the dataset originally has.
INFO [2024-06-10 23:09:22]
# proteins: 2
# peptides per protein: 2-2
# features per peptide: 3-3
INFO [2024-06-10 23:09:22]
1 2 3 4 5 6 7 8 9 10
# runs 3 3 3 3 3 3 3 3 3 3
# bioreplicates 3 3 3 3 3 3 3 3 3 3
# tech. replicates 1 1 1 1 1 1 1 1 1 1
INFO [2024-06-10 23:09:22] == Start the summarization per subplot...
|
| | 0%
|
|=================================== | 50%
|
|======================================================================| 100%
INFO [2024-06-10 23:09:22] == Summarization is done.
test_groupComparison.R........ 0 tests
test_groupComparison.R........ 0 tests
test_groupComparison.R........ 0 tests
test_groupComparison.R........ 0 tests
test_groupComparison.R........ 0 tests INFO [2024-06-10 23:09:22] == Start to test and get inference in whole plot ...
|
| | 0%
|
|=================================== | 50%
|
|======================================================================| 100%
INFO [2024-06-10 23:09:22] == Comparisons for all proteins are done.
test_groupComparison.R........ 0 tests INFO [2024-06-10 23:09:22] == Start to test and get inference in whole plot ...
INFO [2024-06-10 23:09:29] == Comparisons for all proteins are done.
test_groupComparison.R........ 0 tests
test_groupComparison.R........ 1 tests [0;32mOK[0m [0;34m6.9s[0m
[0;36m4ms[0m
All ok, 4 results (20.6s)
>
> proc.time()
user system elapsed
4.481 0.412 25.803
MSstats.Rcheck/MSstats-Ex.timings
| name | user | system | elapsed | |
| DDARawData | 0.005 | 0.001 | 0.006 | |
| DDARawData.Skyline | 0.004 | 0.001 | 0.004 | |
| DIANNtoMSstatsFormat | 0 | 0 | 0 | |
| DIARawData | 0.002 | 0.001 | 0.002 | |
| DIAUmpiretoMSstatsFormat | 0.158 | 0.013 | 0.258 | |
| FragPipetoMSstatsFormat | 0.049 | 0.007 | 0.078 | |
| MSstatsGroupComparison | 0.352 | 0.013 | 0.521 | |
| MSstatsGroupComparisonOutput | 0.670 | 0.009 | 0.693 | |
| MSstatsGroupComparisonSingleProtein | 0.165 | 0.012 | 0.185 | |
| MSstatsHandleMissing | 0.052 | 0.004 | 0.086 | |
| MSstatsMergeFractions | 0.049 | 0.007 | 0.086 | |
| MSstatsNormalize | 0.050 | 0.008 | 0.086 | |
| MSstatsPrepareForDataProcess | 0.069 | 0.004 | 0.114 | |
| MSstatsPrepareForGroupComparison | 0.128 | 0.003 | 0.196 | |
| MSstatsPrepareForSummarization | 0.047 | 0.003 | 0.073 | |
| MSstatsSelectFeatures | 0.242 | 0.019 | 0.291 | |
| MSstatsSummarizationOutput | 0.242 | 0.014 | 0.256 | |
| MSstatsSummarize | 0.226 | 0.014 | 0.240 | |
| MSstatsSummarizeSingleLinear | 0.084 | 0.006 | 0.089 | |
| MSstatsSummarizeSingleTMP | 0.072 | 0.003 | 0.074 | |
| MaxQtoMSstatsFormat | 0.149 | 0.014 | 0.253 | |
| OpenMStoMSstatsFormat | 0.058 | 0.004 | 0.095 | |
| OpenSWATHtoMSstatsFormat | 0.092 | 0.008 | 0.147 | |
| PDtoMSstatsFormat | 0.056 | 0.007 | 0.097 | |
| ProgenesistoMSstatsFormat | 0.061 | 0.006 | 0.104 | |
| SDRFtoAnnotation | 0.012 | 0.003 | 0.021 | |
| SRMRawData | 0.002 | 0.001 | 0.005 | |
| SkylinetoMSstatsFormat | 0.076 | 0.012 | 0.131 | |
| SpectronauttoMSstatsFormat | 0.051 | 0.005 | 0.085 | |
| checkRepeatedDesign | 0.118 | 0.005 | 0.190 | |
| dataProcess | 0.449 | 0.015 | 0.719 | |
| dataProcessPlots | 6.291 | 0.101 | 8.577 | |
| designSampleSize | 0.252 | 0.021 | 0.399 | |
| designSampleSizePlots | 0.289 | 0.023 | 0.439 | |
| dot-makeQCPlot | 5.659 | 0.087 | 7.973 | |
| extractSDRF | 0.137 | 0.008 | 0.196 | |
| getProcessed | 0.061 | 0.006 | 0.099 | |
| getSamplesInfo | 0.317 | 0.010 | 0.463 | |
| groupComparison | 0.254 | 0.005 | 0.340 | |
| groupComparisonPlots | 2.958 | 0.065 | 4.184 | |
| makePeptidesDictionary | 0.005 | 0.000 | 0.008 | |
| modelBasedQCPlots | 0.826 | 0.024 | 1.148 | |
| quantification | 0.183 | 0.006 | 0.261 | |