| Back to Multiple platform build/check report for BioC 3.19: simplified long | 
 | 
This page was generated on 2024-07-05 17:42 -0400 (Fri, 05 Jul 2024).
| Hostname | OS | Arch (*) | R version | Installed pkgs | 
|---|---|---|---|---|
| nebbiolo1 | Linux (Ubuntu 22.04.3 LTS) | x86_64 | 4.4.1 (2024-06-14) -- "Race for Your Life" | 4477 | 
| palomino7 | Windows Server 2022 Datacenter | x64 | 4.4.1 (2024-06-14 ucrt) -- "Race for Your Life" | 4482 | 
| merida1 | macOS 12.7.4 Monterey | x86_64 | 4.4.1 (2024-06-14) -- "Race for Your Life" | 4469 | 
| kjohnson1 | macOS 13.6.6 Ventura | arm64 | 4.4.1 (2024-06-14) -- "Race for Your Life" | 4461 | 
| Click on any hostname to see more info about the system (e.g. compilers) (*) as reported by 'uname -p', except on Windows and Mac OS X | ||||
| Package 877/2300 | Hostname | OS / Arch | INSTALL | BUILD | CHECK | BUILD BIN | ||||||||
| Glimma 2.14.0  (landing page) Shian Su 
 | nebbiolo1 | Linux (Ubuntu 22.04.3 LTS) / x86_64 | OK | OK | WARNINGS |  | ||||||||
| palomino7 | Windows Server 2022 Datacenter / x64 | OK | OK | WARNINGS | OK |  | ||||||||
| merida1 | macOS 12.7.4 Monterey / x86_64 | OK | OK | WARNINGS | OK |  | ||||||||
| kjohnson1 | macOS 13.6.6 Ventura / arm64 | OK | OK | WARNINGS | OK |  | ||||||||
| To the developers/maintainers of the Glimma package: - Allow up to 24 hours (and sometimes 48 hours) for your latest push to git@git.bioconductor.org:packages/Glimma.git to reflect on this report. See Troubleshooting Build Report for more information. - Use the following Renviron settings to reproduce errors and warnings. - If 'R CMD check' started to fail recently on the Linux builder(s) over a missing dependency, add the missing dependency to 'Suggests:' in your DESCRIPTION file. See Renviron.bioc for more information. | 
| Package: Glimma | 
| Version: 2.14.0 | 
| Command: /Library/Frameworks/R.framework/Resources/bin/R CMD check --install=check:Glimma.install-out.txt --library=/Library/Frameworks/R.framework/Resources/library --no-vignettes --timings Glimma_2.14.0.tar.gz | 
| StartedAt: 2024-07-04 22:11:40 -0400 (Thu, 04 Jul 2024) | 
| EndedAt: 2024-07-04 22:17:40 -0400 (Thu, 04 Jul 2024) | 
| EllapsedTime: 360.1 seconds | 
| RetCode: 0 | 
| Status: WARNINGS | 
| CheckDir: Glimma.Rcheck | 
| Warnings: 1 | 
##############################################################################
##############################################################################
###
### Running command:
###
###   /Library/Frameworks/R.framework/Resources/bin/R CMD check --install=check:Glimma.install-out.txt --library=/Library/Frameworks/R.framework/Resources/library --no-vignettes --timings Glimma_2.14.0.tar.gz
###
##############################################################################
##############################################################################
* using log directory ‘/Users/biocbuild/bbs-3.19-bioc/meat/Glimma.Rcheck’
* using R version 4.4.1 (2024-06-14)
* using platform: aarch64-apple-darwin20
* R was compiled by
    Apple clang version 14.0.0 (clang-1400.0.29.202)
    GNU Fortran (GCC) 12.2.0
* running under: macOS Ventura 13.6.6
* using session charset: UTF-8
* using option ‘--no-vignettes’
* checking for file ‘Glimma/DESCRIPTION’ ... OK
* checking extension type ... Package
* this is package ‘Glimma’ version ‘2.14.0’
* package encoding: UTF-8
* checking package namespace information ... OK
* checking package dependencies ... OK
* checking if this is a source package ... OK
* checking if there is a namespace ... OK
* checking for hidden files and directories ... NOTE
Found the following hidden files and directories:
  .travis.yml
These were most likely included in error. See section ‘Package
structure’ in the ‘Writing R Extensions’ manual.
* checking for portable file names ... OK
* checking for sufficient/correct file permissions ... OK
* checking whether package ‘Glimma’ can be installed ... OK
* checking installed package size ... NOTE
  installed size is  6.9Mb
  sub-directories of 1Mb or more:
    htmlwidgets   5.2Mb
* checking package directory ... OK
* checking ‘build’ directory ... OK
* checking DESCRIPTION meta-information ... OK
* checking top-level files ... NOTE
File
  LICENSE
is not mentioned in the DESCRIPTION file.
* checking for left-over files ... OK
* checking index information ... OK
* checking package subdirectories ... OK
* checking code files for non-ASCII characters ... OK
* checking R files for syntax errors ... OK
* checking whether the package can be loaded ... OK
* checking whether the package can be loaded with stated dependencies ... OK
* checking whether the package can be unloaded cleanly ... OK
* checking whether the namespace can be loaded with stated dependencies ... OK
* checking whether the namespace can be unloaded cleanly ... OK
* checking dependencies in R code ... OK
* checking S3 generic/method consistency ... OK
* checking replacement functions ... OK
* checking foreign function calls ... OK
* checking R code for possible problems ... OK
* checking Rd files ... OK
* checking Rd metadata ... OK
* checking Rd cross-references ... OK
* checking for missing documentation entries ... OK
* checking for code/documentation mismatches ... OK
* checking Rd \usage sections ... OK
* checking Rd contents ... OK
* checking for unstated dependencies in examples ... OK
* checking files in ‘vignettes’ ... OK
* checking examples ... WARNING
Found the following significant warnings:
  Warning in edgeR::decideTestsDGE(x) : 'decideTestsDGE' is deprecated.
  Warning in edgeR::decideTestsDGE(x) : 'decideTestsDGE' is deprecated.
Deprecated functions may be defunct as soon as of the next release of
R.
See ?Deprecated.
Examples with CPU (user + system) or elapsed time > 5s
                             user system elapsed
glimmaMA.DESeqDataSet      11.322  0.336  11.687
glimmaVolcano.DESeqDataSet  9.338  0.285   9.660
glimmaMA.DGEExact           7.776  0.261   8.043
glimmaVolcano.DGEExact      6.964  0.196   7.176
* checking for unstated dependencies in ‘tests’ ... OK
* checking tests ...
  Running ‘testthat.R’
 OK
* checking for unstated dependencies in vignettes ... OK
* checking package vignettes ... OK
* checking running R code from vignettes ... SKIPPED
* checking re-building of vignette outputs ... SKIPPED
* checking PDF version of manual ... OK
* DONE
Status: 1 WARNING, 3 NOTEs
See
  ‘/Users/biocbuild/bbs-3.19-bioc/meat/Glimma.Rcheck/00check.log’
for details.
Glimma.Rcheck/00install.out
############################################################################## ############################################################################## ### ### Running command: ### ### /Library/Frameworks/R.framework/Resources/bin/R CMD INSTALL Glimma ### ############################################################################## ############################################################################## * installing to library ‘/Library/Frameworks/R.framework/Versions/4.4-arm64/Resources/library’ * installing *source* package ‘Glimma’ ... ** using staged installation ** R ** inst ** byte-compile and prepare package for lazy loading ** help *** installing help indices ** building package indices ** installing vignettes ** testing if installed package can be loaded from temporary location ** testing if installed package can be loaded from final location ** testing if installed package keeps a record of temporary installation path * DONE (Glimma)
Glimma.Rcheck/tests/testthat.Rout
R version 4.4.1 (2024-06-14) -- "Race for Your Life"
Copyright (C) 2024 The R Foundation for Statistical Computing
Platform: aarch64-apple-darwin20
R is free software and comes with ABSOLUTELY NO WARRANTY.
You are welcome to redistribute it under certain conditions.
Type 'license()' or 'licence()' for distribution details.
R is a collaborative project with many contributors.
Type 'contributors()' for more information and
'citation()' on how to cite R or R packages in publications.
Type 'demo()' for some demos, 'help()' for on-line help, or
'help.start()' for an HTML browser interface to help.
Type 'q()' to quit R.
> library(testthat)
> test_check("Glimma")
Loading required package: Glimma
[ FAIL 0 | WARN 13 | SKIP 0 | PASS 229 ]
[ FAIL 0 | WARN 13 | SKIP 0 | PASS 229 ]
> 
> proc.time()
   user  system elapsed 
100.284   5.871 108.149 
Glimma.Rcheck/Glimma-Ex.timings
| name | user | system | elapsed | |
| glMDRmd | 0.001 | 0.000 | 0.001 | |
| glXYPlot | 0.003 | 0.002 | 0.004 | |
| glimmaMA.DESeqDataSet | 11.322 | 0.336 | 11.687 | |
| glimmaMA.DGEExact | 7.776 | 0.261 | 8.043 | |
| glimmaMA.MArrayLM | 2.651 | 0.112 | 2.781 | |
| glimmaMA | 0.018 | 0.000 | 0.018 | |
| glimmaMDS.DESeqDataSet | 1.273 | 0.048 | 1.323 | |
| glimmaMDS.DGEList | 0.122 | 0.017 | 0.139 | |
| glimmaMDS | 0.512 | 0.071 | 0.583 | |
| glimmaMDS.default | 0.130 | 0.024 | 0.154 | |
| glimmaVolcano.DESeqDataSet | 9.338 | 0.285 | 9.660 | |
| glimmaVolcano.DGEExact | 6.964 | 0.196 | 7.176 | |
| glimmaVolcano | 2.555 | 0.113 | 2.668 | |
| glimmaXY | 2.790 | 0.133 | 2.925 | |