| Back to Multiple platform build/check report for BioC 3.19: simplified long | 
 | 
This page was generated on 2024-06-11 14:42 -0400 (Tue, 11 Jun 2024).
| Hostname | OS | Arch (*) | R version | Installed pkgs | 
|---|---|---|---|---|
| nebbiolo1 | Linux (Ubuntu 22.04.3 LTS) | x86_64 | 4.4.0 (2024-04-24) -- "Puppy Cup" | 4757 | 
| palomino3 | Windows Server 2022 Datacenter | x64 | 4.4.0 (2024-04-24 ucrt) -- "Puppy Cup" | 4491 | 
| lconway | macOS 12.7.1 Monterey | x86_64 | 4.4.0 (2024-04-24) -- "Puppy Cup" | 4522 | 
| kjohnson3 | macOS 13.6.5 Ventura | arm64 | 4.4.0 (2024-04-24) -- "Puppy Cup" | 4468 | 
| Click on any hostname to see more info about the system (e.g. compilers) (*) as reported by 'uname -p', except on Windows and Mac OS X | ||||
| Package 906/2300 | Hostname | OS / Arch | INSTALL | BUILD | CHECK | BUILD BIN | ||||||||
| GRaNIE 1.8.0  (landing page) Christian Arnold 
 | nebbiolo1 | Linux (Ubuntu 22.04.3 LTS) / x86_64 | OK | OK | WARNINGS |  | ||||||||
| palomino3 | Windows Server 2022 Datacenter / x64 | OK | OK | WARNINGS | OK |  | ||||||||
| lconway | macOS 12.7.1 Monterey / x86_64 | OK | OK | WARNINGS | OK |  | ||||||||
| kjohnson3 | macOS 13.6.5 Ventura / arm64 | OK | OK | WARNINGS | OK |  | ||||||||
| To the developers/maintainers of the GRaNIE package: - Allow up to 24 hours (and sometimes 48 hours) for your latest push to git@git.bioconductor.org:packages/GRaNIE.git to reflect on this report. See Troubleshooting Build Report for more information. - Use the following Renviron settings to reproduce errors and warnings. - If 'R CMD check' started to fail recently on the Linux builder(s) over a missing dependency, add the missing dependency to 'Suggests:' in your DESCRIPTION file. See Renviron.bioc for more information. | 
| Package: GRaNIE | 
| Version: 1.8.0 | 
| Command: /Library/Frameworks/R.framework/Resources/bin/R CMD check --install=check:GRaNIE.install-out.txt --library=/Library/Frameworks/R.framework/Resources/library --no-vignettes --timings GRaNIE_1.8.0.tar.gz | 
| StartedAt: 2024-06-09 20:44:56 -0400 (Sun, 09 Jun 2024) | 
| EndedAt: 2024-06-09 20:53:05 -0400 (Sun, 09 Jun 2024) | 
| EllapsedTime: 489.8 seconds | 
| RetCode: 0 | 
| Status: WARNINGS | 
| CheckDir: GRaNIE.Rcheck | 
| Warnings: 1 | 
##############################################################################
##############################################################################
###
### Running command:
###
###   /Library/Frameworks/R.framework/Resources/bin/R CMD check --install=check:GRaNIE.install-out.txt --library=/Library/Frameworks/R.framework/Resources/library --no-vignettes --timings GRaNIE_1.8.0.tar.gz
###
##############################################################################
##############################################################################
* using log directory ‘/Users/biocbuild/bbs-3.19-bioc/meat/GRaNIE.Rcheck’
* using R version 4.4.0 (2024-04-24)
* using platform: x86_64-apple-darwin20
* R was compiled by
    Apple clang version 14.0.0 (clang-1400.0.29.202)
    GNU Fortran (GCC) 12.2.0
* running under: macOS Monterey 12.7.1
* using session charset: UTF-8
* using option ‘--no-vignettes’
* checking for file ‘GRaNIE/DESCRIPTION’ ... OK
* this is package ‘GRaNIE’ version ‘1.8.0’
* package encoding: UTF-8
* checking package namespace information ... OK
* checking package dependencies ... OK
* checking if this is a source package ... OK
* checking if there is a namespace ... OK
* checking for hidden files and directories ... OK
* checking for portable file names ... OK
* checking for sufficient/correct file permissions ... OK
* checking whether package ‘GRaNIE’ can be installed ... OK
* checking installed package size ... OK
* checking package directory ... OK
* checking ‘build’ directory ... OK
* checking DESCRIPTION meta-information ... OK
* checking top-level files ... OK
* checking for left-over files ... OK
* checking index information ... OK
* checking package subdirectories ... OK
* checking code files for non-ASCII characters ... OK
* checking R files for syntax errors ... OK
* checking whether the package can be loaded ... OK
* checking whether the package can be loaded with stated dependencies ... OK
* checking whether the package can be unloaded cleanly ... OK
* checking whether the namespace can be loaded with stated dependencies ... OK
* checking whether the namespace can be unloaded cleanly ... OK
* checking whether startup messages can be suppressed ... OK
* checking dependencies in R code ... WARNING
Missing or unexported object: 'AnnotationHub::getAnnotationHub'
* checking S3 generic/method consistency ... OK
* checking replacement functions ... OK
* checking foreign function calls ... OK
* checking R code for possible problems ... NOTE
.getAnnotationHub: no visible global function definition for 'is'
.performIHW: no visible binding for global variable 'adj_pvalue'
.retrieveAnnotationData: no visible global function definition for 'is'
Undefined global functions or variables:
  adj_pvalue is
Consider adding
  importFrom("methods", "is")
to your NAMESPACE file (and ensure that your DESCRIPTION Imports field
contains 'methods').
* checking Rd files ... NOTE
checkRd: (-1) addData.Rd:36: Lost braces; missing escapes or markup?
    36 | The required format must be {chr}:{start}-{end}", with {chr} denoting the abbreviated chromosome name, and {start} and {end} the begin and end 
       |                             ^
checkRd: (-1) addData.Rd:36: Lost braces; missing escapes or markup?
    36 | The required format must be {chr}:{start}-{end}", with {chr} denoting the abbreviated chromosome name, and {start} and {end} the begin and end 
       |                                   ^
checkRd: (-1) addData.Rd:36: Lost braces; missing escapes or markup?
    36 | The required format must be {chr}:{start}-{end}", with {chr} denoting the abbreviated chromosome name, and {start} and {end} the begin and end 
       |                                           ^
checkRd: (-1) addData.Rd:36: Lost braces; missing escapes or markup?
    36 | The required format must be {chr}:{start}-{end}", with {chr} denoting the abbreviated chromosome name, and {start} and {end} the begin and end 
       |                                                        ^
checkRd: (-1) addData.Rd:36: Lost braces; missing escapes or markup?
    36 | The required format must be {chr}:{start}-{end}", with {chr} denoting the abbreviated chromosome name, and {start} and {end} the begin and end 
       |                                                                                                            ^
checkRd: (-1) addData.Rd:36: Lost braces; missing escapes or markup?
    36 | The required format must be {chr}:{start}-{end}", with {chr} denoting the abbreviated chromosome name, and {start} and {end} the begin and end 
       |                                                                                                                        ^
* checking Rd metadata ... OK
* checking Rd cross-references ... OK
* checking for missing documentation entries ... OK
* checking for code/documentation mismatches ... OK
* checking Rd \usage sections ... OK
* checking Rd contents ... OK
* checking for unstated dependencies in examples ... OK
* checking files in ‘vignettes’ ... OK
* checking examples ... OK
Examples with CPU (user + system) or elapsed time > 5s
                        user system elapsed
generateStatsSummary   6.726  0.179   7.301
addConnections_TF_peak 5.677  1.049   8.119
addSNPData             5.627  0.249   7.864
* checking for unstated dependencies in vignettes ... OK
* checking package vignettes ... OK
* checking running R code from vignettes ... SKIPPED
* checking re-building of vignette outputs ... SKIPPED
* checking PDF version of manual ... OK
* DONE
Status: 1 WARNING, 2 NOTEs
See
  ‘/Users/biocbuild/bbs-3.19-bioc/meat/GRaNIE.Rcheck/00check.log’
for details.
GRaNIE.Rcheck/00install.out
############################################################################## ############################################################################## ### ### Running command: ### ### /Library/Frameworks/R.framework/Resources/bin/R CMD INSTALL GRaNIE ### ############################################################################## ############################################################################## * installing to library ‘/Library/Frameworks/R.framework/Versions/4.4-x86_64/Resources/library’ * installing *source* package ‘GRaNIE’ ... ** using staged installation ** R ** byte-compile and prepare package for lazy loading ** help *** installing help indices *** copying figures ** building package indices ** installing vignettes ** testing if installed package can be loaded from temporary location ** testing if installed package can be loaded from final location ** testing if installed package keeps a record of temporary installation path * DONE (GRaNIE)
GRaNIE.Rcheck/GRaNIE-Ex.timings
| name | user | system | elapsed | |
| AR_classification_wrapper | 0.000 | 0.000 | 0.001 | |
| addConnections_TF_peak | 5.677 | 1.049 | 8.119 | |
| addConnections_peak_gene | 2.981 | 0.060 | 3.493 | |
| addData | 0.000 | 0.001 | 0.000 | |
| addSNPData | 5.627 | 0.249 | 7.864 | |
| addTFBS | 0 | 0 | 0 | |
| add_TF_gene_correlation | 1.936 | 0.053 | 2.458 | |
| add_featureVariation | 0 | 0 | 0 | |
| build_eGRN_graph | 1.926 | 0.057 | 2.379 | |
| calculateCommunitiesEnrichment | 2.999 | 0.105 | 3.562 | |
| calculateCommunitiesStats | 1.852 | 0.077 | 2.336 | |
| calculateGeneralEnrichment | 2.314 | 0.056 | 2.796 | |
| calculateTFEnrichment | 3.101 | 0.066 | 3.569 | |
| changeOutputDirectory | 1.714 | 0.046 | 2.231 | |
| deleteIntermediateData | 1.835 | 0.052 | 2.317 | |
| filterConnectionsForPlotting | 1.831 | 0.048 | 2.336 | |
| filterData | 2.226 | 0.074 | 2.747 | |
| filterGRNAndConnectGenes | 1.773 | 0.048 | 2.243 | |
| generateStatsSummary | 6.726 | 0.179 | 7.301 | |
| getCounts | 1.954 | 0.075 | 2.500 | |
| getGRNConnections | 1.725 | 0.076 | 2.251 | |
| getGRNSummary | 2.491 | 0.076 | 3.039 | |
| getParameters | 2.864 | 0.078 | 3.408 | |
| getTopNodes | 1.880 | 0.045 | 2.334 | |
| initializeGRN | 0.022 | 0.003 | 0.025 | |
| loadExampleObject | 1.892 | 0.049 | 2.396 | |
| nGenes | 1.988 | 0.079 | 2.521 | |
| nPeaks | 1.877 | 0.062 | 2.411 | |
| nTFs | 1.831 | 0.043 | 2.311 | |
| overlapPeaksAndTFBS | 1.741 | 0.065 | 2.203 | |
| performAllNetworkAnalyses | 0.000 | 0.000 | 0.001 | |
| plotCommunitiesEnrichment | 3.362 | 0.132 | 4.013 | |
| plotCommunitiesStats | 3.912 | 0.092 | 4.436 | |
| plotCorrelations | 2.071 | 0.093 | 2.604 | |
| plotDiagnosticPlots_TFPeaks | 3.245 | 0.093 | 3.785 | |
| plotDiagnosticPlots_peakGene | 4.255 | 0.153 | 4.879 | |
| plotGeneralEnrichment | 2.140 | 0.054 | 2.638 | |
| plotGeneralGraphStats | 3.663 | 0.055 | 4.167 | |
| plotPCA_all | 3.938 | 0.147 | 4.555 | |
| plotTFEnrichment | 2.465 | 0.056 | 2.989 | |
| plot_stats_connectionSummary | 2.498 | 0.086 | 3.074 | |
| visualizeGRN | 4.036 | 0.136 | 4.619 | |