| Back to Multiple platform build/check report for BioC 3.19: simplified long |
|
This page was generated on 2024-10-18 20:42 -0400 (Fri, 18 Oct 2024).
| Hostname | OS | Arch (*) | R version | Installed pkgs |
|---|---|---|---|---|
| nebbiolo1 | Linux (Ubuntu 22.04.3 LTS) | x86_64 | 4.4.1 (2024-06-14) -- "Race for Your Life" | 4763 |
| palomino7 | Windows Server 2022 Datacenter | x64 | 4.4.1 (2024-06-14 ucrt) -- "Race for Your Life" | 4500 |
| merida1 | macOS 12.7.5 Monterey | x86_64 | 4.4.1 (2024-06-14) -- "Race for Your Life" | 4530 |
| kjohnson1 | macOS 13.6.6 Ventura | arm64 | 4.4.1 (2024-06-14) -- "Race for Your Life" | 4480 |
| Click on any hostname to see more info about the system (e.g. compilers) (*) as reported by 'uname -p', except on Windows and Mac OS X | ||||
| Package 906/2300 | Hostname | OS / Arch | INSTALL | BUILD | CHECK | BUILD BIN | ||||||||
| GRaNIE 1.8.0 (landing page) Christian Arnold
| nebbiolo1 | Linux (Ubuntu 22.04.3 LTS) / x86_64 | OK | OK | WARNINGS | |||||||||
| palomino7 | Windows Server 2022 Datacenter / x64 | OK | OK | WARNINGS | OK | |||||||||
| merida1 | macOS 12.7.5 Monterey / x86_64 | OK | OK | WARNINGS | OK | |||||||||
| kjohnson1 | macOS 13.6.6 Ventura / arm64 | OK | OK | WARNINGS | OK | |||||||||
|
To the developers/maintainers of the GRaNIE package: - Allow up to 24 hours (and sometimes 48 hours) for your latest push to git@git.bioconductor.org:packages/GRaNIE.git to reflect on this report. See Troubleshooting Build Report for more information. - Use the following Renviron settings to reproduce errors and warnings. - If 'R CMD check' started to fail recently on the Linux builder(s) over a missing dependency, add the missing dependency to 'Suggests:' in your DESCRIPTION file. See Renviron.bioc for more information. |
| Package: GRaNIE |
| Version: 1.8.0 |
| Command: /Library/Frameworks/R.framework/Resources/bin/R CMD check --install=check:GRaNIE.install-out.txt --library=/Library/Frameworks/R.framework/Resources/library --no-vignettes --timings GRaNIE_1.8.0.tar.gz |
| StartedAt: 2024-10-17 23:49:13 -0400 (Thu, 17 Oct 2024) |
| EndedAt: 2024-10-17 23:58:03 -0400 (Thu, 17 Oct 2024) |
| EllapsedTime: 529.4 seconds |
| RetCode: 0 |
| Status: WARNINGS |
| CheckDir: GRaNIE.Rcheck |
| Warnings: 1 |
##############################################################################
##############################################################################
###
### Running command:
###
### /Library/Frameworks/R.framework/Resources/bin/R CMD check --install=check:GRaNIE.install-out.txt --library=/Library/Frameworks/R.framework/Resources/library --no-vignettes --timings GRaNIE_1.8.0.tar.gz
###
##############################################################################
##############################################################################
* using log directory ‘/Users/biocbuild/bbs-3.19-bioc/meat/GRaNIE.Rcheck’
* using R version 4.4.1 (2024-06-14)
* using platform: aarch64-apple-darwin20
* R was compiled by
Apple clang version 14.0.0 (clang-1400.0.29.202)
GNU Fortran (GCC) 12.2.0
* running under: macOS Ventura 13.6.6
* using session charset: UTF-8
* using option ‘--no-vignettes’
* checking for file ‘GRaNIE/DESCRIPTION’ ... OK
* this is package ‘GRaNIE’ version ‘1.8.0’
* package encoding: UTF-8
* checking package namespace information ... OK
* checking package dependencies ... OK
* checking if this is a source package ... OK
* checking if there is a namespace ... OK
* checking for hidden files and directories ... OK
* checking for portable file names ... OK
* checking for sufficient/correct file permissions ... OK
* checking whether package ‘GRaNIE’ can be installed ... OK
* checking installed package size ... OK
* checking package directory ... OK
* checking ‘build’ directory ... OK
* checking DESCRIPTION meta-information ... OK
* checking top-level files ... OK
* checking for left-over files ... OK
* checking index information ... OK
* checking package subdirectories ... OK
* checking code files for non-ASCII characters ... OK
* checking R files for syntax errors ... OK
* checking whether the package can be loaded ... OK
* checking whether the package can be loaded with stated dependencies ... OK
* checking whether the package can be unloaded cleanly ... OK
* checking whether the namespace can be loaded with stated dependencies ... OK
* checking whether the namespace can be unloaded cleanly ... OK
* checking whether startup messages can be suppressed ... OK
* checking dependencies in R code ... WARNING
Missing or unexported object: 'AnnotationHub::getAnnotationHub'
* checking S3 generic/method consistency ... OK
* checking replacement functions ... OK
* checking foreign function calls ... OK
* checking R code for possible problems ... NOTE
.getAnnotationHub: no visible global function definition for 'is'
.performIHW: no visible binding for global variable 'adj_pvalue'
.retrieveAnnotationData: no visible global function definition for 'is'
Undefined global functions or variables:
adj_pvalue is
Consider adding
importFrom("methods", "is")
to your NAMESPACE file (and ensure that your DESCRIPTION Imports field
contains 'methods').
* checking Rd files ... NOTE
checkRd: (-1) addData.Rd:36: Lost braces; missing escapes or markup?
36 | The required format must be {chr}:{start}-{end}", with {chr} denoting the abbreviated chromosome name, and {start} and {end} the begin and end
| ^
checkRd: (-1) addData.Rd:36: Lost braces; missing escapes or markup?
36 | The required format must be {chr}:{start}-{end}", with {chr} denoting the abbreviated chromosome name, and {start} and {end} the begin and end
| ^
checkRd: (-1) addData.Rd:36: Lost braces; missing escapes or markup?
36 | The required format must be {chr}:{start}-{end}", with {chr} denoting the abbreviated chromosome name, and {start} and {end} the begin and end
| ^
checkRd: (-1) addData.Rd:36: Lost braces; missing escapes or markup?
36 | The required format must be {chr}:{start}-{end}", with {chr} denoting the abbreviated chromosome name, and {start} and {end} the begin and end
| ^
checkRd: (-1) addData.Rd:36: Lost braces; missing escapes or markup?
36 | The required format must be {chr}:{start}-{end}", with {chr} denoting the abbreviated chromosome name, and {start} and {end} the begin and end
| ^
checkRd: (-1) addData.Rd:36: Lost braces; missing escapes or markup?
36 | The required format must be {chr}:{start}-{end}", with {chr} denoting the abbreviated chromosome name, and {start} and {end} the begin and end
| ^
* checking Rd metadata ... OK
* checking Rd cross-references ... OK
* checking for missing documentation entries ... OK
* checking for code/documentation mismatches ... OK
* checking Rd \usage sections ... OK
* checking Rd contents ... OK
* checking for unstated dependencies in examples ... OK
* checking files in ‘vignettes’ ... OK
* checking examples ... OK
Examples with CPU (user + system) or elapsed time > 5s
user system elapsed
generateStatsSummary 8.600 0.221 9.377
addSNPData 7.189 0.279 8.729
plotDiagnosticPlots_peakGene 6.870 0.168 7.513
addConnections_TF_peak 5.821 0.756 7.245
visualizeGRN 5.320 0.142 6.180
plotPCA_all 5.210 0.211 5.800
calculateCommunitiesEnrichment 5.144 0.135 5.677
plotCorrelations 4.669 0.096 5.196
getGRNSummary 4.617 0.083 5.164
plotCommunitiesEnrichment 4.531 0.133 5.096
* checking for unstated dependencies in vignettes ... OK
* checking package vignettes ... OK
* checking running R code from vignettes ... SKIPPED
* checking re-building of vignette outputs ... SKIPPED
* checking PDF version of manual ... OK
* DONE
Status: 1 WARNING, 2 NOTEs
See
‘/Users/biocbuild/bbs-3.19-bioc/meat/GRaNIE.Rcheck/00check.log’
for details.
GRaNIE.Rcheck/00install.out
############################################################################## ############################################################################## ### ### Running command: ### ### /Library/Frameworks/R.framework/Resources/bin/R CMD INSTALL GRaNIE ### ############################################################################## ############################################################################## * installing to library ‘/Library/Frameworks/R.framework/Versions/4.4-arm64/Resources/library’ * installing *source* package ‘GRaNIE’ ... ** using staged installation ** R ** byte-compile and prepare package for lazy loading ** help *** installing help indices *** copying figures ** building package indices ** installing vignettes ** testing if installed package can be loaded from temporary location ** testing if installed package can be loaded from final location ** testing if installed package keeps a record of temporary installation path * DONE (GRaNIE)
GRaNIE.Rcheck/GRaNIE-Ex.timings
| name | user | system | elapsed | |
| AR_classification_wrapper | 0.000 | 0.001 | 0.000 | |
| addConnections_TF_peak | 5.821 | 0.756 | 7.245 | |
| addConnections_peak_gene | 3.975 | 0.067 | 4.464 | |
| addData | 0.001 | 0.000 | 0.000 | |
| addSNPData | 7.189 | 0.279 | 8.729 | |
| addTFBS | 0 | 0 | 0 | |
| add_TF_gene_correlation | 2.807 | 0.065 | 3.358 | |
| add_featureVariation | 0 | 0 | 0 | |
| build_eGRN_graph | 2.840 | 0.060 | 3.296 | |
| calculateCommunitiesEnrichment | 5.144 | 0.135 | 5.677 | |
| calculateCommunitiesStats | 2.910 | 0.075 | 3.414 | |
| calculateGeneralEnrichment | 3.360 | 0.086 | 3.774 | |
| calculateTFEnrichment | 2.933 | 0.080 | 3.418 | |
| changeOutputDirectory | 4.038 | 0.072 | 4.524 | |
| deleteIntermediateData | 2.762 | 0.066 | 3.248 | |
| filterConnectionsForPlotting | 2.967 | 0.078 | 3.518 | |
| filterData | 3.475 | 0.084 | 4.003 | |
| filterGRNAndConnectGenes | 2.891 | 0.067 | 3.409 | |
| generateStatsSummary | 8.600 | 0.221 | 9.377 | |
| getCounts | 3.072 | 0.076 | 3.592 | |
| getGRNConnections | 2.938 | 0.059 | 3.408 | |
| getGRNSummary | 4.617 | 0.083 | 5.164 | |
| getParameters | 2.857 | 0.054 | 3.287 | |
| getTopNodes | 2.921 | 0.071 | 3.437 | |
| initializeGRN | 0.018 | 0.004 | 0.022 | |
| loadExampleObject | 2.913 | 0.078 | 3.370 | |
| nGenes | 4.197 | 0.088 | 4.659 | |
| nPeaks | 2.787 | 0.065 | 3.236 | |
| nTFs | 2.905 | 0.073 | 3.436 | |
| overlapPeaksAndTFBS | 2.811 | 0.053 | 3.283 | |
| performAllNetworkAnalyses | 0.001 | 0.000 | 0.001 | |
| plotCommunitiesEnrichment | 4.531 | 0.133 | 5.096 | |
| plotCommunitiesStats | 4.108 | 0.071 | 4.589 | |
| plotCorrelations | 4.669 | 0.096 | 5.196 | |
| plotDiagnosticPlots_TFPeaks | 4.377 | 0.099 | 4.914 | |
| plotDiagnosticPlots_peakGene | 6.870 | 0.168 | 7.513 | |
| plotGeneralEnrichment | 3.117 | 0.077 | 3.535 | |
| plotGeneralGraphStats | 3.783 | 0.082 | 4.303 | |
| plotPCA_all | 5.210 | 0.211 | 5.800 | |
| plotTFEnrichment | 3.672 | 0.077 | 4.188 | |
| plot_stats_connectionSummary | 3.635 | 0.078 | 4.111 | |
| visualizeGRN | 5.320 | 0.142 | 6.180 | |