| Back to Multiple platform build/check report for BioC 3.19: simplified long |
|
This page was generated on 2024-10-18 20:38 -0400 (Fri, 18 Oct 2024).
| Hostname | OS | Arch (*) | R version | Installed pkgs |
|---|---|---|---|---|
| nebbiolo1 | Linux (Ubuntu 22.04.3 LTS) | x86_64 | 4.4.1 (2024-06-14) -- "Race for Your Life" | 4763 |
| palomino7 | Windows Server 2022 Datacenter | x64 | 4.4.1 (2024-06-14 ucrt) -- "Race for Your Life" | 4500 |
| merida1 | macOS 12.7.5 Monterey | x86_64 | 4.4.1 (2024-06-14) -- "Race for Your Life" | 4530 |
| kjohnson1 | macOS 13.6.6 Ventura | arm64 | 4.4.1 (2024-06-14) -- "Race for Your Life" | 4480 |
| Click on any hostname to see more info about the system (e.g. compilers) (*) as reported by 'uname -p', except on Windows and Mac OS X | ||||
| Package 670/2300 | Hostname | OS / Arch | INSTALL | BUILD | CHECK | BUILD BIN | ||||||||
| EpiTxDb 1.16.0 (landing page) Felix G.M. Ernst
| nebbiolo1 | Linux (Ubuntu 22.04.3 LTS) / x86_64 | OK | OK | WARNINGS | |||||||||
| palomino7 | Windows Server 2022 Datacenter / x64 | OK | OK | WARNINGS | OK | |||||||||
| merida1 | macOS 12.7.5 Monterey / x86_64 | OK | OK | WARNINGS | OK | |||||||||
| kjohnson1 | macOS 13.6.6 Ventura / arm64 | OK | OK | WARNINGS | OK | |||||||||
|
To the developers/maintainers of the EpiTxDb package: - Allow up to 24 hours (and sometimes 48 hours) for your latest push to git@git.bioconductor.org:packages/EpiTxDb.git to reflect on this report. See Troubleshooting Build Report for more information. - Use the following Renviron settings to reproduce errors and warnings. - If 'R CMD check' started to fail recently on the Linux builder(s) over a missing dependency, add the missing dependency to 'Suggests:' in your DESCRIPTION file. See Renviron.bioc for more information. |
| Package: EpiTxDb |
| Version: 1.16.0 |
| Command: /home/biocbuild/bbs-3.19-bioc/R/bin/R CMD check --install=check:EpiTxDb.install-out.txt --library=/home/biocbuild/bbs-3.19-bioc/R/site-library --timings EpiTxDb_1.16.0.tar.gz |
| StartedAt: 2024-10-17 00:12:32 -0400 (Thu, 17 Oct 2024) |
| EndedAt: 2024-10-17 00:20:45 -0400 (Thu, 17 Oct 2024) |
| EllapsedTime: 492.9 seconds |
| RetCode: 0 |
| Status: WARNINGS |
| CheckDir: EpiTxDb.Rcheck |
| Warnings: 1 |
##############################################################################
##############################################################################
###
### Running command:
###
### /home/biocbuild/bbs-3.19-bioc/R/bin/R CMD check --install=check:EpiTxDb.install-out.txt --library=/home/biocbuild/bbs-3.19-bioc/R/site-library --timings EpiTxDb_1.16.0.tar.gz
###
##############################################################################
##############################################################################
* using log directory ‘/home/biocbuild/bbs-3.19-bioc/meat/EpiTxDb.Rcheck’
* using R version 4.4.1 (2024-06-14)
* using platform: x86_64-pc-linux-gnu
* R was compiled by
gcc (Ubuntu 11.4.0-1ubuntu1~22.04) 11.4.0
GNU Fortran (Ubuntu 11.4.0-1ubuntu1~22.04) 11.4.0
* running under: Ubuntu 22.04.5 LTS
* using session charset: UTF-8
* checking for file ‘EpiTxDb/DESCRIPTION’ ... OK
* checking extension type ... Package
* this is package ‘EpiTxDb’ version ‘1.16.0’
* package encoding: UTF-8
* checking package namespace information ... OK
* checking package dependencies ... OK
* checking if this is a source package ... OK
* checking if there is a namespace ... OK
* checking for hidden files and directories ... OK
* checking for portable file names ... OK
* checking for sufficient/correct file permissions ... OK
* checking whether package ‘EpiTxDb’ can be installed ... WARNING
Found the following significant warnings:
Warning: replacing previous import ‘GenomicFeatures::makeTxDbPackage’ by ‘txdbmaker::makeTxDbPackage’ when loading ‘EpiTxDb’
Warning: replacing previous import ‘GenomicFeatures::supportedUCSCFeatureDbTables’ by ‘txdbmaker::supportedUCSCFeatureDbTables’ when loading ‘EpiTxDb’
Warning: replacing previous import ‘GenomicFeatures::makeTxDbFromGFF’ by ‘txdbmaker::makeTxDbFromGFF’ when loading ‘EpiTxDb’
Warning: replacing previous import ‘GenomicFeatures::makeTxDbPackageFromBiomart’ by ‘txdbmaker::makeTxDbPackageFromBiomart’ when loading ‘EpiTxDb’
Warning: replacing previous import ‘GenomicFeatures::supportedMiRBaseBuildValues’ by ‘txdbmaker::supportedMiRBaseBuildValues’ when loading ‘EpiTxDb’
Warning: replacing previous import ‘GenomicFeatures::supportedUCSCFeatureDbTracks’ by ‘txdbmaker::supportedUCSCFeatureDbTracks’ when loading ‘EpiTxDb’
Warning: replacing previous import ‘GenomicFeatures::browseUCSCtrack’ by ‘txdbmaker::browseUCSCtrack’ when loading ‘EpiTxDb’
Warning: replacing previous import ‘GenomicFeatures::getChromInfoFromBiomart’ by ‘txdbmaker::getChromInfoFromBiomart’ when loading ‘EpiTxDb’
Warning: replacing previous import ‘GenomicFeatures::makeTxDbFromGRanges’ by ‘txdbmaker::makeTxDbFromGRanges’ when loading ‘EpiTxDb’
Warning: replacing previous import ‘GenomicFeatures::supportedUCSCtables’ by ‘txdbmaker::supportedUCSCtables’ when loading ‘EpiTxDb’
Warning: replacing previous import ‘GenomicFeatures::makeTxDbFromBiomart’ by ‘txdbmaker::makeTxDbFromBiomart’ when loading ‘EpiTxDb’
Warning: replacing previous import ‘GenomicFeatures::UCSCFeatureDbTableSchema’ by ‘txdbmaker::UCSCFeatureDbTableSchema’ when loading ‘EpiTxDb’
Warning: replacing previous import ‘GenomicFeatures::makeTxDbFromEnsembl’ by ‘txdbmaker::makeTxDbFromEnsembl’ when loading ‘EpiTxDb’
Warning: replacing previous import ‘GenomicFeatures::makeTxDb’ by ‘txdbmaker::makeTxDb’ when loading ‘EpiTxDb’
Warning: replacing previous import ‘GenomicFeatures::makeFDbPackageFromUCSC’ by ‘txdbmaker::makeFDbPackageFromUCSC’ when loading ‘EpiTxDb’
Warning: replacing previous import ‘GenomicFeatures::makeTxDbFromUCSC’ by ‘txdbmaker::makeTxDbFromUCSC’ when loading ‘EpiTxDb’
Warning: replacing previous import ‘GenomicFeatures::makeTxDbPackageFromUCSC’ by ‘txdbmaker::makeTxDbPackageFromUCSC’ when loading ‘EpiTxDb’
Warning: replacing previous import ‘GenomicFeatures::makePackageName’ by ‘txdbmaker::makePackageName’ when loading ‘EpiTxDb’
Warning: replacing previous import ‘GenomicFeatures::makeFeatureDbFromUCSC’ by ‘txdbmaker::makeFeatureDbFromUCSC’ when loading ‘EpiTxDb’
See ‘/home/biocbuild/bbs-3.19-bioc/meat/EpiTxDb.Rcheck/00install.out’ for details.
* checking installed package size ... OK
* checking package directory ... OK
* checking ‘build’ directory ... OK
* checking DESCRIPTION meta-information ... OK
* checking top-level files ... OK
* checking for left-over files ... OK
* checking index information ... OK
* checking package subdirectories ... OK
* checking code files for non-ASCII characters ... OK
* checking R files for syntax errors ... OK
* checking whether the package can be loaded ... OK
* checking whether the package can be loaded with stated dependencies ... OK
* checking whether the package can be unloaded cleanly ... OK
* checking whether the namespace can be loaded with stated dependencies ... OK
* checking whether the namespace can be unloaded cleanly ... OK
* checking loading without being on the library search path ... OK
* checking dependencies in R code ... NOTE
Unexported objects imported by ':::' calls:
‘AnnotationDbi:::.getMetaValue’
‘AnnotationDbi:::.valid.metadata.table’
‘AnnotationDbi:::.valid.table.colnames’ ‘AnnotationDbi:::dbEasyQuery’
‘AnnotationDbi:::dbQuery’ ‘AnnotationDbi:::smartKeys’
‘BiocGenerics:::replaceSlots’
See the note in ?`:::` about the use of this operator.
* checking S3 generic/method consistency ... OK
* checking replacement functions ... OK
* checking foreign function calls ... OK
* checking R code for possible problems ... OK
* checking Rd files ... NOTE
checkRd: (-1) makeEpiTxDb.Rd:20: Lost braces in \itemize; meant \describe ?
checkRd: (-1) makeEpiTxDb.Rd:21-23: Lost braces in \itemize; meant \describe ?
checkRd: (-1) makeEpiTxDb.Rd:24-25: Lost braces in \itemize; meant \describe ?
checkRd: (-1) makeEpiTxDb.Rd:26-27: Lost braces in \itemize; meant \describe ?
checkRd: (-1) makeEpiTxDb.Rd:28-29: Lost braces in \itemize; meant \describe ?
checkRd: (-1) makeEpiTxDb.Rd:30-31: Lost braces in \itemize; meant \describe ?
checkRd: (-1) makeEpiTxDb.Rd:32: Lost braces in \itemize; meant \describe ?
checkRd: (-1) makeEpiTxDb.Rd:33-34: Lost braces in \itemize; meant \describe ?
checkRd: (-1) makeEpiTxDb.Rd:43-44: Lost braces in \itemize; meant \describe ?
checkRd: (-1) makeEpiTxDb.Rd:45-46: Lost braces in \itemize; meant \describe ?
checkRd: (-1) makeEpiTxDb.Rd:47-49: Lost braces in \itemize; meant \describe ?
checkRd: (-1) makeEpiTxDb.Rd:50-51: Lost braces in \itemize; meant \describe ?
checkRd: (-1) makeEpiTxDb.Rd:52-53: Lost braces in \itemize; meant \describe ?
checkRd: (-1) makeEpiTxDb.Rd:54-55: Lost braces in \itemize; meant \describe ?
checkRd: (-1) makeEpiTxDb.Rd:62-63: Lost braces in \itemize; meant \describe ?
checkRd: (-1) makeEpiTxDb.Rd:64-66: Lost braces in \itemize; meant \describe ?
checkRd: (-1) makeEpiTxDb.Rd:67-69: Lost braces in \itemize; meant \describe ?
checkRd: (-1) makeEpiTxDb.Rd:70-71: Lost braces in \itemize; meant \describe ?
checkRd: (-1) makeEpiTxDb.Rd:72-73: Lost braces in \itemize; meant \describe ?
checkRd: (-1) makeEpiTxDb.Rd:74-75: Lost braces in \itemize; meant \describe ?
checkRd: (-1) makeEpiTxDb.Rd:82-83: Lost braces in \itemize; meant \describe ?
checkRd: (-1) makeEpiTxDb.Rd:84-85: Lost braces in \itemize; meant \describe ?
checkRd: (-1) makeEpiTxDb.Rd:86-88: Lost braces in \itemize; meant \describe ?
checkRd: (-1) makeEpiTxDb.Rd:94: Lost braces in \itemize; meant \describe ?
checkRd: (-1) makeEpiTxDb.Rd:95: Lost braces in \itemize; meant \describe ?
* checking Rd metadata ... OK
* checking Rd cross-references ... OK
* checking for missing documentation entries ... OK
* checking for code/documentation mismatches ... OK
* checking Rd \usage sections ... OK
* checking Rd contents ... OK
* checking for unstated dependencies in examples ... OK
* checking contents of ‘data’ directory ... OK
* checking data for non-ASCII characters ... OK
* checking data for ASCII and uncompressed saves ... OK
* checking files in ‘vignettes’ ... OK
* checking examples ... OK
* checking for unstated dependencies in ‘tests’ ... OK
* checking tests ...
Running ‘testthat.R’
OK
* checking for unstated dependencies in vignettes ... OK
* checking package vignettes ... OK
* checking re-building of vignette outputs ... OK
* checking PDF version of manual ... OK
* DONE
Status: 1 WARNING, 2 NOTEs
See
‘/home/biocbuild/bbs-3.19-bioc/meat/EpiTxDb.Rcheck/00check.log’
for details.
EpiTxDb.Rcheck/00install.out
############################################################################## ############################################################################## ### ### Running command: ### ### /home/biocbuild/bbs-3.19-bioc/R/bin/R CMD INSTALL EpiTxDb ### ############################################################################## ############################################################################## * installing to library ‘/home/biocbuild/bbs-3.19-bioc/R/site-library’ * installing *source* package ‘EpiTxDb’ ... ** using staged installation ** R ** data ** inst ** byte-compile and prepare package for lazy loading Warning: replacing previous import ‘GenomicFeatures::makeTxDbPackage’ by ‘txdbmaker::makeTxDbPackage’ when loading ‘EpiTxDb’ Warning: replacing previous import ‘GenomicFeatures::supportedUCSCFeatureDbTables’ by ‘txdbmaker::supportedUCSCFeatureDbTables’ when loading ‘EpiTxDb’ Warning: replacing previous import ‘GenomicFeatures::makeTxDbFromGFF’ by ‘txdbmaker::makeTxDbFromGFF’ when loading ‘EpiTxDb’ Warning: replacing previous import ‘GenomicFeatures::makeTxDbPackageFromBiomart’ by ‘txdbmaker::makeTxDbPackageFromBiomart’ when loading ‘EpiTxDb’ Warning: replacing previous import ‘GenomicFeatures::supportedMiRBaseBuildValues’ by ‘txdbmaker::supportedMiRBaseBuildValues’ when loading ‘EpiTxDb’ Warning: replacing previous import ‘GenomicFeatures::supportedUCSCFeatureDbTracks’ by ‘txdbmaker::supportedUCSCFeatureDbTracks’ when loading ‘EpiTxDb’ Warning: replacing previous import ‘GenomicFeatures::browseUCSCtrack’ by ‘txdbmaker::browseUCSCtrack’ when loading ‘EpiTxDb’ Warning: replacing previous import ‘GenomicFeatures::getChromInfoFromBiomart’ by ‘txdbmaker::getChromInfoFromBiomart’ when loading ‘EpiTxDb’ Warning: replacing previous import ‘GenomicFeatures::makeTxDbFromGRanges’ by ‘txdbmaker::makeTxDbFromGRanges’ when loading ‘EpiTxDb’ Warning: replacing previous import ‘GenomicFeatures::supportedUCSCtables’ by ‘txdbmaker::supportedUCSCtables’ when loading ‘EpiTxDb’ Warning: replacing previous import ‘GenomicFeatures::makeTxDbFromBiomart’ by ‘txdbmaker::makeTxDbFromBiomart’ when loading ‘EpiTxDb’ Warning: replacing previous import ‘GenomicFeatures::UCSCFeatureDbTableSchema’ by ‘txdbmaker::UCSCFeatureDbTableSchema’ when loading ‘EpiTxDb’ Warning: replacing previous import ‘GenomicFeatures::makeTxDbFromEnsembl’ by ‘txdbmaker::makeTxDbFromEnsembl’ when loading ‘EpiTxDb’ Warning: replacing previous import ‘GenomicFeatures::makeTxDb’ by ‘txdbmaker::makeTxDb’ when loading ‘EpiTxDb’ Warning: replacing previous import ‘GenomicFeatures::makeFDbPackageFromUCSC’ by ‘txdbmaker::makeFDbPackageFromUCSC’ when loading ‘EpiTxDb’ Warning: replacing previous import ‘GenomicFeatures::makeTxDbFromUCSC’ by ‘txdbmaker::makeTxDbFromUCSC’ when loading ‘EpiTxDb’ Warning: replacing previous import ‘GenomicFeatures::makeTxDbPackageFromUCSC’ by ‘txdbmaker::makeTxDbPackageFromUCSC’ when loading ‘EpiTxDb’ Warning: replacing previous import ‘GenomicFeatures::makePackageName’ by ‘txdbmaker::makePackageName’ when loading ‘EpiTxDb’ Warning: replacing previous import ‘GenomicFeatures::makeFeatureDbFromUCSC’ by ‘txdbmaker::makeFeatureDbFromUCSC’ when loading ‘EpiTxDb’ ** help *** installing help indices ** building package indices ** installing vignettes ** testing if installed package can be loaded from temporary location Warning: replacing previous import ‘GenomicFeatures::makeTxDbPackage’ by ‘txdbmaker::makeTxDbPackage’ when loading ‘EpiTxDb’ Warning: replacing previous import ‘GenomicFeatures::supportedUCSCFeatureDbTables’ by ‘txdbmaker::supportedUCSCFeatureDbTables’ when loading ‘EpiTxDb’ Warning: replacing previous import ‘GenomicFeatures::makeTxDbFromGFF’ by ‘txdbmaker::makeTxDbFromGFF’ when loading ‘EpiTxDb’ Warning: replacing previous import ‘GenomicFeatures::makeTxDbPackageFromBiomart’ by ‘txdbmaker::makeTxDbPackageFromBiomart’ when loading ‘EpiTxDb’ Warning: replacing previous import ‘GenomicFeatures::supportedMiRBaseBuildValues’ by ‘txdbmaker::supportedMiRBaseBuildValues’ when loading ‘EpiTxDb’ Warning: replacing previous import ‘GenomicFeatures::supportedUCSCFeatureDbTracks’ by ‘txdbmaker::supportedUCSCFeatureDbTracks’ when loading ‘EpiTxDb’ Warning: replacing previous import ‘GenomicFeatures::browseUCSCtrack’ by ‘txdbmaker::browseUCSCtrack’ when loading ‘EpiTxDb’ Warning: replacing previous import ‘GenomicFeatures::getChromInfoFromBiomart’ by ‘txdbmaker::getChromInfoFromBiomart’ when loading ‘EpiTxDb’ Warning: replacing previous import ‘GenomicFeatures::makeTxDbFromGRanges’ by ‘txdbmaker::makeTxDbFromGRanges’ when loading ‘EpiTxDb’ Warning: replacing previous import ‘GenomicFeatures::supportedUCSCtables’ by ‘txdbmaker::supportedUCSCtables’ when loading ‘EpiTxDb’ Warning: replacing previous import ‘GenomicFeatures::makeTxDbFromBiomart’ by ‘txdbmaker::makeTxDbFromBiomart’ when loading ‘EpiTxDb’ Warning: replacing previous import ‘GenomicFeatures::UCSCFeatureDbTableSchema’ by ‘txdbmaker::UCSCFeatureDbTableSchema’ when loading ‘EpiTxDb’ Warning: replacing previous import ‘GenomicFeatures::makeTxDbFromEnsembl’ by ‘txdbmaker::makeTxDbFromEnsembl’ when loading ‘EpiTxDb’ Warning: replacing previous import ‘GenomicFeatures::makeTxDb’ by ‘txdbmaker::makeTxDb’ when loading ‘EpiTxDb’ Warning: replacing previous import ‘GenomicFeatures::makeFDbPackageFromUCSC’ by ‘txdbmaker::makeFDbPackageFromUCSC’ when loading ‘EpiTxDb’ Warning: replacing previous import ‘GenomicFeatures::makeTxDbFromUCSC’ by ‘txdbmaker::makeTxDbFromUCSC’ when loading ‘EpiTxDb’ Warning: replacing previous import ‘GenomicFeatures::makeTxDbPackageFromUCSC’ by ‘txdbmaker::makeTxDbPackageFromUCSC’ when loading ‘EpiTxDb’ Warning: replacing previous import ‘GenomicFeatures::makePackageName’ by ‘txdbmaker::makePackageName’ when loading ‘EpiTxDb’ Warning: replacing previous import ‘GenomicFeatures::makeFeatureDbFromUCSC’ by ‘txdbmaker::makeFeatureDbFromUCSC’ when loading ‘EpiTxDb’ ** testing if installed package can be loaded from final location Warning: replacing previous import ‘GenomicFeatures::makeTxDbPackage’ by ‘txdbmaker::makeTxDbPackage’ when loading ‘EpiTxDb’ Warning: replacing previous import ‘GenomicFeatures::supportedUCSCFeatureDbTables’ by ‘txdbmaker::supportedUCSCFeatureDbTables’ when loading ‘EpiTxDb’ Warning: replacing previous import ‘GenomicFeatures::makeTxDbFromGFF’ by ‘txdbmaker::makeTxDbFromGFF’ when loading ‘EpiTxDb’ Warning: replacing previous import ‘GenomicFeatures::makeTxDbPackageFromBiomart’ by ‘txdbmaker::makeTxDbPackageFromBiomart’ when loading ‘EpiTxDb’ Warning: replacing previous import ‘GenomicFeatures::supportedMiRBaseBuildValues’ by ‘txdbmaker::supportedMiRBaseBuildValues’ when loading ‘EpiTxDb’ Warning: replacing previous import ‘GenomicFeatures::supportedUCSCFeatureDbTracks’ by ‘txdbmaker::supportedUCSCFeatureDbTracks’ when loading ‘EpiTxDb’ Warning: replacing previous import ‘GenomicFeatures::browseUCSCtrack’ by ‘txdbmaker::browseUCSCtrack’ when loading ‘EpiTxDb’ Warning: replacing previous import ‘GenomicFeatures::getChromInfoFromBiomart’ by ‘txdbmaker::getChromInfoFromBiomart’ when loading ‘EpiTxDb’ Warning: replacing previous import ‘GenomicFeatures::makeTxDbFromGRanges’ by ‘txdbmaker::makeTxDbFromGRanges’ when loading ‘EpiTxDb’ Warning: replacing previous import ‘GenomicFeatures::supportedUCSCtables’ by ‘txdbmaker::supportedUCSCtables’ when loading ‘EpiTxDb’ Warning: replacing previous import ‘GenomicFeatures::makeTxDbFromBiomart’ by ‘txdbmaker::makeTxDbFromBiomart’ when loading ‘EpiTxDb’ Warning: replacing previous import ‘GenomicFeatures::UCSCFeatureDbTableSchema’ by ‘txdbmaker::UCSCFeatureDbTableSchema’ when loading ‘EpiTxDb’ Warning: replacing previous import ‘GenomicFeatures::makeTxDbFromEnsembl’ by ‘txdbmaker::makeTxDbFromEnsembl’ when loading ‘EpiTxDb’ Warning: replacing previous import ‘GenomicFeatures::makeTxDb’ by ‘txdbmaker::makeTxDb’ when loading ‘EpiTxDb’ Warning: replacing previous import ‘GenomicFeatures::makeFDbPackageFromUCSC’ by ‘txdbmaker::makeFDbPackageFromUCSC’ when loading ‘EpiTxDb’ Warning: replacing previous import ‘GenomicFeatures::makeTxDbFromUCSC’ by ‘txdbmaker::makeTxDbFromUCSC’ when loading ‘EpiTxDb’ Warning: replacing previous import ‘GenomicFeatures::makeTxDbPackageFromUCSC’ by ‘txdbmaker::makeTxDbPackageFromUCSC’ when loading ‘EpiTxDb’ Warning: replacing previous import ‘GenomicFeatures::makePackageName’ by ‘txdbmaker::makePackageName’ when loading ‘EpiTxDb’ Warning: replacing previous import ‘GenomicFeatures::makeFeatureDbFromUCSC’ by ‘txdbmaker::makeFeatureDbFromUCSC’ when loading ‘EpiTxDb’ ** testing if installed package keeps a record of temporary installation path * DONE (EpiTxDb)
EpiTxDb.Rcheck/tests/testthat.Rout
R version 4.4.1 (2024-06-14) -- "Race for Your Life"
Copyright (C) 2024 The R Foundation for Statistical Computing
Platform: x86_64-pc-linux-gnu
R is free software and comes with ABSOLUTELY NO WARRANTY.
You are welcome to redistribute it under certain conditions.
Type 'license()' or 'licence()' for distribution details.
R is a collaborative project with many contributors.
Type 'contributors()' for more information and
'citation()' on how to cite R or R packages in publications.
Type 'demo()' for some demos, 'help()' for on-line help, or
'help.start()' for an HTML browser interface to help.
Type 'q()' to quit R.
> library(testthat)
> library(EpiTxDb)
Loading required package: AnnotationDbi
Loading required package: stats4
Loading required package: BiocGenerics
Attaching package: 'BiocGenerics'
The following objects are masked from 'package:stats':
IQR, mad, sd, var, xtabs
The following objects are masked from 'package:base':
Filter, Find, Map, Position, Reduce, anyDuplicated, aperm, append,
as.data.frame, basename, cbind, colnames, dirname, do.call,
duplicated, eval, evalq, get, grep, grepl, intersect, is.unsorted,
lapply, mapply, match, mget, order, paste, pmax, pmax.int, pmin,
pmin.int, rank, rbind, rownames, sapply, setdiff, table, tapply,
union, unique, unsplit, which.max, which.min
Loading required package: Biobase
Welcome to Bioconductor
Vignettes contain introductory material; view with
'browseVignettes()'. To cite Bioconductor, see
'citation("Biobase")', and for packages 'citation("pkgname")'.
Loading required package: IRanges
Loading required package: S4Vectors
Attaching package: 'S4Vectors'
The following object is masked from 'package:utils':
findMatches
The following objects are masked from 'package:base':
I, expand.grid, unname
Loading required package: Modstrings
Loading required package: Biostrings
Loading required package: XVector
Loading required package: GenomeInfoDb
Attaching package: 'Biostrings'
The following object is masked from 'package:base':
strsplit
There were 19 warnings (use warnings() to see them)
> library(RSQLite)
>
> test_check("EpiTxDb")
[ FAIL 0 | WARN 0 | SKIP 1 | PASS 257 ]
══ Skipped tests (1) ═══════════════════════════════════════════════════════════
• On CRAN (1): 'test-4makeEpiTxDbFromtRNAdb.R:7:5'
[ FAIL 0 | WARN 0 | SKIP 1 | PASS 257 ]
>
> proc.time()
user system elapsed
22.654 1.377 24.026
EpiTxDb.Rcheck/EpiTxDb-Ex.timings
| name | user | system | elapsed | |
| EpiTxDb-class | 0.099 | 0.000 | 0.099 | |
| makeEpiTxDb | 0.156 | 0.012 | 0.169 | |
| makeEpiTxDbFromGRanges | 0.194 | 0.004 | 0.197 | |
| makeEpiTxDbFromtRNAdb | 0.000 | 0.000 | 0.001 | |
| modifications | 0.069 | 0.008 | 0.078 | |
| positionSequence | 0.664 | 0.116 | 0.780 | |
| rescale | 0.060 | 0.012 | 0.071 | |
| select | 0.052 | 0.016 | 0.068 | |
| shiftGenomicToTranscript | 1.314 | 0.040 | 1.354 | |