| Back to Multiple platform build/check report for BioC 3.19: simplified long |
|
This page was generated on 2024-10-18 20:38 -0400 (Fri, 18 Oct 2024).
| Hostname | OS | Arch (*) | R version | Installed pkgs |
|---|---|---|---|---|
| nebbiolo1 | Linux (Ubuntu 22.04.3 LTS) | x86_64 | 4.4.1 (2024-06-14) -- "Race for Your Life" | 4763 |
| palomino7 | Windows Server 2022 Datacenter | x64 | 4.4.1 (2024-06-14 ucrt) -- "Race for Your Life" | 4500 |
| merida1 | macOS 12.7.5 Monterey | x86_64 | 4.4.1 (2024-06-14) -- "Race for Your Life" | 4530 |
| kjohnson1 | macOS 13.6.6 Ventura | arm64 | 4.4.1 (2024-06-14) -- "Race for Your Life" | 4480 |
| Click on any hostname to see more info about the system (e.g. compilers) (*) as reported by 'uname -p', except on Windows and Mac OS X | ||||
| Package 574/2300 | Hostname | OS / Arch | INSTALL | BUILD | CHECK | BUILD BIN | ||||||||
| DiffLogo 2.28.0 (landing page) Hendrik Treutler
| nebbiolo1 | Linux (Ubuntu 22.04.3 LTS) / x86_64 | OK | OK | WARNINGS | |||||||||
| palomino7 | Windows Server 2022 Datacenter / x64 | OK | OK | WARNINGS | OK | |||||||||
| merida1 | macOS 12.7.5 Monterey / x86_64 | OK | OK | WARNINGS | OK | |||||||||
| kjohnson1 | macOS 13.6.6 Ventura / arm64 | OK | OK | WARNINGS | OK | |||||||||
|
To the developers/maintainers of the DiffLogo package: - Allow up to 24 hours (and sometimes 48 hours) for your latest push to git@git.bioconductor.org:packages/DiffLogo.git to reflect on this report. See Troubleshooting Build Report for more information. - Use the following Renviron settings to reproduce errors and warnings. - If 'R CMD check' started to fail recently on the Linux builder(s) over a missing dependency, add the missing dependency to 'Suggests:' in your DESCRIPTION file. See Renviron.bioc for more information. |
| Package: DiffLogo |
| Version: 2.28.0 |
| Command: /home/biocbuild/bbs-3.19-bioc/R/bin/R CMD check --install=check:DiffLogo.install-out.txt --library=/home/biocbuild/bbs-3.19-bioc/R/site-library --timings DiffLogo_2.28.0.tar.gz |
| StartedAt: 2024-10-16 23:49:48 -0400 (Wed, 16 Oct 2024) |
| EndedAt: 2024-10-16 23:50:57 -0400 (Wed, 16 Oct 2024) |
| EllapsedTime: 69.1 seconds |
| RetCode: 0 |
| Status: WARNINGS |
| CheckDir: DiffLogo.Rcheck |
| Warnings: 1 |
##############################################################################
##############################################################################
###
### Running command:
###
### /home/biocbuild/bbs-3.19-bioc/R/bin/R CMD check --install=check:DiffLogo.install-out.txt --library=/home/biocbuild/bbs-3.19-bioc/R/site-library --timings DiffLogo_2.28.0.tar.gz
###
##############################################################################
##############################################################################
* using log directory ‘/home/biocbuild/bbs-3.19-bioc/meat/DiffLogo.Rcheck’
* using R version 4.4.1 (2024-06-14)
* using platform: x86_64-pc-linux-gnu
* R was compiled by
gcc (Ubuntu 11.4.0-1ubuntu1~22.04) 11.4.0
GNU Fortran (Ubuntu 11.4.0-1ubuntu1~22.04) 11.4.0
* running under: Ubuntu 22.04.5 LTS
* using session charset: UTF-8
* checking for file ‘DiffLogo/DESCRIPTION’ ... OK
* checking extension type ... Package
* this is package ‘DiffLogo’ version ‘2.28.0’
* checking package namespace information ... NOTE
Found export directive that requires package ‘methods’:
‘exportClasses’
Remove all such namespace directives (if obsolete) or ensure that the
DESCRIPTION Depends or Imports field contains ‘methods’.
* checking package dependencies ... OK
* checking if this is a source package ... OK
* checking if there is a namespace ... OK
* checking for hidden files and directories ... OK
* checking for portable file names ... OK
* checking for sufficient/correct file permissions ... OK
* checking whether package ‘DiffLogo’ can be installed ... OK
* checking installed package size ... OK
* checking package directory ... OK
* checking ‘build’ directory ... OK
* checking DESCRIPTION meta-information ... OK
* checking top-level files ... OK
* checking for left-over files ... OK
* checking index information ... OK
* checking package subdirectories ... OK
* checking code files for non-ASCII characters ... OK
* checking R files for syntax errors ... OK
* checking whether the package can be loaded ... OK
* checking whether the package can be loaded with stated dependencies ... OK
* checking whether the package can be unloaded cleanly ... OK
* checking whether the namespace can be loaded with stated dependencies ... WARNING
Warning: S4 exports specified in 'NAMESPACE' but not defined in package ‘DiffLogo’
* checking whether the namespace can be unloaded cleanly ... OK
* checking loading without being on the library search path ... OK
* checking dependencies in R code ... OK
* checking S3 generic/method consistency ... OK
* checking replacement functions ... OK
* checking foreign function calls ... OK
* checking R code for possible problems ... NOTE
diffLogo: no visible global function definition for ‘is’
preconditionTransformPWM: no visible global function definition for
‘is’
Undefined global functions or variables:
is
Consider adding
importFrom("methods", "is")
to your NAMESPACE file (and ensure that your DESCRIPTION Imports field
contains 'methods').
* checking Rd files ... OK
* checking Rd metadata ... OK
* checking Rd cross-references ... OK
* checking for missing documentation entries ... OK
* checking for code/documentation mismatches ... OK
* checking Rd \usage sections ... OK
* checking Rd contents ... OK
* checking for unstated dependencies in examples ... OK
* checking files in ‘vignettes’ ... OK
* checking examples ... OK
* checking for unstated dependencies in ‘tests’ ... OK
* checking tests ...
Running ‘testthat.R’
OK
* checking for unstated dependencies in vignettes ... OK
* checking package vignettes ... OK
* checking re-building of vignette outputs ... OK
* checking PDF version of manual ... OK
* DONE
Status: 1 WARNING, 2 NOTEs
See
‘/home/biocbuild/bbs-3.19-bioc/meat/DiffLogo.Rcheck/00check.log’
for details.
DiffLogo.Rcheck/00install.out
############################################################################## ############################################################################## ### ### Running command: ### ### /home/biocbuild/bbs-3.19-bioc/R/bin/R CMD INSTALL DiffLogo ### ############################################################################## ############################################################################## * installing to library ‘/home/biocbuild/bbs-3.19-bioc/R/site-library’ * installing *source* package ‘DiffLogo’ ... ** using staged installation ** R ** inst ** byte-compile and prepare package for lazy loading ** help *** installing help indices ** building package indices ** installing vignettes ** testing if installed package can be loaded from temporary location ** testing if installed package can be loaded from final location ** testing if installed package keeps a record of temporary installation path * DONE (DiffLogo)
DiffLogo.Rcheck/tests/testthat.Rout
R version 4.4.1 (2024-06-14) -- "Race for Your Life" Copyright (C) 2024 The R Foundation for Statistical Computing Platform: x86_64-pc-linux-gnu R is free software and comes with ABSOLUTELY NO WARRANTY. You are welcome to redistribute it under certain conditions. Type 'license()' or 'licence()' for distribution details. R is a collaborative project with many contributors. Type 'contributors()' for more information and 'citation()' on how to cite R or R packages in publications. Type 'demo()' for some demos, 'help()' for on-line help, or 'help.start()' for an HTML browser interface to help. Type 'q()' to quit R. > > proc.time() user system elapsed 0.170 0.029 0.188
DiffLogo.Rcheck/DiffLogo-Ex.timings
| name | user | system | elapsed | |
| ASN | 0.001 | 0.000 | 0.001 | |
| Alphabet | 0.001 | 0.001 | 0.000 | |
| DNA | 0 | 0 | 0 | |
| FULL_ALPHABET | 0.001 | 0.000 | 0.000 | |
| RNA | 0 | 0 | 0 | |
| calculatePvalue | 0.031 | 0.003 | 0.035 | |
| createDiffLogoObject | 0.054 | 0.007 | 0.063 | |
| diffLogo | 0.055 | 0.004 | 0.059 | |
| diffLogoFromPwm | 0.049 | 0.008 | 0.057 | |
| diffLogoTable | 1.005 | 0.032 | 1.037 | |
| diffLogoTableConfiguration | 0.001 | 0.001 | 0.001 | |
| differenceOfICs | 0.304 | 0.002 | 0.307 | |
| drawDiffLogoTable | 1.053 | 0.004 | 1.057 | |
| enrichDiffLogoObjectWithPvalues | 0.186 | 0.000 | 0.186 | |
| enrichDiffLogoTableWithPvalues | 2.915 | 0.000 | 2.915 | |
| extendPwmsFromAlignmentVector | 0.039 | 0.000 | 0.041 | |
| getAlphabetFromCharacters | 0.001 | 0.000 | 0.001 | |
| getAlphabetFromSequences | 0.001 | 0.000 | 0.001 | |
| getPwmFromAlignment | 0.379 | 0.004 | 0.384 | |
| getPwmFromAlignmentFile | 0.005 | 0.000 | 0.005 | |
| getPwmFromFastaFile | 0.011 | 0.000 | 0.011 | |
| getPwmFromFile | 0.002 | 0.000 | 0.003 | |
| getPwmFromHomerFile | 0.002 | 0.000 | 0.002 | |
| getPwmFromPfmOrJasparFile | 0.002 | 0.000 | 0.002 | |
| getPwmFromPwmFile | 0.002 | 0.000 | 0.002 | |
| getSequencesFromAlignmentFile | 0.002 | 0.000 | 0.001 | |
| getSequencesFromFastaFile | 0.001 | 0.000 | 0.001 | |
| informationContent | 0.076 | 0.000 | 0.075 | |
| lossOfAbsICDifferences | 0.051 | 0.004 | 0.055 | |
| multipleLocalPwmsAlignment | 0.029 | 0.000 | 0.029 | |
| normalizePWM | 0.000 | 0.001 | 0.001 | |
| normalizedDifferenceOfProbabilities | 0.052 | 0.003 | 0.056 | |
| prepareDiffLogoTable | 0.723 | 0.004 | 0.728 | |
| probabilities | 0.045 | 0.004 | 0.049 | |
| seqLogo | 0.042 | 0.000 | 0.042 | |
| shannonDivergence | 0.054 | 0.000 | 0.054 | |
| sumOfAbsICDifferences | 0.053 | 0.003 | 0.056 | |
| sumOfAbsProbabilityDifferences | 0.056 | 0.000 | 0.056 | |
| sumProbabilities | 0.044 | 0.000 | 0.044 | |