| Back to Multiple platform build/check report for BioC 3.19: simplified long |
|
This page was generated on 2024-10-18 20:42 -0400 (Fri, 18 Oct 2024).
| Hostname | OS | Arch (*) | R version | Installed pkgs |
|---|---|---|---|---|
| nebbiolo1 | Linux (Ubuntu 22.04.3 LTS) | x86_64 | 4.4.1 (2024-06-14) -- "Race for Your Life" | 4763 |
| palomino7 | Windows Server 2022 Datacenter | x64 | 4.4.1 (2024-06-14 ucrt) -- "Race for Your Life" | 4500 |
| merida1 | macOS 12.7.5 Monterey | x86_64 | 4.4.1 (2024-06-14) -- "Race for Your Life" | 4530 |
| kjohnson1 | macOS 13.6.6 Ventura | arm64 | 4.4.1 (2024-06-14) -- "Race for Your Life" | 4480 |
| Click on any hostname to see more info about the system (e.g. compilers) (*) as reported by 'uname -p', except on Windows and Mac OS X | ||||
| Package 549/2300 | Hostname | OS / Arch | INSTALL | BUILD | CHECK | BUILD BIN | ||||||||
| DEP 1.26.0 (landing page) Arne Smits
| nebbiolo1 | Linux (Ubuntu 22.04.3 LTS) / x86_64 | OK | OK | WARNINGS | |||||||||
| palomino7 | Windows Server 2022 Datacenter / x64 | OK | OK | WARNINGS | OK | |||||||||
| merida1 | macOS 12.7.5 Monterey / x86_64 | OK | OK | WARNINGS | OK | |||||||||
| kjohnson1 | macOS 13.6.6 Ventura / arm64 | OK | OK | WARNINGS | OK | |||||||||
|
To the developers/maintainers of the DEP package: - Allow up to 24 hours (and sometimes 48 hours) for your latest push to git@git.bioconductor.org:packages/DEP.git to reflect on this report. See Troubleshooting Build Report for more information. - Use the following Renviron settings to reproduce errors and warnings. - If 'R CMD check' started to fail recently on the Linux builder(s) over a missing dependency, add the missing dependency to 'Suggests:' in your DESCRIPTION file. See Renviron.bioc for more information. |
| Package: DEP |
| Version: 1.26.0 |
| Command: /Library/Frameworks/R.framework/Resources/bin/R CMD check --install=check:DEP.install-out.txt --library=/Library/Frameworks/R.framework/Resources/library --no-vignettes --timings DEP_1.26.0.tar.gz |
| StartedAt: 2024-10-17 19:21:56 -0400 (Thu, 17 Oct 2024) |
| EndedAt: 2024-10-17 19:29:36 -0400 (Thu, 17 Oct 2024) |
| EllapsedTime: 459.6 seconds |
| RetCode: 0 |
| Status: WARNINGS |
| CheckDir: DEP.Rcheck |
| Warnings: 1 |
##############################################################################
##############################################################################
###
### Running command:
###
### /Library/Frameworks/R.framework/Resources/bin/R CMD check --install=check:DEP.install-out.txt --library=/Library/Frameworks/R.framework/Resources/library --no-vignettes --timings DEP_1.26.0.tar.gz
###
##############################################################################
##############################################################################
* using log directory ‘/Users/biocbuild/bbs-3.19-bioc/meat/DEP.Rcheck’
* using R version 4.4.1 (2024-06-14)
* using platform: aarch64-apple-darwin20
* R was compiled by
Apple clang version 14.0.0 (clang-1400.0.29.202)
GNU Fortran (GCC) 12.2.0
* running under: macOS Ventura 13.6.6
* using session charset: UTF-8
* using option ‘--no-vignettes’
* checking for file ‘DEP/DESCRIPTION’ ... OK
* this is package ‘DEP’ version ‘1.26.0’
* package encoding: UTF-8
* checking package namespace information ... OK
* checking package dependencies ... OK
* checking if this is a source package ... OK
* checking if there is a namespace ... OK
* checking for hidden files and directories ... OK
* checking for portable file names ... OK
* checking for sufficient/correct file permissions ... OK
* checking whether package ‘DEP’ can be installed ... OK
* checking installed package size ... OK
* checking package directory ... OK
* checking ‘build’ directory ... OK
* checking DESCRIPTION meta-information ... OK
* checking top-level files ... OK
* checking for left-over files ... OK
* checking index information ... OK
* checking package subdirectories ... OK
* checking code files for non-ASCII characters ... OK
* checking R files for syntax errors ... OK
* checking whether the package can be loaded ... OK
* checking whether the package can be loaded with stated dependencies ... OK
* checking whether the package can be unloaded cleanly ... OK
* checking whether the namespace can be loaded with stated dependencies ... OK
* checking whether the namespace can be unloaded cleanly ... OK
* checking whether startup messages can be suppressed ... OK
* checking dependencies in R code ... OK
* checking S3 generic/method consistency ... OK
* checking replacement functions ... OK
* checking foreign function calls ... OK
* checking R code for possible problems ... OK
* checking Rd files ... OK
* checking Rd metadata ... OK
* checking Rd cross-references ... WARNING
Missing link or links in Rd file 'LFQ.Rd':
‘[MSnbase:impute-methods]{impute}’
Missing link or links in Rd file 'TMT.Rd':
‘[MSnbase:impute-methods]{impute}’
Missing link or links in Rd file 'impute.Rd':
‘[MSnbase:impute-methods]{impute}’
Missing link or links in Rd file 'process.Rd':
‘[MSnbase:impute-methods]{impute}’
See section 'Cross-references' in the 'Writing R Extensions' manual.
* checking for missing documentation entries ... OK
* checking for code/documentation mismatches ... OK
* checking Rd \usage sections ... OK
* checking Rd contents ... OK
* checking for unstated dependencies in examples ... OK
* checking contents of ‘data’ directory ... OK
* checking data for non-ASCII characters ... OK
* checking LazyData ... OK
* checking data for ASCII and uncompressed saves ... OK
* checking R/sysdata.rda ... OK
* checking files in ‘vignettes’ ... OK
* checking examples ... OK
Examples with CPU (user + system) or elapsed time > 5s
user system elapsed
impute 21.178 0.248 24.619
* checking for unstated dependencies in ‘tests’ ... OK
* checking tests ...
Running ‘testthat.R’
OK
* checking for unstated dependencies in vignettes ... OK
* checking package vignettes ... OK
* checking running R code from vignettes ... SKIPPED
* checking re-building of vignette outputs ... SKIPPED
* checking PDF version of manual ... OK
* DONE
Status: 1 WARNING
See
‘/Users/biocbuild/bbs-3.19-bioc/meat/DEP.Rcheck/00check.log’
for details.
DEP.Rcheck/00install.out
############################################################################## ############################################################################## ### ### Running command: ### ### /Library/Frameworks/R.framework/Resources/bin/R CMD INSTALL DEP ### ############################################################################## ############################################################################## * installing to library ‘/Library/Frameworks/R.framework/Versions/4.4-arm64/Resources/library’ * installing *source* package ‘DEP’ ... ** using staged installation ** R ** data *** moving datasets to lazyload DB ** inst ** byte-compile and prepare package for lazy loading ** help *** installing help indices ** building package indices ** installing vignettes ** testing if installed package can be loaded from temporary location ** testing if installed package can be loaded from final location ** testing if installed package keeps a record of temporary installation path * DONE (DEP)
DEP.Rcheck/tests/testthat.Rout
R version 4.4.1 (2024-06-14) -- "Race for Your Life"
Copyright (C) 2024 The R Foundation for Statistical Computing
Platform: aarch64-apple-darwin20
R is free software and comes with ABSOLUTELY NO WARRANTY.
You are welcome to redistribute it under certain conditions.
Type 'license()' or 'licence()' for distribution details.
R is a collaborative project with many contributors.
Type 'contributors()' for more information and
'citation()' on how to cite R or R packages in publications.
Type 'demo()' for some demos, 'help()' for on-line help, or
'help.start()' for an HTML browser interface to help.
Type 'q()' to quit R.
> library(testthat)
> library(DEP)
>
> test_check("DEP")
[ FAIL 0 | WARN 14 | SKIP 0 | PASS 333 ]
[ FAIL 0 | WARN 14 | SKIP 0 | PASS 333 ]
>
> proc.time()
user system elapsed
61.227 3.578 66.537
DEP.Rcheck/DEP-Ex.timings
| name | user | system | elapsed | |
| LFQ | 2.510 | 0.113 | 2.650 | |
| TMT | 0.000 | 0.001 | 0.000 | |
| add_rejections | 0.550 | 0.025 | 0.587 | |
| analyze_dep | 1.965 | 0.088 | 2.081 | |
| filter_missval | 0.502 | 0.023 | 0.532 | |
| filter_proteins | 0.330 | 0.015 | 0.356 | |
| get_df_long | 1.908 | 0.050 | 2.010 | |
| get_df_wide | 0.759 | 0.034 | 0.798 | |
| get_prefix | 0.002 | 0.000 | 0.003 | |
| get_results | 0.988 | 0.042 | 1.039 | |
| get_suffix | 0.002 | 0.001 | 0.002 | |
| import_IsobarQuant | 0.000 | 0.000 | 0.001 | |
| import_MaxQuant | 0.053 | 0.002 | 0.058 | |
| impute | 21.178 | 0.248 | 24.619 | |
| make_se | 0.046 | 0.001 | 0.048 | |
| make_se_parse | 1.188 | 0.018 | 1.268 | |
| make_unique | 0.021 | 0.001 | 0.023 | |
| manual_impute | 0.699 | 0.021 | 0.758 | |
| meanSdPlot | 0.791 | 0.073 | 0.878 | |
| normalize_vsn | 0.350 | 0.012 | 0.365 | |
| plot_all | 1.660 | 0.081 | 1.755 | |
| plot_cond | 1.112 | 0.041 | 1.164 | |
| plot_cond_freq | 0.903 | 0.027 | 0.941 | |
| plot_cond_overlap | 0.922 | 0.037 | 0.961 | |
| plot_cor | 1.317 | 0.047 | 1.375 | |
| plot_coverage | 0.462 | 0.016 | 0.488 | |
| plot_detect | 0.764 | 0.024 | 0.794 | |
| plot_dist | 3.522 | 0.054 | 3.712 | |
| plot_frequency | 0.297 | 0.015 | 0.359 | |
| plot_gsea | 0.763 | 0.030 | 0.859 | |
| plot_heatmap | 2.594 | 0.049 | 2.789 | |
| plot_imputation | 1.060 | 0.044 | 1.195 | |
| plot_missval | 1.545 | 0.058 | 1.691 | |
| plot_normalization | 1.405 | 0.063 | 1.532 | |
| plot_numbers | 0.518 | 0.021 | 0.566 | |
| plot_p_hist | 1.251 | 0.035 | 1.354 | |
| plot_pca | 1.256 | 0.030 | 1.313 | |
| plot_single | 1.592 | 0.029 | 1.649 | |
| plot_volcano | 4.350 | 0.088 | 4.534 | |
| process | 1.530 | 0.074 | 1.651 | |
| report | 0.000 | 0.000 | 0.001 | |
| run_app | 0 | 0 | 0 | |
| se2msn | 0.121 | 0.002 | 0.134 | |
| test_diff | 0.965 | 0.056 | 1.062 | |
| test_gsea | 0.743 | 0.035 | 0.793 | |
| theme_DEP1 | 0.438 | 0.019 | 0.461 | |
| theme_DEP2 | 0.496 | 0.022 | 0.520 | |