| Back to Multiple platform build/check report for BioC 3.19: simplified long | 
 | 
This page was generated on 2024-10-18 20:38 -0400 (Fri, 18 Oct 2024).
| Hostname | OS | Arch (*) | R version | Installed pkgs | 
|---|---|---|---|---|
| nebbiolo1 | Linux (Ubuntu 22.04.3 LTS) | x86_64 | 4.4.1 (2024-06-14) -- "Race for Your Life" | 4763 | 
| palomino7 | Windows Server 2022 Datacenter | x64 | 4.4.1 (2024-06-14 ucrt) -- "Race for Your Life" | 4500 | 
| merida1 | macOS 12.7.5 Monterey | x86_64 | 4.4.1 (2024-06-14) -- "Race for Your Life" | 4530 | 
| kjohnson1 | macOS 13.6.6 Ventura | arm64 | 4.4.1 (2024-06-14) -- "Race for Your Life" | 4480 | 
| Click on any hostname to see more info about the system (e.g. compilers) (*) as reported by 'uname -p', except on Windows and Mac OS X | ||||
| Package 370/2300 | Hostname | OS / Arch | INSTALL | BUILD | CHECK | BUILD BIN | ||||||||
| CluMSID 1.20.0  (landing page) Tobias Depke 
 | nebbiolo1 | Linux (Ubuntu 22.04.3 LTS) / x86_64 | OK | OK | WARNINGS |  | ||||||||
| palomino7 | Windows Server 2022 Datacenter / x64 | OK | OK | WARNINGS | OK |  | ||||||||
| merida1 | macOS 12.7.5 Monterey / x86_64 | OK | ERROR | skipped | skipped | |||||||||
| kjohnson1 | macOS 13.6.6 Ventura / arm64 | OK | ERROR | skipped | skipped | |||||||||
| To the developers/maintainers of the CluMSID package: - Allow up to 24 hours (and sometimes 48 hours) for your latest push to git@git.bioconductor.org:packages/CluMSID.git to reflect on this report. See Troubleshooting Build Report for more information. - Use the following Renviron settings to reproduce errors and warnings. - If 'R CMD check' started to fail recently on the Linux builder(s) over a missing dependency, add the missing dependency to 'Suggests:' in your DESCRIPTION file. See Renviron.bioc for more information. | 
| Package: CluMSID | 
| Version: 1.20.0 | 
| Command: /home/biocbuild/bbs-3.19-bioc/R/bin/R CMD check --install=check:CluMSID.install-out.txt --library=/home/biocbuild/bbs-3.19-bioc/R/site-library --timings CluMSID_1.20.0.tar.gz | 
| StartedAt: 2024-10-16 22:50:20 -0400 (Wed, 16 Oct 2024) | 
| EndedAt: 2024-10-16 23:01:21 -0400 (Wed, 16 Oct 2024) | 
| EllapsedTime: 661.4 seconds | 
| RetCode: 0 | 
| Status: WARNINGS | 
| CheckDir: CluMSID.Rcheck | 
| Warnings: 1 | 
##############################################################################
##############################################################################
###
### Running command:
###
###   /home/biocbuild/bbs-3.19-bioc/R/bin/R CMD check --install=check:CluMSID.install-out.txt --library=/home/biocbuild/bbs-3.19-bioc/R/site-library --timings CluMSID_1.20.0.tar.gz
###
##############################################################################
##############################################################################
* using log directory ‘/home/biocbuild/bbs-3.19-bioc/meat/CluMSID.Rcheck’
* using R version 4.4.1 (2024-06-14)
* using platform: x86_64-pc-linux-gnu
* R was compiled by
    gcc (Ubuntu 11.4.0-1ubuntu1~22.04) 11.4.0
    GNU Fortran (Ubuntu 11.4.0-1ubuntu1~22.04) 11.4.0
* running under: Ubuntu 22.04.5 LTS
* using session charset: UTF-8
* checking for file ‘CluMSID/DESCRIPTION’ ... OK
* checking extension type ... Package
* this is package ‘CluMSID’ version ‘1.20.0’
* package encoding: UTF-8
* checking package namespace information ... OK
* checking package dependencies ... OK
* checking if this is a source package ... OK
* checking if there is a namespace ... OK
* checking for hidden files and directories ... OK
* checking for portable file names ... OK
* checking for sufficient/correct file permissions ... OK
* checking whether package ‘CluMSID’ can be installed ... WARNING
Found the following significant warnings:
  Warning: replacing previous import ‘dbscan::as.dendrogram’ by ‘stats::as.dendrogram’ when loading ‘CluMSID’
See ‘/home/biocbuild/bbs-3.19-bioc/meat/CluMSID.Rcheck/00install.out’ for details.
* checking installed package size ... OK
* checking package directory ... OK
* checking ‘build’ directory ... OK
* checking DESCRIPTION meta-information ... NOTE
License stub is invalid DCF.
* checking top-level files ... OK
* checking for left-over files ... OK
* checking index information ... OK
* checking package subdirectories ... OK
* checking code files for non-ASCII characters ... OK
* checking R files for syntax errors ... OK
* checking whether the package can be loaded ... OK
* checking whether the package can be loaded with stated dependencies ... OK
* checking whether the package can be unloaded cleanly ... OK
* checking whether the namespace can be loaded with stated dependencies ... OK
* checking whether the namespace can be unloaded cleanly ... OK
* checking loading without being on the library search path ... OK
* checking dependencies in R code ... OK
* checking S3 generic/method consistency ... OK
* checking replacement functions ... OK
* checking foreign function calls ... OK
* checking R code for possible problems ... OK
* checking Rd files ... NOTE
checkRd: (-1) OPTICSplot.Rd:24: Lost braces
    24 | see code{\link[dbscan:optics]{extractDBSCAN}}.
       |         ^
* checking Rd metadata ... OK
* checking Rd cross-references ... OK
* checking for missing documentation entries ... OK
* checking for code/documentation mismatches ... OK
* checking Rd \usage sections ... OK
* checking Rd contents ... OK
* checking for unstated dependencies in examples ... OK
* checking files in ‘vignettes’ ... OK
* checking examples ... OK
Examples with CPU (user + system) or elapsed time > 5s
                    user system elapsed
mergeMS2spectra   17.956  0.231  18.502
extractMS2spectra 14.118  0.255  14.378
splitPolarities   13.926  0.085  14.011
* checking for unstated dependencies in ‘tests’ ... OK
* checking tests ...
  Running ‘testthat.R’
 OK
* checking for unstated dependencies in vignettes ... OK
* checking package vignettes ... OK
* checking re-building of vignette outputs ... OK
* checking PDF version of manual ... OK
* DONE
Status: 1 WARNING, 2 NOTEs
See
  ‘/home/biocbuild/bbs-3.19-bioc/meat/CluMSID.Rcheck/00check.log’
for details.
CluMSID.Rcheck/00install.out
############################################################################## ############################################################################## ### ### Running command: ### ### /home/biocbuild/bbs-3.19-bioc/R/bin/R CMD INSTALL CluMSID ### ############################################################################## ############################################################################## * installing to library ‘/home/biocbuild/bbs-3.19-bioc/R/site-library’ * installing *source* package ‘CluMSID’ ... ** using staged installation ** R ** byte-compile and prepare package for lazy loading Warning: replacing previous import ‘dbscan::as.dendrogram’ by ‘stats::as.dendrogram’ when loading ‘CluMSID’ ** help *** installing help indices ** building package indices ** installing vignettes ** testing if installed package can be loaded from temporary location Warning: replacing previous import ‘dbscan::as.dendrogram’ by ‘stats::as.dendrogram’ when loading ‘CluMSID’ ** testing if installed package can be loaded from final location Warning: replacing previous import ‘dbscan::as.dendrogram’ by ‘stats::as.dendrogram’ when loading ‘CluMSID’ ** testing if installed package keeps a record of temporary installation path * DONE (CluMSID)
CluMSID.Rcheck/tests/testthat.Rout
R version 4.4.1 (2024-06-14) -- "Race for Your Life"
Copyright (C) 2024 The R Foundation for Statistical Computing
Platform: x86_64-pc-linux-gnu
R is free software and comes with ABSOLUTELY NO WARRANTY.
You are welcome to redistribute it under certain conditions.
Type 'license()' or 'licence()' for distribution details.
R is a collaborative project with many contributors.
Type 'contributors()' for more information and
'citation()' on how to cite R or R packages in publications.
Type 'demo()' for some demos, 'help()' for on-line help, or
'help.start()' for an HTML browser interface to help.
Type 'q()' to quit R.
> library(testthat)
> library(CluMSID)
Warning message:
replacing previous import 'dbscan::as.dendrogram' by 'stats::as.dendrogram' when loading 'CluMSID' 
> 
> test_check("CluMSID")
[ FAIL 0 | WARN 0 | SKIP 0 | PASS 16 ]
> 
> proc.time()
   user  system elapsed 
 16.804   0.803  17.598 
CluMSID.Rcheck/CluMSID-Ex.timings
| name | user | system | elapsed | |
| Featurelist | 0.010 | 0.000 | 0.012 | |
| HCplot | 0.159 | 0.004 | 0.164 | |
| HCtbl | 0.009 | 0.000 | 0.009 | |
| MDSplot | 1.237 | 0.012 | 1.249 | |
| OPTICSplot | 0.022 | 0.004 | 0.026 | |
| OPTICStbl | 0.013 | 0.000 | 0.013 | |
| accessors | 0.045 | 0.005 | 0.050 | |
| addAnnotations | 0.047 | 0.123 | 0.172 | |
| as.MS2spectrum | 0.147 | 0.012 | 0.159 | |
| cossim | 0.015 | 0.000 | 0.016 | |
| distanceMatrix | 0.401 | 0.032 | 0.434 | |
| extractMS2spectra | 14.118 | 0.255 | 14.378 | |
| extractPseudospectra | 0.813 | 0.411 | 0.891 | |
| findFragment | 0.021 | 0.000 | 0.021 | |
| findNL | 0.019 | 0.004 | 0.023 | |
| getSimilarities | 2.937 | 0.052 | 2.989 | |
| getSpectrum | 0.016 | 0.004 | 0.019 | |
| mergeMS2spectra | 17.956 | 0.231 | 18.502 | |
| networkplot | 0.204 | 0.012 | 0.217 | |
| specplot | 0.007 | 0.003 | 0.010 | |
| splitPolarities | 13.926 | 0.085 | 14.011 | |
| writeFeaturelist | 0.012 | 0.000 | 0.012 | |