| Back to Multiple platform build/check report for BioC 3.19: simplified long |
|
This page was generated on 2024-06-11 14:42 -0400 (Tue, 11 Jun 2024).
| Hostname | OS | Arch (*) | R version | Installed pkgs |
|---|---|---|---|---|
| nebbiolo1 | Linux (Ubuntu 22.04.3 LTS) | x86_64 | 4.4.0 (2024-04-24) -- "Puppy Cup" | 4757 |
| palomino3 | Windows Server 2022 Datacenter | x64 | 4.4.0 (2024-04-24 ucrt) -- "Puppy Cup" | 4491 |
| lconway | macOS 12.7.1 Monterey | x86_64 | 4.4.0 (2024-04-24) -- "Puppy Cup" | 4522 |
| kjohnson3 | macOS 13.6.5 Ventura | arm64 | 4.4.0 (2024-04-24) -- "Puppy Cup" | 4468 |
| Click on any hostname to see more info about the system (e.g. compilers) (*) as reported by 'uname -p', except on Windows and Mac OS X | ||||
| Package 348/2300 | Hostname | OS / Arch | INSTALL | BUILD | CHECK | BUILD BIN | ||||||||
| ChromSCape 1.14.0 (landing page) Pacome Prompsy
| nebbiolo1 | Linux (Ubuntu 22.04.3 LTS) / x86_64 | OK | OK | WARNINGS | |||||||||
| palomino3 | Windows Server 2022 Datacenter / x64 | OK | OK | WARNINGS | OK | |||||||||
| lconway | macOS 12.7.1 Monterey / x86_64 | OK | OK | WARNINGS | OK | |||||||||
| kjohnson3 | macOS 13.6.5 Ventura / arm64 | OK | OK | WARNINGS | OK | |||||||||
|
To the developers/maintainers of the ChromSCape package: - Allow up to 24 hours (and sometimes 48 hours) for your latest push to git@git.bioconductor.org:packages/ChromSCape.git to reflect on this report. See Troubleshooting Build Report for more information. - Use the following Renviron settings to reproduce errors and warnings. - If 'R CMD check' started to fail recently on the Linux builder(s) over a missing dependency, add the missing dependency to 'Suggests:' in your DESCRIPTION file. See Renviron.bioc for more information. |
| Package: ChromSCape |
| Version: 1.14.0 |
| Command: /Library/Frameworks/R.framework/Resources/bin/R CMD check --install=check:ChromSCape.install-out.txt --library=/Library/Frameworks/R.framework/Resources/library --no-vignettes --timings ChromSCape_1.14.0.tar.gz |
| StartedAt: 2024-06-09 19:24:37 -0400 (Sun, 09 Jun 2024) |
| EndedAt: 2024-06-09 19:38:38 -0400 (Sun, 09 Jun 2024) |
| EllapsedTime: 840.5 seconds |
| RetCode: 0 |
| Status: WARNINGS |
| CheckDir: ChromSCape.Rcheck |
| Warnings: 3 |
##############################################################################
##############################################################################
###
### Running command:
###
### /Library/Frameworks/R.framework/Resources/bin/R CMD check --install=check:ChromSCape.install-out.txt --library=/Library/Frameworks/R.framework/Resources/library --no-vignettes --timings ChromSCape_1.14.0.tar.gz
###
##############################################################################
##############################################################################
* using log directory ‘/Users/biocbuild/bbs-3.19-bioc/meat/ChromSCape.Rcheck’
* using R version 4.4.0 (2024-04-24)
* using platform: x86_64-apple-darwin20
* R was compiled by
Apple clang version 14.0.0 (clang-1400.0.29.202)
GNU Fortran (GCC) 12.2.0
* running under: macOS Monterey 12.7.1
* using session charset: UTF-8
* using option ‘--no-vignettes’
* checking for file ‘ChromSCape/DESCRIPTION’ ... OK
* this is package ‘ChromSCape’ version ‘1.14.0’
* package encoding: UTF-8
* checking package namespace information ... OK
* checking package dependencies ... OK
* checking if this is a source package ... OK
* checking if there is a namespace ... OK
* checking for hidden files and directories ... NOTE
Found the following hidden files and directories:
.BBSoptions
These were most likely included in error. See section ‘Package
structure’ in the ‘Writing R Extensions’ manual.
* checking for portable file names ... OK
* checking for sufficient/correct file permissions ... OK
* checking whether package ‘ChromSCape’ can be installed ... OK
* used C++ compiler: ‘Apple clang version 14.0.0 (clang-1400.0.29.202)’
* used SDK: ‘MacOSX11.3.sdk’
* checking installed package size ... OK
* checking package directory ... OK
* checking ‘build’ directory ... OK
* checking DESCRIPTION meta-information ... OK
* checking top-level files ... OK
* checking for left-over files ... OK
* checking index information ... OK
* checking package subdirectories ... OK
* checking code files for non-ASCII characters ... OK
* checking R files for syntax errors ... OK
* checking whether the package can be loaded ... OK
* checking whether the package can be loaded with stated dependencies ... OK
* checking whether the package can be unloaded cleanly ... OK
* checking whether the namespace can be loaded with stated dependencies ... OK
* checking whether the namespace can be unloaded cleanly ... OK
* checking whether startup messages can be suppressed ... OK
* checking dependencies in R code ... WARNING
'library' or 'require' call not declared from: ‘dplyr’
'library' or 'require' call to ‘dplyr’ in package code.
Please use :: or requireNamespace() instead.
See section 'Suggested packages' in the 'Writing R Extensions' manual.
* checking S3 generic/method consistency ... OK
* checking replacement functions ... OK
* checking foreign function calls ... OK
* checking R code for possible problems ... NOTE
bams_to_matrix_indexes: no visible binding for global variable
‘files_dir_list’
enrich_TF_ChEA3_genes: no visible binding for global variable
‘CheA3_TF_nTargets’
filter_correlated_cell_scExp: no visible binding for global variable
‘run_tsne’
generate_analysis: no visible global function definition for ‘head’
generate_analysis: no visible binding for global variable ‘k’
generate_analysis: no visible binding for global variable
‘clusterConsensus’
get_most_variable_cyto: no visible binding for global variable
‘cytoBand’
get_most_variable_cyto: no visible binding for global variable
‘Fri_cyto’
num_cell_after_QC_filt_scExp: no visible binding for global variable
‘sample_id’
num_cell_after_QC_filt_scExp: no visible binding for global variable
‘total_counts’
num_cell_scExp: no visible binding for global variable ‘sample_id’
num_cell_scExp: no visible binding for global variable ‘total_counts’
plot_correlation_PCA_scExp: no visible binding for global variable
‘Component’
plot_coverage_BigWig: no visible binding for global variable ‘molecule’
plot_coverage_BigWig: no visible binding for global variable
‘orientation’
plot_coverage_BigWig: no visible binding for global variable ‘Gene’
plot_gain_or_loss_barplots: no visible binding for global variable
‘Gain_or_Loss’
plot_gain_or_loss_barplots: no visible binding for global variable
‘ncells’
plot_gain_or_loss_barplots: no visible binding for global variable
‘cytoBand’
plot_most_contributing_features: no visible binding for global variable
‘genes’
plot_percent_active_feature_scExp: no visible binding for global
variable ‘group’
plot_percent_active_feature_scExp: no visible binding for global
variable ‘percent_active’
plot_pie_most_contributing_chr: no visible binding for global variable
‘absolute_value’
plot_reduced_dim_scExp: no visible binding for global variable ‘V1’
plot_reduced_dim_scExp: no visible binding for global variable ‘V2’
plot_reduced_dim_scExp: no visible binding for global variable
‘cluster’
plot_top_TF_scExp: no visible binding for global variable ‘TF’
rebin_helper: no visible binding for global variable ‘new_row’
rebin_helper: no visible binding for global variable ‘origin_value’
rebin_matrix: no visible binding for global variable ‘group’
subset_bam_call_peaks: no visible binding for global variable
‘merged_bam’
Undefined global functions or variables:
CheA3_TF_nTargets Component Fri_cyto Gain_or_Loss Gene TF V1 V2
absolute_value cluster clusterConsensus cytoBand files_dir_list genes
group head k merged_bam molecule ncells new_row orientation
origin_value percent_active run_tsne sample_id total_counts
Consider adding
importFrom("utils", "head")
to your NAMESPACE file.
* checking Rd files ... NOTE
prepare_Rd: raw_counts_to_sparse_matrix.Rd:6-8: Dropping empty section \source
* checking Rd metadata ... OK
* checking Rd cross-references ... OK
* checking for missing documentation entries ... OK
* checking for code/documentation mismatches ... WARNING
Codoc mismatches from Rd file 'generate_analysis.Rd':
generate_analysis
Code: function(input_data_folder, analysis_name = "Analysis_1",
output_directory = "./", input_data_type = c("scBED",
"DenseMatrix", "SparseMatrix", "scBAM")[1],
feature_count_on = c("bins", "genebody", "peaks")[1],
feature_count_parameter = 50000, rebin_sparse_matrix =
FALSE, ref_genome = c("hg38", "mm10")[1], run =
c("filter", "CNA", "cluster", "consensus", "coverage",
"DA", "GSA", "report")[c(1, 3, 5, 6, 7, 8)],
min_reads_per_cell = 1000, max_quantile_read_per_cell
= 99, n_top_features = 40000, norm_type = "CPM",
subsample_n = NULL, exclude_regions = NULL, n_clust =
NULL, corr_threshold = 99, percent_correlation = 1,
maxK = 10, qval.th = 0.1, logFC.th = 1,
enrichment_qval = 0.1, doBatchCorr = FALSE, batch_sels
= NULL, control_samples_CNA = NULL, genes_to_plot =
c("Krt8", "Krt5", "Tgfb1", "Foxq1", "Cdkn2b",
"Cdkn2a", "chr7:15000000-20000000"))
Docs: function(input_data_folder, analysis_name = "Analysis_1",
output_directory = "./", input_data_type = c("scBED",
"DenseMatrix", "SparseMatrix", "scBAM")[1],
rebin_sparse_matrix = FALSE, feature_count_on =
c("bins", "genebody", "peaks")[1],
feature_count_parameter = 50000, ref_genome =
c("hg38", "mm10")[1], run = c("filter", "CNA",
"cluster", "consensus", "peak_call", "coverage", "DA",
"GSA", "report")[c(1, 3, 6, 7, 8, 9)],
min_reads_per_cell = 1000, max_quantile_read_per_cell
= 99, n_top_features = 40000, norm_type = "CPM",
subsample_n = NULL, exclude_regions = NULL, n_clust =
NULL, corr_threshold = 99, percent_correlation = 1,
maxK = 10, qval.th = 0.1, logFC.th = 1,
enrichment_qval = 0.1, doBatchCorr = FALSE, batch_sels
= NULL, control_samples_CNA = NULL, genes_to_plot =
c("Krt8", "Krt5", "Tgfb1", "Foxq1", "Cdkn2b",
"Cdkn2a", "chr7:15000000-20000000"))
Mismatches in argument names:
Position: 5 Code: feature_count_on Docs: rebin_sparse_matrix
Position: 6 Code: feature_count_parameter Docs: feature_count_on
Position: 7 Code: rebin_sparse_matrix Docs: feature_count_parameter
Mismatches in argument default values:
Name: 'run'
Code: c("filter", "CNA", "cluster", "consensus", "coverage", "DA",
"GSA", "report")[c(1, 3, 5, 6, 7, 8)]
Docs: c("filter", "CNA", "cluster", "consensus", "peak_call", "coverage",
"DA", "GSA", "report")[c(1, 3, 6, 7, 8, 9)]
* checking Rd \usage sections ... WARNING
Undocumented arguments in Rd file 'rebin_matrix.Rd'
‘rebin_function’
Functions with \usage entries need to have the appropriate \alias
entries, and all their arguments documented.
The \usage entries must correspond to syntactically valid R code.
See chapter ‘Writing R documentation files’ in the ‘Writing R
Extensions’ manual.
* checking Rd contents ... OK
* checking for unstated dependencies in examples ... OK
* checking contents of ‘data’ directory ... OK
* checking data for non-ASCII characters ... OK
* checking data for ASCII and uncompressed saves ... OK
* checking line endings in C/C++/Fortran sources/headers ... OK
* checking compiled code ... NOTE
Note: information on .o files is not available
* checking files in ‘vignettes’ ... OK
* checking examples ... OK
Examples with CPU (user + system) or elapsed time > 5s
user system elapsed
plot_gain_or_loss_barplots 55.496 0.483 56.607
get_pathway_mat_scExp 38.572 5.481 44.588
calculate_CNA 28.621 1.740 30.639
calculate_logRatio_CNA 27.984 0.989 29.380
calculate_gain_or_loss 25.722 0.738 26.696
calculate_cyto_mat 25.681 0.600 26.503
plot_reduced_dim_scExp_CNA 26.001 0.206 26.413
get_most_variable_cyto 25.721 0.366 26.315
get_cyto_features 22.749 0.257 23.264
num_cell_after_cor_filt_scExp 10.708 0.059 10.854
filter_correlated_cell_scExp 10.025 0.100 10.194
preprocessing_filtering_and_reduction 8.537 0.199 8.810
create_scDataset_raw 6.698 0.574 7.390
import_scExp 6.598 0.555 7.252
CompareedgeRGLM 6.493 0.490 7.076
CompareWilcox 6.183 0.491 6.173
rebin_matrix 6.318 0.051 22.351
differential_activation 6.273 0.066 6.394
enrich_TF_ChEA3_scExp 1.167 0.079 6.698
enrich_TF_ChEA3_genes 0.592 0.170 8.493
* checking for unstated dependencies in ‘tests’ ... OK
* checking tests ...
Running ‘testthat.R’
OK
* checking for unstated dependencies in vignettes ... OK
* checking package vignettes ... OK
* checking running R code from vignettes ... SKIPPED
* checking re-building of vignette outputs ... SKIPPED
* checking PDF version of manual ... OK
* DONE
Status: 3 WARNINGs, 4 NOTEs
See
‘/Users/biocbuild/bbs-3.19-bioc/meat/ChromSCape.Rcheck/00check.log’
for details.
ChromSCape.Rcheck/00install.out
############################################################################## ############################################################################## ### ### Running command: ### ### /Library/Frameworks/R.framework/Resources/bin/R CMD INSTALL ChromSCape ### ############################################################################## ############################################################################## * installing to library ‘/Library/Frameworks/R.framework/Versions/4.4-x86_64/Resources/library’ * installing *source* package ‘ChromSCape’ ... ** using staged installation ** libs using C++ compiler: ‘Apple clang version 14.0.0 (clang-1400.0.29.202)’ using SDK: ‘MacOSX11.3.sdk’ clang++ -arch x86_64 -std=gnu++17 -I"/Library/Frameworks/R.framework/Resources/include" -DNDEBUG -I'/Library/Frameworks/R.framework/Versions/4.4-x86_64/Resources/library/Rcpp/include' -I/opt/R/x86_64/include -fPIC -falign-functions=64 -Wall -g -O2 -c RcppExports.cpp -o RcppExports.o clang++ -arch x86_64 -std=gnu++17 -I"/Library/Frameworks/R.framework/Resources/include" -DNDEBUG -I'/Library/Frameworks/R.framework/Versions/4.4-x86_64/Resources/library/Rcpp/include' -I/opt/R/x86_64/include -fPIC -falign-functions=64 -Wall -g -O2 -c as_dist.cpp -o as_dist.o clang++ -arch x86_64 -std=gnu++17 -dynamiclib -Wl,-headerpad_max_install_names -undefined dynamic_lookup -L/Library/Frameworks/R.framework/Resources/lib -L/opt/R/x86_64/lib -o ChromSCape.so RcppExports.o as_dist.o -F/Library/Frameworks/R.framework/.. -framework R -Wl,-framework -Wl,CoreFoundation installing to /Library/Frameworks/R.framework/Versions/4.4-x86_64/Resources/library/00LOCK-ChromSCape/00new/ChromSCape/libs ** R ** data ** inst ** byte-compile and prepare package for lazy loading ** help *** installing help indices ** building package indices ** installing vignettes ** testing if installed package can be loaded from temporary location ** checking absolute paths in shared objects and dynamic libraries ** testing if installed package can be loaded from final location ** testing if installed package keeps a record of temporary installation path * DONE (ChromSCape)
ChromSCape.Rcheck/tests/testthat.Rout
R version 4.4.0 (2024-04-24) -- "Puppy Cup"
Copyright (C) 2024 The R Foundation for Statistical Computing
Platform: x86_64-apple-darwin20
R is free software and comes with ABSOLUTELY NO WARRANTY.
You are welcome to redistribute it under certain conditions.
Type 'license()' or 'licence()' for distribution details.
R is a collaborative project with many contributors.
Type 'contributors()' for more information and
'citation()' on how to cite R or R packages in publications.
Type 'demo()' for some demos, 'help()' for on-line help, or
'help.start()' for an HTML browser interface to help.
Type 'q()' to quit R.
> library(testthat)
> library(ChromSCape)
>
> test_check("ChromSCape")
[ FAIL 0 | WARN 2 | SKIP 0 | PASS 11 ]
[ FAIL 0 | WARN 2 | SKIP 0 | PASS 11 ]
>
> proc.time()
user system elapsed
41.245 3.697 45.234
ChromSCape.Rcheck/ChromSCape-Ex.timings
| name | user | system | elapsed | |
| CheA3_TF_nTargets | 0.010 | 0.003 | 0.013 | |
| CompareWilcox | 6.183 | 0.491 | 6.173 | |
| CompareedgeRGLM | 6.493 | 0.490 | 7.076 | |
| annotToCol2 | 1.083 | 0.025 | 1.118 | |
| calculate_CNA | 28.621 | 1.740 | 30.639 | |
| calculate_cyto_mat | 25.681 | 0.600 | 26.503 | |
| calculate_gain_or_loss | 25.722 | 0.738 | 26.696 | |
| calculate_logRatio_CNA | 27.984 | 0.989 | 29.380 | |
| choose_cluster_scExp | 3.632 | 0.503 | 4.241 | |
| colors_scExp | 0.382 | 0.019 | 0.438 | |
| consensus_clustering_scExp | 3.411 | 0.847 | 4.732 | |
| correlation_and_hierarchical_clust_scExp | 0.425 | 0.011 | 0.440 | |
| create_project_folder | 0.002 | 0.003 | 0.005 | |
| create_scDataset_raw | 6.698 | 0.574 | 7.390 | |
| create_scExp | 0.740 | 0.041 | 0.799 | |
| define_feature | 0.175 | 0.005 | 0.181 | |
| detect_samples | 1.085 | 0.071 | 1.163 | |
| differential_activation | 6.273 | 0.066 | 6.394 | |
| differential_analysis_scExp | 3.078 | 0.043 | 3.150 | |
| enrich_TF_ChEA3_genes | 0.592 | 0.170 | 8.493 | |
| enrich_TF_ChEA3_scExp | 1.167 | 0.079 | 6.698 | |
| exclude_features_scExp | 0.677 | 0.009 | 0.692 | |
| feature_annotation_scExp | 1.880 | 0.086 | 1.994 | |
| filter_correlated_cell_scExp | 10.025 | 0.100 | 10.194 | |
| filter_scExp | 0.900 | 0.010 | 0.914 | |
| find_clusters_louvain_scExp | 0.534 | 0.253 | 0.671 | |
| find_top_features | 0.436 | 0.052 | 0.495 | |
| gene_set_enrichment_analysis_scExp | 0.283 | 0.011 | 0.296 | |
| generate_analysis | 0.000 | 0.000 | 0.001 | |
| generate_coverage_tracks | 0 | 0 | 0 | |
| generate_report | 0.000 | 0.000 | 0.001 | |
| getExperimentNames | 0.338 | 0.015 | 0.356 | |
| getMainExperiment | 0.332 | 0.018 | 0.353 | |
| get_cyto_features | 22.749 | 0.257 | 23.264 | |
| get_genomic_coordinates | 0.553 | 0.014 | 0.572 | |
| get_most_variable_cyto | 25.721 | 0.366 | 26.315 | |
| get_pathway_mat_scExp | 38.572 | 5.481 | 44.588 | |
| has_genomic_coordinates | 1.023 | 0.017 | 1.047 | |
| import_scExp | 6.598 | 0.555 | 7.252 | |
| inter_correlation_scExp | 0.452 | 0.018 | 0.474 | |
| intra_correlation_scExp | 0.385 | 0.013 | 0.399 | |
| launchApp | 0 | 0 | 0 | |
| normalize_scExp | 0.558 | 0.025 | 0.587 | |
| num_cell_after_QC_filt_scExp | 0.684 | 0.084 | 0.772 | |
| num_cell_after_cor_filt_scExp | 10.708 | 0.059 | 10.854 | |
| num_cell_before_cor_filt_scExp | 0.289 | 0.015 | 0.323 | |
| num_cell_in_cluster_scExp | 0.541 | 0.011 | 0.554 | |
| num_cell_scExp | 0.566 | 0.007 | 0.574 | |
| plot_cluster_consensus_scExp | 1.033 | 0.072 | 1.111 | |
| plot_correlation_PCA_scExp | 1.197 | 0.015 | 1.227 | |
| plot_coverage_BigWig | 0.282 | 0.005 | 0.290 | |
| plot_differential_summary_scExp | 0.269 | 0.012 | 0.285 | |
| plot_differential_volcano_scExp | 0.371 | 0.012 | 0.389 | |
| plot_distribution_scExp | 0.526 | 0.037 | 0.571 | |
| plot_gain_or_loss_barplots | 55.496 | 0.483 | 56.607 | |
| plot_heatmap_scExp | 0.401 | 0.017 | 0.423 | |
| plot_inter_correlation_scExp | 0.644 | 0.011 | 0.665 | |
| plot_intra_correlation_scExp | 0.580 | 0.009 | 0.590 | |
| plot_most_contributing_features | 0.434 | 0.017 | 0.452 | |
| plot_percent_active_feature_scExp | 2.173 | 0.046 | 2.245 | |
| plot_pie_most_contributing_chr | 0.346 | 0.007 | 0.357 | |
| plot_reduced_dim_scExp | 2.939 | 0.044 | 3.001 | |
| plot_reduced_dim_scExp_CNA | 26.001 | 0.206 | 26.413 | |
| plot_top_TF_scExp | 0.508 | 0.015 | 0.525 | |
| plot_violin_feature_scExp | 2.054 | 0.033 | 2.096 | |
| preprocess_CPM | 0.613 | 0.057 | 0.678 | |
| preprocess_RPKM | 0.625 | 0.026 | 0.658 | |
| preprocess_TFIDF | 0.586 | 0.060 | 0.665 | |
| preprocess_TPM | 0.630 | 0.027 | 0.658 | |
| preprocess_feature_size_only | 0.550 | 0.024 | 0.576 | |
| preprocessing_filtering_and_reduction | 8.537 | 0.199 | 8.810 | |
| read_sparse_matrix | 0 | 0 | 0 | |
| rebin_matrix | 6.318 | 0.051 | 22.351 | |
| reduce_dims_scExp | 1.884 | 0.059 | 1.978 | |
| scExp | 1.142 | 0.039 | 1.191 | |
| subsample_scExp | 0.824 | 0.008 | 0.838 | |
| subset_bam_call_peaks | 0.000 | 0.000 | 0.001 | |
| summary_DA | 0.309 | 0.010 | 0.321 | |
| swapAltExp_sameColData | 0.342 | 0.009 | 0.358 | |
| table_enriched_genes_scExp | 0.286 | 0.009 | 0.297 | |
| wrapper_Signac_FeatureMatrix | 0.000 | 0.000 | 0.001 | |