| Back to Multiple platform build/check report for BioC 3.19: simplified long | 
 | 
This page was generated on 2024-10-18 20:40 -0400 (Fri, 18 Oct 2024).
| Hostname | OS | Arch (*) | R version | Installed pkgs | 
|---|---|---|---|---|
| nebbiolo1 | Linux (Ubuntu 22.04.3 LTS) | x86_64 | 4.4.1 (2024-06-14) -- "Race for Your Life" | 4763 | 
| palomino7 | Windows Server 2022 Datacenter | x64 | 4.4.1 (2024-06-14 ucrt) -- "Race for Your Life" | 4500 | 
| merida1 | macOS 12.7.5 Monterey | x86_64 | 4.4.1 (2024-06-14) -- "Race for Your Life" | 4530 | 
| kjohnson1 | macOS 13.6.6 Ventura | arm64 | 4.4.1 (2024-06-14) -- "Race for Your Life" | 4480 | 
| Click on any hostname to see more info about the system (e.g. compilers) (*) as reported by 'uname -p', except on Windows and Mac OS X | ||||
| Package 328/2300 | Hostname | OS / Arch | INSTALL | BUILD | CHECK | BUILD BIN | ||||||||
| ChemmineR 3.56.0  (landing page) Thomas Girke 
 | nebbiolo1 | Linux (Ubuntu 22.04.3 LTS) / x86_64 | OK | OK | WARNINGS | |||||||||
| palomino7 | Windows Server 2022 Datacenter / x64 | OK | OK | WARNINGS | OK | |||||||||
| merida1 | macOS 12.7.5 Monterey / x86_64 | OK | OK | WARNINGS | OK | |||||||||
| kjohnson1 | macOS 13.6.6 Ventura / arm64 | OK | OK | WARNINGS | OK | |||||||||
| To the developers/maintainers of the ChemmineR package: - Allow up to 24 hours (and sometimes 48 hours) for your latest push to git@git.bioconductor.org:packages/ChemmineR.git to reflect on this report. See Troubleshooting Build Report for more information. - Use the following Renviron settings to reproduce errors and warnings. - If 'R CMD check' started to fail recently on the Linux builder(s) over a missing dependency, add the missing dependency to 'Suggests:' in your DESCRIPTION file. See Renviron.bioc for more information. | 
| Package: ChemmineR | 
| Version: 3.56.0 | 
| Command: /Library/Frameworks/R.framework/Resources/bin/R CMD check --install=check:ChemmineR.install-out.txt --library=/Library/Frameworks/R.framework/Resources/library --no-vignettes --timings ChemmineR_3.56.0.tar.gz | 
| StartedAt: 2024-10-17 02:36:35 -0400 (Thu, 17 Oct 2024) | 
| EndedAt: 2024-10-17 02:41:27 -0400 (Thu, 17 Oct 2024) | 
| EllapsedTime: 291.6 seconds | 
| RetCode: 0 | 
| Status: WARNINGS | 
| CheckDir: ChemmineR.Rcheck | 
| Warnings: 1 | 
##############################################################################
##############################################################################
###
### Running command:
###
###   /Library/Frameworks/R.framework/Resources/bin/R CMD check --install=check:ChemmineR.install-out.txt --library=/Library/Frameworks/R.framework/Resources/library --no-vignettes --timings ChemmineR_3.56.0.tar.gz
###
##############################################################################
##############################################################################
* using log directory ‘/Users/biocbuild/bbs-3.19-bioc/meat/ChemmineR.Rcheck’
* using R version 4.4.1 (2024-06-14)
* using platform: x86_64-apple-darwin20
* R was compiled by
    Apple clang version 14.0.0 (clang-1400.0.29.202)
    GNU Fortran (GCC) 12.2.0
* running under: macOS Monterey 12.7.6
* using session charset: UTF-8
* using option ‘--no-vignettes’
* checking for file ‘ChemmineR/DESCRIPTION’ ... OK
* checking extension type ... Package
* this is package ‘ChemmineR’ version ‘3.56.0’
* checking package namespace information ... OK
* checking package dependencies ... OK
* checking if this is a source package ... OK
* checking if there is a namespace ... OK
* checking for hidden files and directories ... OK
* checking for portable file names ... OK
* checking for sufficient/correct file permissions ... OK
* checking whether package ‘ChemmineR’ can be installed ... OK
* used C++ compiler: ‘Apple clang version 14.0.0 (clang-1400.0.29.202)’
* used SDK: ‘MacOSX11.3.sdk’
* checking installed package size ... OK
* checking package directory ... OK
* checking ‘build’ directory ... OK
* checking DESCRIPTION meta-information ... NOTE
Package listed in more than one of Depends, Imports, Suggests, Enhances:
  ‘png’
A package should be listed in only one of these fields.
* checking top-level files ... OK
* checking for left-over files ... OK
* checking index information ... OK
* checking package subdirectories ... OK
* checking code files for non-ASCII characters ... OK
* checking R files for syntax errors ... OK
* checking whether the package can be loaded ... OK
* checking whether the package can be loaded with stated dependencies ... OK
* checking whether the package can be unloaded cleanly ... OK
* checking whether the namespace can be loaded with stated dependencies ... OK
* checking whether the namespace can be unloaded cleanly ... OK
* checking whether startup messages can be suppressed ... OK
* checking dependencies in R code ... NOTE
'library' or 'require' calls in package code:
  ‘ChemmineDrugs’ ‘ChemmineOB’ ‘RPostgreSQL’ ‘RSQLite’ ‘fmcsR’ ‘png’
  ‘snow’
  Please use :: or requireNamespace() instead.
  See section 'Suggested packages' in the 'Writing R Extensions' manual.
Namespace in Imports field not imported from: ‘BiocGenerics’
  All declared Imports should be used.
* checking S3 generic/method consistency ... OK
* checking replacement functions ... OK
* checking foreign function calls ... OK
* checking R code for possible problems ... NOTE
Found the following possibly unsafe calls:
File ‘ChemmineR/R/sim.R’:
  unlockBinding(".progress_bar_int_cnt", environment(.progress_bar))
.data.frame.to.str: no visible global function definition for
  ‘write.table’
.data.frame.to.str: no visible binding for global variable ‘string’
.parseV3000: no visible binding for global variable ‘AW’
.rings: no visible global function definition for ‘combn’
DUD: no visible global function definition for ‘download.file’
DUD: no visible global function definition for ‘untar’
applyOptions: no visible global function definition for ‘convertFormat’
browseJob: no visible global function definition for ‘browseURL’
canonicalNumbering: no visible global function definition for
  ‘canonicalNumbering_OB’
canonicalNumberingOB: no visible global function definition for
  ‘canonicalNumbering_OB’
cluster.visualize: no visible global function definition for ‘rainbow’
cluster.visualize: no visible global function definition for ‘pdf’
cluster.visualize: no visible global function definition for
  ‘postscript’
cluster.visualize: no visible global function definition for ‘dev.off’
desc2fp: no visible global function definition for ‘data’
draw_sdf: no visible global function definition for ‘rgb’
draw_sdf: no visible global function definition for ‘fmcs’
exactMassOB: no visible global function definition for ‘exactMass_OB’
fingerprintOB: no visible global function definition for
  ‘fingerprint_OB’
getCompoundFeatures : <anonymous>: no visible global function
  definition for ‘write.table’
getCompounds: no visible global function definition for ‘str’
getDbConn: no visible global function definition for ‘error’
handle_segs: no visible binding for global variable ‘C1’
handle_segs: no visible binding for global variable ‘C2’
handle_segs: no visible binding for global variable ‘C1.1’
handle_segs: no visible binding for global variable ‘C2.1’
handle_text: no visible binding for global variable ‘C1’
handle_text: no visible binding for global variable ‘C2’
listCMTools: no visible global function definition for ‘read.table’
parBatchByIndex: no visible global function definition for
  ‘clusterExport’
parBatchByIndex: no visible global function definition for
  ‘clusterApplyLB’
postgresqlWriteTable: no visible global function definition for
  ‘postgresqlTableRef’
postgresqlWriteTable: no visible global function definition for
  ‘postgresqlQuoteId’
postgresqlWriteTable: no visible global function definition for
  ‘postgresqlpqExec’
postgresqlWriteTable: no visible global function definition for
  ‘postgresqlCopyInDataframe’
postgresqlWriteTable: no visible global function definition for
  ‘postgresqlgetResult’
propOB: no visible global function definition for ‘prop_OB’
read.AP: no visible global function definition for ‘read.delim’
sdf2OBMol: no visible global function definition for ‘forEachMol’
sdf2image: no visible global function definition for ‘convertToImage’
sdf2smiles: no visible global function definition for ‘convertFormat’
sdf2smilesOB: no visible global function definition for ‘convertFormat’
sdfStream: no visible global function definition for ‘write.table’
setPriorities: no visible global function definition for
  ‘clusterExport’
smartsSearchOB: no visible global function definition for
  ‘smartsSearch_OB’
smile2sdfFile: no visible global function definition for
  ‘convertFormatFile’
smiles2sdf: no visible global function definition for ‘convertFormat’
smiles2sdfOB: no visible global function definition for ‘convertFormat’
write.SMI: no visible global function definition for ‘write.table’
Undefined global functions or variables:
  AW C1 C1.1 C2 C2.1 browseURL canonicalNumbering_OB clusterApplyLB
  clusterExport combn convertFormat convertFormatFile convertToImage
  data dev.off download.file error exactMass_OB fingerprint_OB fmcs
  forEachMol pdf postgresqlCopyInDataframe postgresqlQuoteId
  postgresqlTableRef postgresqlgetResult postgresqlpqExec postscript
  prop_OB rainbow read.delim read.table rgb smartsSearch_OB str string
  untar write.table
Consider adding
  importFrom("grDevices", "dev.off", "pdf", "postscript", "rainbow",
             "rgb")
  importFrom("utils", "browseURL", "combn", "data", "download.file",
             "read.delim", "read.table", "str", "untar", "write.table")
to your NAMESPACE file.
* checking Rd files ... NOTE
checkRd: (-1) cmp.duplicated.Rd:29: Escaped LaTeX specials: \$
* checking Rd metadata ... OK
* checking Rd cross-references ... OK
* checking for missing documentation entries ... WARNING
Undocumented code objects:
  ‘sdfid<-’
Undocumented S4 methods:
  generic '$' and siglist '_p_Descriptors'
  generic '[' and siglist 'ExternalReferenceSwig'
  generic '[<-' and siglist 'ExternalReferenceSwig'
  generic 'coerce' and siglist 'ExternalReferenceSwig,character'
  generic 'length' and siglist 'SWIGArray'
  generic 'sdfid<-' and siglist 'SDFset'
All user-level objects in a package (including S4 classes and methods)
should have documentation entries.
See chapter ‘Writing R documentation files’ in the ‘Writing R
Extensions’ manual.
* checking for code/documentation mismatches ... OK
* checking Rd \usage sections ... OK
* checking Rd contents ... NOTE
Argument items with no description in Rd file 'cmp.search.Rd':
  ‘visualize’ ‘visualize.browse’ ‘visualize.query’
* checking for unstated dependencies in examples ... OK
* checking contents of ‘data’ directory ... OK
* checking data for non-ASCII characters ... OK
* checking data for ASCII and uncompressed saves ... OK
* checking line endings in C/C++/Fortran sources/headers ... OK
* checking line endings in Makefiles ... OK
* checking compilation flags in Makevars ... OK
* checking for GNU extensions in Makefiles ... OK
* checking for portable use of $(BLAS_LIBS) and $(LAPACK_LIBS) ... OK
* checking use of PKG_*FLAGS in Makefiles ... OK
* checking compiled code ... NOTE
Note: information on .o files is not available
File ‘/Library/Frameworks/R.framework/Versions/4.4-x86_64/Resources/library/ChemmineR/libs/ChemmineR.so’:
  Found ‘__ZNSt3__14cerrE’, possibly from ‘std::cerr’ (C++)
  Found ‘__ZNSt3__14coutE’, possibly from ‘std::cout’ (C++)
Compiled code should not call entry points which might terminate R nor
write to stdout/stderr instead of to the console, nor use Fortran I/O
nor system RNGs nor [v]sprintf. The detected symbols are linked into
the code but might come from libraries and not actually be called.
See ‘Writing portable packages’ in the ‘Writing R Extensions’ manual.
* checking files in ‘vignettes’ ... OK
* checking examples ... OK
Examples with CPU (user + system) or elapsed time > 5s
                     user system elapsed
addNewFeatures      7.144  0.414   8.741
loadSdf             6.603  0.096   7.263
findCompounds       6.356  0.068   7.299
getCompoundFeatures 6.037  0.065   7.047
* checking for unstated dependencies in ‘tests’ ... OK
* checking tests ...
  Running ‘runTests.R’
 OK
* checking for unstated dependencies in vignettes ... OK
* checking package vignettes ... OK
* checking running R code from vignettes ... SKIPPED
* checking re-building of vignette outputs ... SKIPPED
* checking PDF version of manual ... OK
* DONE
Status: 1 WARNING, 6 NOTEs
See
  ‘/Users/biocbuild/bbs-3.19-bioc/meat/ChemmineR.Rcheck/00check.log’
for details.
ChemmineR.Rcheck/00install.out
##############################################################################
##############################################################################
###
### Running command:
###
###   /Library/Frameworks/R.framework/Resources/bin/R CMD INSTALL ChemmineR
###
##############################################################################
##############################################################################
* installing to library ‘/Library/Frameworks/R.framework/Versions/4.4-x86_64/Resources/library’
* installing *source* package ‘ChemmineR’ ...
** using staged installation
** libs
using C++ compiler: ‘Apple clang version 14.0.0 (clang-1400.0.29.202)’
using SDK: ‘MacOSX11.3.sdk’
clang++ -arch x86_64 -std=gnu++17 -I"/Library/Frameworks/R.framework/Resources/include" -DNDEBUG  -I'/Library/Frameworks/R.framework/Versions/4.4-x86_64/Resources/library/Rcpp/include' -I'/Library/Frameworks/R.framework/Versions/4.4-x86_64/Resources/library/BH/include' -I/opt/R/x86_64/include   -DNO_MAIN -DNO_DEBUG -fPIC  -falign-functions=64 -Wall -g -O2   -c DisjointSets.cpp -o DisjointSets.o
clang++ -arch x86_64 -std=gnu++17 -I"/Library/Frameworks/R.framework/Resources/include" -DNDEBUG  -I'/Library/Frameworks/R.framework/Versions/4.4-x86_64/Resources/library/Rcpp/include' -I'/Library/Frameworks/R.framework/Versions/4.4-x86_64/Resources/library/BH/include' -I/opt/R/x86_64/include   -DNO_MAIN -DNO_DEBUG -fPIC  -falign-functions=64 -Wall -g -O2   -c cluster.cc -o cluster.o
cluster.cc:49:13: warning: unused function 'prepare_neighbors' [-Wunused-function]
void static prepare_neighbors(const char* nbr_file, int skip, int p)
            ^
1 warning generated.
clang++ -arch x86_64 -std=gnu++17 -I"/Library/Frameworks/R.framework/Resources/include" -DNDEBUG  -I'/Library/Frameworks/R.framework/Versions/4.4-x86_64/Resources/library/Rcpp/include' -I'/Library/Frameworks/R.framework/Versions/4.4-x86_64/Resources/library/BH/include' -I/opt/R/x86_64/include   -DNO_MAIN -DNO_DEBUG -fPIC  -falign-functions=64 -Wall -g -O2   -c cstrsplit.cc -o cstrsplit.o
clang++ -arch x86_64 -std=gnu++17 -I"/Library/Frameworks/R.framework/Resources/include" -DNDEBUG  -I'/Library/Frameworks/R.framework/Versions/4.4-x86_64/Resources/library/Rcpp/include' -I'/Library/Frameworks/R.framework/Versions/4.4-x86_64/Resources/library/BH/include' -I/opt/R/x86_64/include   -DNO_MAIN -DNO_DEBUG -fPIC  -falign-functions=64 -Wall -g -O2   -c desc.cc -o desc.o
clang++ -arch x86_64 -std=gnu++17 -I"/Library/Frameworks/R.framework/Resources/include" -DNDEBUG  -I'/Library/Frameworks/R.framework/Versions/4.4-x86_64/Resources/library/Rcpp/include' -I'/Library/Frameworks/R.framework/Versions/4.4-x86_64/Resources/library/BH/include' -I/opt/R/x86_64/include   -DNO_MAIN -DNO_DEBUG -fPIC  -falign-functions=64 -Wall -g -O2   -c fingerprints.cc -o fingerprints.o
clang++ -arch x86_64 -std=gnu++17 -I"/Library/Frameworks/R.framework/Resources/include" -DNDEBUG  -I'/Library/Frameworks/R.framework/Versions/4.4-x86_64/Resources/library/Rcpp/include' -I'/Library/Frameworks/R.framework/Versions/4.4-x86_64/Resources/library/BH/include' -I/opt/R/x86_64/include   -DNO_MAIN -DNO_DEBUG -fPIC  -falign-functions=64 -Wall -g -O2   -c formats.cc -o formats.o
clang++ -arch x86_64 -std=gnu++17 -I"/Library/Frameworks/R.framework/Resources/include" -DNDEBUG  -I'/Library/Frameworks/R.framework/Versions/4.4-x86_64/Resources/library/Rcpp/include' -I'/Library/Frameworks/R.framework/Versions/4.4-x86_64/Resources/library/BH/include' -I/opt/R/x86_64/include   -DNO_MAIN -DNO_DEBUG -fPIC  -falign-functions=64 -Wall -g -O2   -c molecule.cc -o molecule.o
clang++ -arch x86_64 -std=gnu++17 -I"/Library/Frameworks/R.framework/Resources/include" -DNDEBUG  -I'/Library/Frameworks/R.framework/Versions/4.4-x86_64/Resources/library/Rcpp/include' -I'/Library/Frameworks/R.framework/Versions/4.4-x86_64/Resources/library/BH/include' -I/opt/R/x86_64/include   -DNO_MAIN -DNO_DEBUG -fPIC  -falign-functions=64 -Wall -g -O2   -c r_wrap.cc -o r_wrap.o
clang++ -arch x86_64 -std=gnu++17 -I"/Library/Frameworks/R.framework/Resources/include" -DNDEBUG  -I'/Library/Frameworks/R.framework/Versions/4.4-x86_64/Resources/library/Rcpp/include' -I'/Library/Frameworks/R.framework/Versions/4.4-x86_64/Resources/library/BH/include' -I/opt/R/x86_64/include   -DNO_MAIN -DNO_DEBUG -fPIC  -falign-functions=64 -Wall -g -O2   -c script.cc -o script.o
clang++ -arch x86_64 -std=gnu++17 -I"/Library/Frameworks/R.framework/Resources/include" -DNDEBUG  -I'/Library/Frameworks/R.framework/Versions/4.4-x86_64/Resources/library/Rcpp/include' -I'/Library/Frameworks/R.framework/Versions/4.4-x86_64/Resources/library/BH/include' -I/opt/R/x86_64/include   -DNO_MAIN -DNO_DEBUG -fPIC  -falign-functions=64 -Wall -g -O2   -c similarity.cc -o similarity.o
clang++ -arch x86_64 -std=gnu++17 -dynamiclib -Wl,-headerpad_max_install_names -undefined dynamic_lookup -L/Library/Frameworks/R.framework/Resources/lib -L/opt/R/x86_64/lib -o ChemmineR.so DisjointSets.o cluster.o cstrsplit.o desc.o fingerprints.o formats.o molecule.o r_wrap.o script.o similarity.o -F/Library/Frameworks/R.framework/.. -framework R -Wl,-framework -Wl,CoreFoundation
installing to /Library/Frameworks/R.framework/Versions/4.4-x86_64/Resources/library/00LOCK-ChemmineR/00new/ChemmineR/libs
** R
** data
** inst
** byte-compile and prepare package for lazy loading
** help
*** installing help indices
** building package indices
** installing vignettes
** testing if installed package can be loaded from temporary location
** checking absolute paths in shared objects and dynamic libraries
** testing if installed package can be loaded from final location
** testing if installed package keeps a record of temporary installation path
* DONE (ChemmineR)
ChemmineR.Rcheck/tests/runTests.Rout
R version 4.4.1 (2024-06-14) -- "Race for Your Life"
Copyright (C) 2024 The R Foundation for Statistical Computing
Platform: x86_64-apple-darwin20
R is free software and comes with ABSOLUTELY NO WARRANTY.
You are welcome to redistribute it under certain conditions.
Type 'license()' or 'licence()' for distribution details.
R is a collaborative project with many contributors.
Type 'contributors()' for more information and
'citation()' on how to cite R or R packages in publications.
Type 'demo()' for some demos, 'help()' for on-line help, or
'help.start()' for an HTML browser interface to help.
Type 'q()' to quit R.
> BiocGenerics:::testPackage("ChemmineR")
======= testing fpset ===============================================
======= folding... 
Loading required package: RSQLite
[1] "createing db"
[1] "createing db"
[1] "loading first half, no features"
[1] "createing db"
[1] "loading first half,with features"
adding new features to existing compounds. This could take a while
[1] "loading incomplete features"
[1] "loading second half"
adding new features to existing compounds. This could take a while
[1] "done loading"
[1] "createing db"
adding new features to existing compounds. This could take a while
[1] "found 70  compounds"
[1] "found 20  compounds"
Timing stopped at: 0 0 0.001
Error in DEACTIVATED("local test") : local test
In addition: There were 13 warnings (use warnings() to see them)
Timing stopped at: 0 0 0.001
Error in DEACTIVATED("local test only") : local test only
found 100 ids
  [1] 201 202 203 204 205 206 207 208 209 210 211 212 213 214 215 216 217 218
 [19] 219 220 221 222 223 224 225 226 227 228 229 230 231 232 233 234 235 236
 [37] 237 238 239 240 241 242 243 244 245 246 247 248 249 250 251 252 253 254
 [55] 255 256 257 258 259 260 261 262 263 264 265 266 267 268 269 270 271 272
 [73] 273 274 275 276 277 278 279 280 281 282 283 284 285 286 287 288 289 290
 [91] 291 292 293 294 295 296 297 298 299 300
starting parBatchByIndex
Loading required package: snow
 int [1:100] 201 202 203 204 205 206 207 208 209 210 ...
NULL
[1] "results:  parBench-sub-1,parBench-sub-2,parBench-sub-3,parBench-sub-4,parBench-sub-5,parBench-sub-6,parBench-sub-7,parBench-sub-8,parBench-sub-9,parBench-sub-10"
[1] "loading duplications"
loading 1 new compounds, updating 1 compounds
fetching features: 
Timing stopped at: 0 0 0.001
Error in DEACTIVATED("causing timeout on bioc, disabling for now") : 
  causing timeout on bioc, disabling for now
In addition: Warning messages:
1: In for (Cl in classes) if (is(object, Cl)) return(object) :
  closing unused connection 6 (<-localhost:11657)
2: In for (Cl in classes) if (is(object, Cl)) return(object) :
  closing unused connection 5 (<-localhost:11657)
3: In for (Cl in classes) if (is(object, Cl)) return(object) :
  closing unused connection 4 (<-localhost:11657)
test.formatConversions
Timing stopped at: 0.001 0 0
Error in DEACTIVATED("removed old version of function") : 
  removed old version of function
In addition: Warning message:
In for (i in seq_len(n)) { :
  closing unused connection 3 (/tmp/RtmpR7wmee/file13fe67abfc61a)
Timing stopped at: 0 0 0
Error in DEACTIVATED("just for manual testing") : just for manual testing
Timing stopped at: 0.001 0 0
Error in DEACTIVATED("requires local files") : requires local files
Timing stopped at: 0 0 0
Error in DEACTIVATED("fails on ubuntu 16.04") : fails on ubuntu 16.04
Timing stopped at: 0 0 0.001
Error in DEACTIVATED("Causes SSL protocol version error on BioC") : 
  Causes SSL protocol version error on BioC
[1] "rotable bonds: "
CMP1 CMP2 CMP3 CMP4 CMP5 
  24   20   14   30   10 
[1] "650001" "650002" "650003" "650004" "650005"
RUNIT TEST PROTOCOL -- Thu Oct 17 02:41:00 2024 
*********************************************** 
Number of test functions: 23 
Number of deactivated test functions: 8 
Number of errors: 0 
Number of failures: 0 
 
1 Test Suite : 
ChemmineR RUnit Tests - 23 test functions, 0 errors, 0 failures
Number of test functions: 23 
Number of deactivated test functions: 8 
Number of errors: 0 
Number of failures: 0 
> 
> proc.time()
   user  system elapsed 
 28.752   2.521  37.553 
ChemmineR.Rcheck/ChemmineR-Ex.timings
| name | user | system | elapsed | |
| AP-class | 0.598 | 0.358 | 1.075 | |
| APset-class | 0.706 | 0.365 | 1.217 | |
| ExtSDF-class | 0.001 | 0.001 | 0.003 | |
| FP-class | 0.100 | 0.015 | 0.128 | |
| FPset-class | 0.485 | 0.105 | 0.666 | |
| SDF-class | 0.097 | 0.031 | 0.145 | |
| SDF2apcmp | 0.037 | 0.003 | 0.045 | |
| SDFDataTable | 0.001 | 0.001 | 0.001 | |
| SDFset-class | 0.688 | 0.146 | 1.009 | |
| SDFset2SDF | 0.148 | 0.035 | 0.216 | |
| SDFset2list | 0.105 | 0.164 | 0.310 | |
| SDFstr-class | 0.536 | 0.022 | 0.626 | |
| SMI-class | 0.004 | 0.002 | 0.006 | |
| SMIset-class | 0.008 | 0.005 | 0.015 | |
| addDescriptorType | 0.000 | 0.001 | 0.001 | |
| addNewFeatures | 7.144 | 0.414 | 8.741 | |
| ap | 0.131 | 0.068 | 0.227 | |
| apfp | 0.005 | 0.003 | 0.008 | |
| apset | 0.007 | 0.004 | 0.012 | |
| apset2descdb | 0.536 | 0.352 | 0.996 | |
| atomblock | 0.167 | 0.076 | 0.280 | |
| atomcount | 0.350 | 0.019 | 0.410 | |
| atomprop | 0.005 | 0.003 | 0.011 | |
| atomsubset | 0.041 | 0.006 | 0.057 | |
| batchByIndex | 0.000 | 0.000 | 0.001 | |
| bondblock | 0.159 | 0.049 | 0.240 | |
| bonds | 0.050 | 0.009 | 0.067 | |
| browseJob | 0.000 | 0.001 | 0.001 | |
| bufferLines | 0 | 0 | 0 | |
| bufferResultSet | 0.001 | 0.000 | 0.002 | |
| byCluster | 1.257 | 0.056 | 1.503 | |
| canonicalNumbering | 0.001 | 0.001 | 0.001 | |
| canonicalize | 0.000 | 0.000 | 0.001 | |
| cid | 0.031 | 0.004 | 0.039 | |
| cluster.sizestat | 0.870 | 0.034 | 1.034 | |
| cluster.visualize | 1.070 | 0.031 | 1.232 | |
| cmp.cluster | 3.696 | 0.101 | 4.301 | |
| cmp.duplicated | 0.072 | 0.005 | 0.087 | |
| cmp.parse | 0.037 | 0.004 | 0.047 | |
| cmp.parse1 | 0 | 0 | 0 | |
| cmp.search | 1.088 | 0.043 | 1.285 | |
| cmp.similarity | 0.049 | 0.006 | 0.062 | |
| conMA | 0.103 | 0.051 | 0.177 | |
| connections | 0.397 | 0.010 | 0.457 | |
| datablock | 0.460 | 0.038 | 0.564 | |
| datablock2ma | 0.079 | 0.008 | 0.098 | |
| db.explain | 0.068 | 0.023 | 0.106 | |
| db.subset | 0.004 | 0.002 | 0.009 | |
| dbTransaction | 0.045 | 0.014 | 0.068 | |
| desc2fp | 0.136 | 0.009 | 0.162 | |
| draw_sdf | 1.041 | 0.062 | 2.276 | |
| exactMassOB | 0.000 | 0.000 | 0.001 | |
| findCompounds | 6.356 | 0.068 | 7.299 | |
| findCompoundsByName | 0.619 | 0.030 | 0.736 | |
| fingerprintOB | 0.000 | 0.000 | 0.001 | |
| fold | 0.002 | 0.000 | 0.002 | |
| foldCount | 0.002 | 0.001 | 0.002 | |
| fp2bit | 0.637 | 0.044 | 0.771 | |
| fpSim | 0.599 | 0.030 | 0.724 | |
| fptype | 0.001 | 0.000 | 0.002 | |
| fromNNMatrix | 1.206 | 0.028 | 1.402 | |
| genAPDescriptors | 0.026 | 0.003 | 0.031 | |
| genParameters | 0.764 | 0.010 | 0.877 | |
| generate3DCoords | 0.001 | 0.001 | 0.001 | |
| getAllCompoundIds | 0.603 | 0.028 | 0.713 | |
| getAtomAttr | 0.001 | 0.001 | 0.000 | |
| getBondAttr | 0.000 | 0.001 | 0.001 | |
| getCompoundFeatures | 6.037 | 0.065 | 7.047 | |
| getCompoundNames | 0.588 | 0.030 | 0.706 | |
| getCompounds | 0.630 | 0.032 | 0.751 | |
| getIds | 0.000 | 0.000 | 0.003 | |
| grepSDFset | 0.073 | 0.004 | 0.087 | |
| groups | 0.288 | 0.030 | 0.354 | |
| header | 0.153 | 0.019 | 0.197 | |
| initDb | 0.040 | 0.013 | 0.058 | |
| jarvisPatrick | 3.383 | 0.062 | 3.885 | |
| jobToken-class | 0.001 | 0.001 | 0.002 | |
| largestComponent | 0.000 | 0.000 | 0.001 | |
| launchCMTool | 0.000 | 0.001 | 0.001 | |
| listCMTools | 0.001 | 0.001 | 0.002 | |
| listFeatures | 0.662 | 0.029 | 0.767 | |
| loadSdf | 6.603 | 0.096 | 7.263 | |
| makeUnique | 0.025 | 0.003 | 0.030 | |
| maximallyDissimilar | 0.386 | 0.008 | 0.409 | |
| nearestNeighbors | 1.553 | 0.033 | 1.660 | |
| numBits | 0.001 | 0.001 | 0.002 | |
| obmol | 0.794 | 0.210 | 2.286 | |
| openBabelPlot | 0.001 | 0.001 | 0.002 | |
| parBatchByIndex | 0.000 | 0.001 | 0.002 | |
| plotStruc | 0.541 | 0.035 | 0.611 | |
| propOB | 0.001 | 0.000 | 0.001 | |
| pubchemCidToSDF | 0.000 | 0.001 | 0.001 | |
| pubchemFPencoding | 0.005 | 0.003 | 0.007 | |
| pubchemInchi2cid | 0.000 | 0.001 | 0.001 | |
| pubchemInchikey2sdf | 0.001 | 0.001 | 0.002 | |
| pubchemName2CID | 0 | 0 | 0 | |
| pubchemSDFSearch | 0.000 | 0.001 | 0.001 | |
| pubchemSmilesSearch | 0.000 | 0.000 | 0.001 | |
| read.AP | 0.025 | 0.004 | 0.035 | |
| read.SDFindex | 0.025 | 0.004 | 0.036 | |
| read.SDFset | 1.112 | 0.013 | 1.321 | |
| read.SDFstr | 1.592 | 0.014 | 1.837 | |
| read.SMIset | 0.002 | 0.003 | 0.005 | |
| regenerateCoords | 0.000 | 0.001 | 0.001 | |
| result | 0.001 | 0.001 | 0.002 | |
| rings | 1.499 | 0.034 | 1.755 | |
| sdf.subset | 0.000 | 0.000 | 0.001 | |
| sdf.visualize | 0.026 | 0.003 | 0.033 | |
| sdf2ap | 0.561 | 0.534 | 1.238 | |
| sdf2list | 0.045 | 0.075 | 0.131 | |
| sdf2smiles | 0.001 | 0.000 | 0.001 | |
| sdf2str | 0.045 | 0.025 | 0.077 | |
| sdfStream | 0.026 | 0.004 | 0.035 | |
| sdfid | 0.029 | 0.004 | 0.037 | |
| sdfsample | 0.067 | 0.019 | 0.101 | |
| sdfstr2list | 1.319 | 1.596 | 3.277 | |
| searchSim | 0.000 | 0.001 | 0.001 | |
| searchString | 0.000 | 0.000 | 0.001 | |
| selectInBatches | 0.001 | 0.000 | 0.002 | |
| setPriorities | 0.000 | 0.001 | 0.001 | |
| smartsSearchOB | 0.000 | 0.001 | 0.001 | |
| smiles2sdf | 0.001 | 0.000 | 0.001 | |
| smisample | 0.004 | 0.003 | 0.010 | |
| status | 0 | 0 | 0 | |
| toolDetails | 0.000 | 0.001 | 0.001 | |
| trimNeighbors | 2.131 | 0.024 | 2.449 | |
| validSDF | 0.034 | 0.003 | 0.043 | |
| view | 0.077 | 0.018 | 0.117 | |
| write.SDF | 0.316 | 0.016 | 0.382 | |
| write.SDFsplit | 0.025 | 0.003 | 0.032 | |
| write.SMI | 0.002 | 0.002 | 0.004 | |